Odaberi godišnji ili mjesečni izvještaj
V/Λ2018 > Sij Velj Ožu Tra Svi Lip Srp Kol Ruj Lis Stu Pro V/Λ2017 > Sij Velj Ožu Tra Svi Lip Srp Kol Ruj Lis Stu Pro V/Λ2016 > Sij Velj Ožu Tra Svi Lip Srp Kol Ruj Lis Stu Pro V/Λ2015 > Sij Velj Ožu Tra Svi Lip Srp Kol Ruj Lis Stu Pro V/Λ2014 > Sij Velj Ožu Tra Svi Lip Srp Kol Ruj Lis Stu Pro

Izvještaj za 2014 Tra
                   Monthly Climatological Summary for tra 2014

Name: www.vrijemeusibeniku.com   City: Šibenik   State: Republika Hrvatska
Elevation: 80 m  Lat: N 43° 44' 13"   Lon: E 015° 54' 58"

                  Temperature (°C), Rain (mm), Wind Speed (km/h)

                                      Heat  Cool        Avg
    Mean                              Deg   Deg         Wind                 Dom
Day Temp  High   Time   Low    Time   Days  Days  Rain  Speed High   Time    Dir
----------------------------------------------------------------------------------
 1  15,0  23,5   11:51   8,8   05:42   4,1   0,8   0,0   4,3  33,8   15:12   WNW
 2  15,4  24,6   11:30   8,6   06:16   4,0   1,1   0,0   3,1  28,1   14:12   WSW
 3  15,8  21,6   10:19   9,4   06:18   3,1   0,5   0,0  13,1  42,1   20:03    SE
 4  16,9  21,3   15:09  12,0   22:37   1,6   0,2   1,0  27,4  69,1   10:46    SE
 5  15,8  23,4   11:40  10,9   03:23   3,2   0,7   6,7   8,3  50,8   08:20    SE
 6  17,9  27,9   12:47   9,7   06:30   2,3   1,9   0,0   9,5  43,9   23:43    NE
 7  19,0  25,9   15:42  13,8   23:48   1,0   1,7   0,0  21,3  51,5   08:44   NNE
 8  17,9  27,8   09:59  11,3   04:42   2,3   2,0   0,0   4,3  28,8   12:24   SSW
 9  13,6  19,3   16:25   9,3   11:37   4,7   0,0   5,7  15,0  59,4   18:55   NNE
10  13,8  20,4   12:19   8,5   04:37   4,6   0,1   0,0  12,7  49,0   14:25   NNW
11  13,9  19,5   15:30   9,8   06:13   4,4   0,0   0,0  17,1  61,9   03:55     N
12  13,1  22,9   09:32   7,4   03:38   5,3   0,2   2,1   6,9  38,2   14:00   SSW
13  14,6  21,9   09:27   7,5   06:07   4,1   0,4   0,0   6,1  36,4   14:25   WNW
14  16,2  25,3   09:33   8,9   05:43   3,1   1,1   0,0   6,5  29,2   23:19   SSW
15  11,8  15,8   16:16   7,5   06:11   6,3   0,0  11,9  22,8  64,1   02:39    NE
16  10,6  14,2   16:36   7,9   04:39   7,7   0,0   0,0  27,8  67,0   08:25     N
17   9,9  13,5   17:10   7,8   06:42   8,3   0,0   0,0  27,0  67,7   03:38     N
18  15,4  22,3   17:57   9,8   00:23   3,6   0,7   0,0  17,4  51,8   03:53     N
19  15,9  26,8   09:15   9,9   06:31   3,1   0,7   0,0   8,9  33,8   18:00     S
20  15,4  22,7   18:33  12,7   02:24   3,0   0,3   3,1  14,9  36,7   23:55    SE
21  16,3  20,1   13:45  14,3   01:29   2,1   0,1   7,3  22,6  58,0   16:21   ESE
22  18,7  26,8   09:02  13,8   05:58   1,5   1,9   0,0   6,0  33,8   00:10   SSW
23  16,2  18,1   09:49  14,4   00:43   2,1   0,0   1,5  11,6  33,5   23:39   NNE
24  17,8  20,4   12:45  14,9   04:15   1,0   0,4   0,0  16,4  43,9   11:34   NNE
25  19,0  25,8   12:00  15,6   21:20   1,0   1,7   0,0   9,5  33,8   13:21   ENE
26  17,4  27,4   13:18  14,4   05:52   1,7   0,8   8,3   1,5  15,1   03:08   SSE
27  17,4  20,5   16:22  15,2   02:05   1,3   0,5   0,5  12,3  43,2   09:47   SSE
28  16,7  20,9   18:33  13,5   06:48   2,0   0,4   2,6  15,8  40,7   14:22    SE
29  16,1  20,2   13:05  13,4   05:54   2,4   0,1   3,1   9,4  38,9   10:15   SSE
30  17,0  20,6   14:25  12,9   06:04   1,8   0,5   0,0   4,9  34,2   14:26    SW
----------------------------------------------------------------------------------
    15,7  27,9     6     7,4    12    96,7  18,8  53,8  12,9  69,1     4     ENE

Max >=  30,0:  0
Max <=   0,0:  0
Min <=   0,0:  0
Min <= -10,0:  0
Max Rain: 11,9 on day 15
Days of Rain: 30 (>= 0,0 mm)  8 (>= 2,2 mm)  0 (>= 70,0 mm)
Heat Base: 18,3  Cool Base: 18,3  Method: Integration