Odaberi godišnji ili mjesečni izvještaj
V/Λ2018 > Sij Velj Ožu Tra Svi Lip Srp Kol Ruj Lis Stu Pro V/Λ2017 > Sij Velj Ožu Tra Svi Lip Srp Kol Ruj Lis Stu Pro V/Λ2016 > Sij Velj Ožu Tra Svi Lip Srp Kol Ruj Lis Stu Pro V/Λ2015 > Sij Velj Ožu Tra Svi Lip Srp Kol Ruj Lis Stu Pro V/Λ2014 > Sij Velj Ožu Tra Svi Lip Srp Kol Ruj Lis Stu Pro

Izvještaj za 2014 Lip
                   Monthly Climatological Summary for lip 2014

Name: www.vrijemeusibeniku.com   City: Šibenik   State: Republika Hrvatska
Elevation: 80 m  Lat: N 43° 44' 13"   Lon: E 015° 54' 58"

                  Temperature (°C), Rain (mm), Wind Speed (km/h)

                                      Heat  Cool        Avg
    Mean                              Deg   Deg         Wind                 Dom
Day Temp  High   Time   Low    Time   Days  Days  Rain  Speed High   Time    Dir
----------------------------------------------------------------------------------
 1  18,1  22,4   15:32  14,1   04:27   1,3   1,1   0,0  18,8  46,8   07:30   NNE
 2  19,4  23,9   13:20  15,2   03:04   0,8   1,9   0,0  13,9  40,7   14:48     N
 3  21,2  27,1   09:14  16,1   04:51   0,4   3,2   0,0   9,9  40,3   15:17    NW
 4  21,7  26,1   09:47  17,3   05:17   0,1   3,5   0,0  10,6  43,6   17:09    NW
 5  21,7  26,4   12:20  16,8   06:15   0,2   3,6   0,0   5,7  37,8   14:18   WNW
 6  23,2  27,8   18:13  16,8   05:34   0,2   5,1   0,0   7,6  36,7   16:50   WNW
 7  25,6  32,2   11:27  18,6   05:47   0,0   7,3   0,0   6,9  36,0   15:53   WNW
 8  27,9  34,5   12:30  21,9   05:40   0,0   9,6   0,0   8,1  33,5   15:44   NNW
 9  29,0  34,6   10:40  24,2   05:27   0,0  10,7   0,0   6,4  33,8   16:28   WNW
10  29,5  34,8   10:29  25,1   05:03   0,0  11,2   0,0   5,7  29,5   16:52   WNW
11  29,5  34,6   10:11  24,2   03:38   0,0  11,1   0,0   4,7  29,9   17:28   WNW
12  28,4  34,7   18:28  23,2   04:49   0,0  10,1   0,0   8,7  54,7   22:13     N
13  28,6  34,2   10:58  23,8   04:16   0,0  10,3   0,0   9,1  40,0   00:00   WNW
14  22,6  25,0   08:50  19,3   10:40   0,0   4,3   4,7  12,9  41,0   07:45   ENE
15  22,0  27,8   14:39  19,1   04:14   0,0   3,7   0,0   7,1  35,3   13:53   ESE
16  20,8  27,0   10:19  16,1   04:05   0,5   3,0   1,6  12,5  33,1   17:02   ESE
17  20,7  26,5   16:44  17,4   05:37   0,0   2,4  33,7   7,6  32,8   14:15   ENE
18  19,8  26,3   16:32  16,5   05:13   0,3   1,8   6,7  10,4  36,4   18:43    NE
----------------------------------------------------------------------------------
    23,9  34,8    10    14,1     1     3,8 103,9  46,7   9,2  54,7    12       N

Max >=  30,0:  7
Max <=   0,0:  0
Min <=   0,0:  0
Min <= -10,0:  0
Max Rain: 33,7 on day 17
Days of Rain: 4 (>= 0,0 mm)  3 (>= 2,2 mm)  0 (>= 70,0 mm)
Heat Base: 18,3  Cool Base: 18,3  Method: Integration