Odaberi godišnji ili mjesečni izvještaj
V/Λ2018 > Sij Velj Ožu Tra Svi Lip Srp Kol Ruj Lis Stu Pro V/Λ2017 > Sij Velj Ožu Tra Svi Lip Srp Kol Ruj Lis Stu Pro V/Λ2016 > Sij Velj Ožu Tra Svi Lip Srp Kol Ruj Lis Stu Pro V/Λ2015 > Sij Velj Ožu Tra Svi Lip Srp Kol Ruj Lis Stu Pro V/Λ2014 > Sij Velj Ožu Tra Svi Lip Srp Kol Ruj Lis Stu Pro

Izvještaj za 2014 Stu
                   Monthly Climatological Summary for stu 2014

Name: www.vrijemeusibeniku.com   City: Šibenik   State: Republika Hrvatska
Elevation: 80 m  Lat: N 43° 44' 13"   Lon: E 015° 54' 58"

                  Temperature (°C), Rain (mm), Wind Speed (km/h)

                                      Heat  Cool        Avg
    Mean                              Deg   Deg         Wind                 Dom
Day Temp  High   Time   Low    Time   Days  Days  Rain  Speed High   Time    Dir
----------------------------------------------------------------------------------
 4  23,5  25,6   12:33  22,2   06:34   0,0   3,8   0,0  ----  58,7   12:57    SE
 5  19,7  19,9   21:54  16,8   21:54   0,0   0,1   0,0  39,5  69,1   23:29   SSE
 6  20,2  21,3   14:05  19,4   03:22   0,0   1,9   0,0  34,3  80,3   02:22    SE
 7  19,1  20,9   11:19  17,8   05:52   0,0   0,8   7,8  32,0  72,4   14:02    SE
 8  17,7  20,2   13:40  15,8   22:56   0,9   0,3   0,0   8,3  31,7   07:44   ESE
 9  16,9  20,8   13:20  14,1   05:55   1,7   0,4   0,0   6,4  29,5   23:42   SSE
10  17,8  19,8   14:06  16,7   00:05   0,8   0,3   0,0  19,3  47,5   23:53   ESE
11  17,8  19,5   12:09  16,9   23:57   0,6   0,1   2,1  25,2  58,7   08:11    SE
12  16,8  17,8   02:19  15,1   18:09   1,5   0,0  60,6  23,6  58,0   13:10   ESE
13  16,0  18,0   13:16  14,2   20:51   2,3   0,0   1,0  10,7  41,8   21:29   ENE
14  15,2  18,4   12:31  12,7   23:59   3,1   0,0   0,0   8,3  47,5   01:07    NE
15  15,4  18,9   13:28  11,7   01:52   2,9   0,0   0,0  12,4  52,9   20:21    SE
16  17,0  19,3   12:30  15,4   21:29   1,5   0,1   5,7  14,0  54,4   00:03   SSE
17  14,9  17,6   12:32  11,8   05:39   3,4   0,0   6,7  15,9  61,9   23:30    SE
18  15,9  18,3   13:35  12,1   23:02   2,3   0,0  16,1  14,4  81,4   01:21   SSE
19  11,7  13,8   11:59   9,7   21:02   6,3   0,0   8,3  12,5  41,4   07:10   NNE
20  12,3  15,9   14:38   9,4   00:29   6,0   0,0   0,0  12,9  33,8   05:15    NE
21  11,2  15,4   13:38   7,9   07:19   7,1   0,0   0,0   6,2  32,4   22:03   NNE
22  10,8  15,0   14:00   7,9   06:50   7,5   0,0   0,0   3,4  21,2   14:25    NW
23  11,1  15,9   14:33   7,6   04:38   7,1   0,0   0,0   4,0  25,9   18:52   NNW
24  11,0  15,5   14:11   7,3   07:20   7,3   0,0   0,0   5,3  31,3   21:06   NNW
25  11,6  15,5   13:38   9,1   04:50   6,7   0,0   0,0  12,0  42,5   23:22    NE
26  10,1  11,4   09:53   8,1   04:30   8,2   0,0   0,5  16,1  43,9   04:48    NE
27  12,9  14,7   23:44  10,5   00:28   5,3   0,0   4,1  11,3  33,5   13:01   ESE
28  16,1  17,6   12:50  14,1   04:46   2,2   0,0   0,0  18,8  44,6   13:24    SE
29  18,0  20,3   12:58  16,2   23:56   0,7   0,4   0,0  13,0  35,6   03:08    SE
30  17,4  18,8   23:12  15,3   03:12   0,9   0,1   1,0  15,6 102,0   02:28    SE
----------------------------------------------------------------------------------
    15,5  25,6     4     7,3    24    86,3   8,3 113,9  14,3 102,0    30     ESE

Max >=  30,0:  0
Max <=   0,0:  0
Min <=   0,0:  0
Min <= -10,0:  0
Max Rain: 60,6 on day 12
Days of Rain: 11 (>= 0,0 mm)  7 (>= 2,2 mm)  0 (>= 70,0 mm)
Heat Base: 18,3  Cool Base: 18,3  Method: Integration