Odaberi godišnji ili mjesečni izvještaj
V/Λ2018 > Sij Velj Ožu Tra Svi Lip Srp Kol Ruj Lis Stu Pro V/Λ2017 > Sij Velj Ožu Tra Svi Lip Srp Kol Ruj Lis Stu Pro V/Λ2016 > Sij Velj Ožu Tra Svi Lip Srp Kol Ruj Lis Stu Pro V/Λ2015 > Sij Velj Ožu Tra Svi Lip Srp Kol Ruj Lis Stu Pro V/Λ2014 > Sij Velj Ožu Tra Svi Lip Srp Kol Ruj Lis Stu Pro

Izvještaj za 2014 Pro
                   Monthly Climatological Summary for pro 2014

Name: www.vrijemeusibeniku.com   City: Šibenik   State: Republika Hrvatska
Elevation: 80 m  Lat: N 43° 44' 13"   Lon: E 015° 54' 58"

                  Temperature (°C), Rain (mm), Wind Speed (km/h)

                                      Heat  Cool        Avg
    Mean                              Deg   Deg         Wind                 Dom
Day Temp  High   Time   Low    Time   Days  Days  Rain  Speed High   Time    Dir
----------------------------------------------------------------------------------
 1  17,8  19,3   02:52  14,4   13:37   0,7   0,2   1,6  22,2  73,8   01:10    SE
 2  15,2  18,4   11:44  10,9   21:26   3,1   0,0  10,9  14,9  44,6   22:33     E
 3  14,3  15,4   13:51  12,8   00:00   4,1   0,0   5,2  28,2  59,8   10:23     E
 4  14,6  17,3   09:59  12,1   13:15   3,7   0,0  55,4  19,0  43,9   05:54   ESE
 5  13,0  14,4   11:01  10,9   21:43   5,2   0,0  49,2  17,6  41,8   05:30     E
 6   9,9  12,3   00:05   8,8   20:20   8,4   0,0  15,5  26,1  50,4   20:07    NE
 7   9,8  13,1   13:17   8,3   06:22   8,6   0,0   0,0  23,8  45,7   23:53    NE
 8   9,7  12,1   12:13   8,4   01:54   8,6   0,0   0,0  30,1  59,0   08:08    NE
 9   8,6  11,1   12:14   7,3   22:09   9,7   0,0   0,0  34,7  85,3   20:52   NNE
10   6,9   9,3   13:37   5,6   04:31  11,4   0,0   0,0  24,2  69,5   02:39   NNE
11   8,2  11,9   14:16   5,5   05:07  10,1   0,0   0,0   5,1  34,6   05:24   NNE
12   9,1  13,0   15:14   5,9   05:32   9,6   0,0   0,0   7,1  34,6   02:47    NE
13  10,6  15,1   13:31   6,0   03:52   7,7   0,0   0,0   6,9  29,5   14:35    SE
14  12,5  16,0   13:33  10,2   03:56   5,7   0,0   0,0  11,7  31,3   11:24    SE
15  13,4  15,8   14:10  11,8   01:19   4,9   0,0   0,0  17,0  41,4   02:43   ESE
16  13,7  16,6   14:11  12,4   20:27   4,6   0,0   7,3  19,6  50,4   17:24   ESE
17  12,1  13,3   12:06  11,0   08:00   6,2   0,0   4,7   8,6  37,8   01:39     E
18  11,3  14,9   14:12   8,4   23:54   7,0   0,0   0,0   5,5  28,8   05:13     N
19  10,8  14,8   14:48   7,8   02:30   7,7   0,0   0,0   1,5  15,5   12:51   ENE
20  11,5  13,6   12:24   8,1   03:08   6,8   0,0   0,0   3,0  19,1   07:39   ESE
21  11,5  13,8   13:34   8,1   23:59   6,8   0,0   0,5  11,9  47,9   11:35    NE
22   9,6  14,1   14:12   5,9   03:30   8,7   0,0   0,0   3,4  15,5   18:13    SE
23  10,5  14,1   13:13   7,3   00:47   7,8   0,0   0,0   1,4  14,8   14:30   WNW
24  11,3  13,5   13:47   8,8   00:25   7,0   0,0   0,0   1,4  10,8   23:27   ESE
25  11,5  12,7   14:01   9,9   23:13   6,8   0,0   1,5   5,1  23,8   14:40     E
26   8,0  10,4   03:22   3,6   23:36  10,3   0,0   2,6  17,6  54,4   12:08   NNE
27   4,9   8,5   14:18   1,4   07:11  13,4   0,0   2,1  18,0  86,8   21:33   ESE
28   4,4   6,9   10:02   0,9   23:55  14,4   0,0  18,7  29,7  93,6   21:41    NE
29   0,2   2,4   13:31  -1,2   07:41  17,9   0,0   0,0  27,5  83,5   02:43     N
30  -1,9  -0,6   00:00  -4,1   23:46  20,1   0,0   0,0  34,1  82,8   16:22    NE
31  -2,2   0,5   13:22  -4,6   00:55  20,4   0,0   0,0  33,2  96,1   04:57    NE
----------------------------------------------------------------------------------
     9,7  19,3     1    -4,6    31   267,4   0,2 175,2  16,4  96,1    31     ENE

Max >=  30,0:  0
Max <=   0,0:  1
Min <=   0,0:  3
Min <= -10,0:  0
Max Rain: 55,4 on day 4
Days of Rain: 13 (>= 0,0 mm)  9 (>= 2,2 mm)  0 (>= 70,0 mm)
Heat Base: 18,3  Cool Base: 18,3  Method: Integration