Odaberi godišnji ili mjesečni izvještaj
V/Λ2018 > Sij Velj Ožu Tra Svi Lip Srp Kol Ruj Lis Stu Pro
V/Λ2017 > Sij Velj Ožu Tra Svi Lip Srp Kol Ruj Lis Stu Pro
V/Λ2016 > Sij Velj Ožu Tra Svi Lip Srp Kol Ruj Lis Stu Pro
V/Λ2015 > Sij Velj Ožu Tra Svi Lip Srp Kol Ruj Lis Stu Pro
V/Λ2014 > Sij Velj Ožu Tra Svi Lip Srp Kol Ruj Lis Stu Pro

Izvještaj za 2015
                   Annual Climatological Summary for 2015

Name: www.vrijemeusibeniku.com   City: Šibenik   State: Republika Hrvatska
Elevation: 80 m  Lat: N 43° 44' 13"   Lon: E 015° 54' 58"

                  Temperature (°C), Heat Base: 18,3  Cool Base: 18,3
                          Dep.  Heat  Cool                       Max  Max  Min  Min
        Mean  Mean        From  Deg   Deg                        >=   <=   <=   <=
 YR MO  Max   Min   Mean  Norm  Days  Days  Hi  Date  Low  Date 30,0  0,0  0,0 -10,0
------------------------------------------------------------------------------------
 15  1  11,4   5,5   8,4   1,5   304     0  15,6  17  -0,9    1    0    0    1    0
 15  2  11,6   5,1   8,1   0,7   285     0  15,3  16  -0,5    9    0    0    1    0
 15  3  14,7   8,1  11,2   1,2   219     0  20,3  27   4,4   21    0    0    0    0
 15  4  18,2  10,3  14,3   0,6   128     8  23,9  23   4,7    7    0    0    0    0
 15  5  24,5  15,9  20,3   1,9    26    83  29,3   5  11,8   23    0    0    0    0
 15  6  29,0  19,4  24,2   1,9     3   181  34,1   5  13,8   24   11    0    0    0
 15  7  33,6  23,4  28,8   3,7     0   325  37,5  22  18,5   31   29    0    0    0
 15  8  31,1  22,7  27,0   2,3     0   268  37,1  13  17,6   19   22    0    0    0
 15  9  26,0  18,7  22,1   1,5    14   128  34,5  18  14,4   29    7    0    0    0
 15 10  20,3  13,7  16,6   0,3    72    18  23,9   4   9,8   21    0    0    0    0
 15 11  16,0   8,5  12,1   0,3   188     1  21,2   7   3,1   25    0    0    0    0
 15 12  13,2   5,9   9,3   1,0   278     0  15,3   2   1,3   31    0    0    0    0
------------------------------------------------------------------------------------
        20,8  13,1  16,9   1,4  1521  1016  37,5 srp  -0,9  sij   69    0    2    0

                                Precipitation (mm)

              Dep.   Max        Days of Rain
              From   Obs.           >=
 YR MO Total  Norm   Day Date  0,0  2,2 70,0
---------------------------------------------
 15  1  63,7  -9,7  28,0  18    10    5    0
 15  2 125,0  66,3  30,1  24     9    7    0
 15  3  30,0 -32,3  11,4   5     6    4    0
 15  4  27,9 -34,9  14,5   5     5    2    0
 15  5  42,3  -6,1  25,7  22     6    5    0
 15  6  26,9 -25,0  17,6  24     6    3    0
 15  7  14,0 -15,5  11,9  23     2    1    0
 15  8  65,4  22,1  34,2  18     5    4    0
 15  9  48,3 -27,6  36,3  24     5    2    0
 15 10 315,5 231,8  70,5  10    11   10    1
 15 11  35,1 -76,0  17,6  21     5    3    0
 15 12   0,0 -94,9   0,0   0     0    0    0
---------------------------------------------
       794,1  -1,8  70,5  lis   70   46    1

                                Wind Speed (km/h)
                          Dom
 YR MO   Avg.  Hi   Date  Dir
------------------------------
 15  1  16,8  92,5   11   ENE
 15  2  18,9  85,7    6   ENE
 15  3  18,0  99,7    6   ENE
 15  4  14,2  70,2    6    NE
 15  5  11,5  77,4   15     E
 15  6  12,6  64,8   17   NNE
 15  7   8,2  65,9   31    NW
 15  8   8,7  63,0    6     N
 15  9  16,4  67,3   26    NE
 15 10  13,9  77,8   23   ENE
 15 11  10,4  83,2   27    NE
 15 12   6,1  59,8   30   NNE
------------------------------
        13,0  99,7  ožu    NE