Odaberi godišnji ili mjesečni izvještaj
V/Λ2018 > Sij Velj Ožu Tra Svi Lip Srp Kol Ruj Lis Stu Pro
V/Λ2017 > Sij Velj Ožu Tra Svi Lip Srp Kol Ruj Lis Stu Pro
V/Λ2016 > Sij Velj Ožu Tra Svi Lip Srp Kol Ruj Lis Stu Pro
V/Λ2015 > Sij Velj Ožu Tra Svi Lip Srp Kol Ruj Lis Stu Pro
V/Λ2014 > Sij Velj Ožu Tra Svi Lip Srp Kol Ruj Lis Stu Pro

Izvještaj za 2015 Sij
                   Monthly Climatological Summary for sij 2015

Name: www.vrijemeusibeniku.com   City: Šibenik   State: Republika Hrvatska
Elevation: 80 m  Lat: N 43° 44' 13"   Lon: E 015° 54' 58"

                  Temperature (°C), Rain (mm), Wind Speed (km/h)

                                      Heat  Cool        Avg
    Mean                              Deg   Deg         Wind                 Dom
Day Temp  High   Time   Low    Time   Days  Days  Rain  Speed High   Time    Dir
----------------------------------------------------------------------------------
 1   3,1   6,6   13:48  -0,9   03:35  15,6   0,0   0,0  ----  63,7   14:00   NNE
 2   8,0  12,9   14:55   4,8   03:20  10,3   0,0   0,0  ----  44,3   07:00   NNE
 3   9,1  12,3   14:40   4,6   07:57   7,2   0,0   0,0   3,8  20,9   19:37    SE
 4  10,6  13,4   11:55   6,8   23:36   7,7   0,0   0,0  16,7  52,6   18:32    NE
 5   6,4   8,1   15:15   3,8   08:24  11,8   0,0   0,0  18,7  69,1   09:34   NNE
 6   5,7   7,1   13:46   4,1   23:33  12,6   0,0   0,0  20,2  51,5   11:03   NNE
 7   5,8   8,9   14:40   1,9   07:04  12,5   0,0   0,0  11,6  56,9   02:07   ENE
 8   6,9   9,5   13:46   4,1   07:12  11,4   0,0   1,0   4,8  23,8   21:22   ESE
 9   9,1  10,9   12:04   7,6   05:27   9,2   0,0   0,0   9,7  28,1   07:04   ESE
10  10,4  13,8   14:08   7,7   03:30   7,9   0,0   0,0   5,7  32,4   23:59    SE
11   9,9  13,6   14:46   4,4   20:30   8,4   0,0   7,3  17,9  92,5   20:11     E
12   8,2  12,1   15:30   5,6   01:02  10,0   0,0   0,0   9,6  56,2   01:43   NNE
13   8,5  12,9   14:50   4,8   08:44   9,8   0,0   0,0   3,8  21,2   13:25   SSE
14   7,7  12,4   13:58   3,2   07:51  10,6   0,0   0,0   2,8  18,7   15:03     E
15  10,2  13,3   14:08   7,1   07:37   8,1   0,0   0,0   5,1  21,2   02:44    SE
16  11,5  14,6   14:04   8,4   05:54   6,8   0,0   0,0  15,5  48,6   20:14    SE
17  13,8  15,6   14:31  12,1   02:40   4,5   0,0   0,0  30,5  68,0   06:20    SE
18  10,1  14,2   00:00   8,1   23:37   8,1   0,0  28,0  13,0  41,8   01:56     E
19   9,4  12,3   13:20   7,6   23:46   8,9   0,0   0,5  12,2  36,7   04:16   NNE
20  10,5  12,6   15:13   7,6   00:00   7,8   0,0   9,8  15,3  46,4   13:20   ESE
21  11,5  14,7   14:52   9,8   05:40   6,8   0,0   2,1  14,0  42,1   22:59   ESE
22  11,6  14,5   12:04   9,5   23:32   6,7   0,0   0,5  24,7  52,6   15:01   ESE
23   9,8  11,1   13:51   8,6   11:24   8,5   0,0   3,1  22,1  52,6   22:49    NE
24   7,4   9,4   00:00   5,2   20:39  10,9   0,0   0,0  33,0  67,3   10:27   NNE
25   6,1   7,8   12:04   5,3   05:59  12,2   0,0   0,0  32,9  70,2   01:17   NNE
26   5,7   8,4   13:32   3,4   23:50  12,6   0,0   0,0  29,2  66,6   00:53   NNE
27   5,0   8,3   14:22   2,4   07:58  13,3   0,0   0,0  23,5  56,9   17:37   NNE
28   6,1   8,8   12:11   3,1   23:30  12,2   0,0   0,0  21,1  53,6   12:51   NNE
29   6,2   9,6   13:05   1,3   05:38  12,1   0,0   1,0  13,0  55,4   21:44    SE
30   9,7  14,0   13:33   3,9   21:28   8,6   0,0  10,4  29,0  90,7   22:21     S
31   7,2  11,1   13:52   3,9   05:12  11,1   0,0   0,0  20,1  68,0   00:00   ESE
----------------------------------------------------------------------------------
     8,4  15,6    17    -0,9     1   304,2   0,0  63,7  16,6  92,5    11     ENE

Max >=  30,0:  0
Max <=   0,0:  0
Min <=   0,0:  1
Min <= -10,0:  0
Max Rain: 28,0 on day 18
Days of Rain: 10 (>= 0,0 mm)  5 (>= 2,2 mm)  0 (>= 70,0 mm)
Heat Base: 18,3  Cool Base: 18,3  Method: Integration