Odaberi godišnji ili mjesečni izvještaj
V/Λ2018 > Sij Velj Ožu Tra Svi Lip Srp Kol Ruj Lis Stu Pro
V/Λ2017 > Sij Velj Ožu Tra Svi Lip Srp Kol Ruj Lis Stu Pro
V/Λ2016 > Sij Velj Ožu Tra Svi Lip Srp Kol Ruj Lis Stu Pro
V/Λ2015 > Sij Velj Ožu Tra Svi Lip Srp Kol Ruj Lis Stu Pro
V/Λ2014 > Sij Velj Ožu Tra Svi Lip Srp Kol Ruj Lis Stu Pro

Izvještaj za 2015 Velj
                   Monthly Climatological Summary for vlj 2015

Name: www.vrijemeusibeniku.com   City: Šibenik   State: Republika Hrvatska
Elevation: 80 m  Lat: N 43° 44' 13"   Lon: E 015° 54' 58"

                  Temperature (°C), Rain (mm), Wind Speed (km/h)

                                      Heat  Cool        Avg
    Mean                              Deg   Deg         Wind                 Dom
Day Temp  High   Time   Low    Time   Days  Days  Rain  Speed High   Time    Dir
----------------------------------------------------------------------------------
 1   6,2  10,3   12:53   4,2   21:41  12,1   0,0  18,7   7,1  31,7   00:00   ENE
 2   5,4   8,5   15:49   3,1   23:07  12,9   0,0   0,0  12,3  34,6   11:21    NE
 3   7,1  10,6   15:29   2,8   01:00  11,2   0,0   1,6  18,9  51,8   16:22   ESE
 4   8,9  11,9   12:59   6,7   06:09   9,4   0,0   9,8  20,4  59,0   01:36     E
 5  11,9  14,9   13:19   8,4   01:51   6,3   0,0   8,8  27,4  62,6   23:55     E
 6   7,0  10,8   00:20   3,5   20:59  11,3   0,0  16,6  34,1  85,7   03:02   ENE
 7   5,0   8,2   13:04   3,1   21:10  13,3   0,0   0,0  31,1  61,6   00:30    NE
 8   3,8   6,9   13:45   0,9   23:54  14,5   0,0   0,0  19,3  78,5   19:19   NNE
 9   1,9   3,9   23:40  -0,5   07:09  16,4   0,0   0,0  27,7  84,2   02:42   NNE
10   7,7  10,3   14:37   3,3   00:22  10,6   0,0   0,0  19,8  67,7   13:11     N
11   8,4  12,1   14:00   5,9   03:26   9,9   0,0   0,0  16,6  47,3   06:21   NNE
12   7,5  10,8   13:49   4,8   07:29  10,8   0,0   0,0  12,6  33,8   00:46   NNE
13   6,7  10,9   13:50   2,9   05:52  11,6   0,0   0,0   2,8  25,6   14:16    NW
14   7,3  10,9   15:47   4,1   01:19  11,3   0,0   0,0   3,9  17,6   21:23     E
15   9,6  14,0   15:15   5,9   02:39   8,7   0,0   0,0  19,9  44,6   08:52   ESE
16  11,2  15,3   15:21   8,6   22:57   7,1   0,0   0,0  18,2  38,9   09:43     E
17   9,1  14,2   13:50   5,1   23:51   9,2   0,0   0,0  22,7  53,6   17:36    NE
18   6,6  11,4   15:20   3,3   07:02  11,7   0,0   0,0  25,1  48,6   07:18    NE
19   6,7  10,6   15:37   2,9   06:53  11,6   0,0   0,0   5,2  29,9   16:01    NW
20   6,5  10,9   16:17   1,2   06:35  11,8   0,0   0,0   3,1  24,5   14:18   WNW
21   9,5  13,1   13:29   5,3   00:58   8,8   0,0   0,5  18,2  62,3   14:06    SE
22  11,3  12,5   13:04   9,6   06:14   7,0   0,0  28,0  29,9  72,4   11:27   ESE
23  11,8  14,4   14:05   9,9   06:39   6,5   0,0  10,9  19,9  49,3   11:21   ESE
24  10,6  13,2   10:35   8,9   21:13   7,8   0,0  30,1  14,0  54,7   20:57   ESE
25   9,9  11,4   11:51   8,6   07:28   8,4   0,0   0,0  32,1  71,3   10:21    NE
26  10,1  13,1   14:01   8,1   06:45   8,2   0,0   0,0  22,6  54,7   00:27    NE
27   9,4  13,6   13:01   6,8   06:12   8,9   0,0   0,0  23,2  48,6   04:32    NE
28  10,1  15,1   13:16   6,4   03:03   8,2   0,0   0,0  22,2  46,4   18:55    NE
----------------------------------------------------------------------------------
     8,1  15,3    16    -0,5     9   285,5   0,0 125,0  18,9  85,7     6     ENE

Max >=  30,0:  0
Max <=   0,0:  0
Min <=   0,0:  1
Min <= -10,0:  0
Max Rain: 30,1 on day 24
Days of Rain: 9 (>= 0,0 mm)  7 (>= 2,2 mm)  0 (>= 70,0 mm)
Heat Base: 18,3  Cool Base: 18,3  Method: Integration