Odaberi godišnji ili mjesečni izvještaj
V/Λ2018 > Sij Velj Ožu Tra Svi Lip Srp Kol Ruj Lis Stu Pro
V/Λ2017 > Sij Velj Ožu Tra Svi Lip Srp Kol Ruj Lis Stu Pro
V/Λ2016 > Sij Velj Ožu Tra Svi Lip Srp Kol Ruj Lis Stu Pro
V/Λ2015 > Sij Velj Ožu Tra Svi Lip Srp Kol Ruj Lis Stu Pro
V/Λ2014 > Sij Velj Ožu Tra Svi Lip Srp Kol Ruj Lis Stu Pro

Izvještaj za 2015 Tra
                   Monthly Climatological Summary for tra 2015

Name: www.vrijemeusibeniku.com   City: Šibenik   State: Republika Hrvatska
Elevation: 80 m  Lat: N 43° 44' 13"   Lon: E 015° 54' 58"

                  Temperature (°C), Rain (mm), Wind Speed (km/h)

                                      Heat  Cool        Avg
    Mean                              Deg   Deg         Wind                 Dom
Day Temp  High   Time   Low    Time   Days  Days  Rain  Speed High   Time    Dir
----------------------------------------------------------------------------------
 1  13,9  18,1   11:03  10,6   20:22   4,4   0,0   9,8  14,2  55,4   20:22    NE
 2  11,8  15,3   16:26   6,2   07:02   6,6   0,0   0,0  13,3  55,4   15:50   SSE
 3  11,4  14,1   15:49   8,8   23:40   6,9   0,0   0,0  19,6  63,4   04:55    NE
 4  10,4  14,1   13:33   7,3   05:48   7,9   0,0   0,0  18,3  51,1   23:27    SE
 5   8,2  10,8   13:52   4,9   02:11  10,1   0,0  14,5  23,7  66,6   01:28   ENE
 6   8,8  11,0   15:44   6,7   23:55   9,5   0,0   0,0  29,7  70,2   04:02   NNE
 7   7,2   9,4   18:52   4,7   04:55  11,1   0,0   0,0  24,6  60,5   10:58     N
 8   9,9  12,9   16:33   7,0   04:52   8,4   0,0   0,0  16,9  50,8   18:40     N
 9  13,2  17,9   17:39   9,3   00:00   5,1   0,0   0,0  14,6  48,6   15:49     N
10  13,1  16,3   15:44   8,1   06:51   5,2   0,0   0,0   6,5  36,0   14:30   SSW
11  13,1  16,6   13:46   8,3   05:20   5,2   0,0   0,0   6,7  41,4   14:18   SSW
12  14,6  19,4   17:51   9,0   05:19   3,8   0,1   0,0   4,0  28,4   13:03     W
13  17,4  21,2   12:12  12,9   06:30   1,6   0,8   0,0   4,6  32,0   15:37   WNW
14  17,6  22,8   12:33  11,3   05:42   1,9   1,3   0,0   6,8  28,4   20:43   NNE
15  17,8  21,2   12:48  13,8   05:59   1,2   0,7   0,0   8,9  33,8   14:16     N
16  17,7  22,4   17:22  11,5   05:25   1,8   1,2   0,0   9,3  38,2   14:11     S
17  17,0  21,4   13:25  15,0   08:03   1,6   0,3   0,0  12,1  42,5   10:56    SE
18  13,3  18,8   11:38   8,4   22:30   5,0   0,0   1,0  14,9  61,2   16:30    NE
19  12,4  17,4   15:51   8,8   06:25   5,9   0,0   0,0  20,1  55,4   21:20     N
20  13,6  17,7   17:36   8,6   04:54   4,7   0,0   0,0  19,3  47,2   01:28     N
21  16,5  21,1   16:46  12,1   04:49   2,4   0,6   0,0  15,1  44,3   11:25     N
22  17,1  21,5   13:57  10,4   06:31   2,1   0,9   0,0   6,9  39,6   14:46   WNW
23  18,6  23,9   16:57  13,1   03:24   1,2   1,5   0,0  11,2  47,2   23:52   SSE
24  17,1  19,4   15:12  14,3   23:30   1,3   0,1   0,0  24,4  58,0   08:59    SE
25  16,1  19,9   11:25  13,1   04:23   2,3   0,1   0,0  15,0  44,6   12:48   SSE
26  16,7  20,3   17:30  12,8   06:03   1,9   0,4   0,0   7,7  33,8   13:57   SSW
27  17,8  22,3   13:09  13,9   23:55   1,1   0,6   1,0  23,3  60,5   21:31    SE
28  15,5  19,6   13:18  12,8   23:46   2,8   0,0   1,6  14,4  58,3   03:11    SE
29  15,9  20,9   15:43  12,5   01:14   2,7   0,2   0,0  17,5  64,4   04:20   NNE
30  15,6  19,4   14:30  12,6   02:44   2,8   0,1   0,0   3,6  23,0   17:39    SW
----------------------------------------------------------------------------------
    14,3  23,9    23     4,7     7   128,5   8,9  27,9  14,2  70,2     6      NE

Max >=  30,0:  0
Max <=   0,0:  0
Min <=   0,0:  0
Min <= -10,0:  0
Max Rain: 14,5 on day 5
Days of Rain: 5 (>= 0,0 mm)  2 (>= 2,2 mm)  0 (>= 70,0 mm)
Heat Base: 18,3  Cool Base: 18,3  Method: Integration