Odaberi godišnji ili mjesečni izvještaj
V/Λ2018 > Sij Velj Ožu Tra Svi Lip Srp Kol Ruj Lis Stu Pro
V/Λ2017 > Sij Velj Ožu Tra Svi Lip Srp Kol Ruj Lis Stu Pro
V/Λ2016 > Sij Velj Ožu Tra Svi Lip Srp Kol Ruj Lis Stu Pro
V/Λ2015 > Sij Velj Ožu Tra Svi Lip Srp Kol Ruj Lis Stu Pro
V/Λ2014 > Sij Velj Ožu Tra Svi Lip Srp Kol Ruj Lis Stu Pro

Izvještaj za 2015 Svi
                   Monthly Climatological Summary for svi 2015

Name: www.vrijemeusibeniku.com   City: Šibenik   State: Republika Hrvatska
Elevation: 80 m  Lat: N 43° 44' 13"   Lon: E 015° 54' 58"

                  Temperature (°C), Rain (mm), Wind Speed (km/h)

                                      Heat  Cool        Avg
    Mean                              Deg   Deg         Wind                 Dom
Day Temp  High   Time   Low    Time   Days  Days  Rain  Speed High   Time    Dir
----------------------------------------------------------------------------------
 1  17,0  20,9   16:32  13,3   01:43   1,7   0,4   0,0  14,9  47,2   20:33   SSE
 2  17,2  22,1   13:50  14,3   04:17   1,8   0,7   4,7  10,2  36,7   00:06   SSE
 3  18,6  22,8   11:36  15,3   00:36   0,9   1,2   0,0   9,7  39,6   14:17   SSE
 4  19,6  24,5   14:24  16,3   04:25   0,5   1,9   0,0   2,0  20,9   12:28   WSW
 5  23,3  29,3   15:28  17,4   03:04   0,1   5,0   0,0   7,5  34,2   11:48   SSE
 6  22,9  27,1   14:10  19,8   19:08   0,0   4,6   0,0   8,3  35,3   02:14   ESE
 7  23,4  28,3   16:10  17,9   05:10   0,0   5,1   0,0  19,1  55,1   06:13   NNE
 8  22,3  26,9   09:01  18,4   04:14   0,0   4,0   0,0   5,7  35,3   00:08    SW
10  22,3  25,8   16:26  16,2   05:51   0,2   5,3   0,0  17,8  47,5   14:55     N
11  20,8  24,4   16:11  17,6   04:42   0,1   2,5   0,0  20,3  42,5   15:35   NNE
12  19,4  23,3   11:59  14,4   05:46   0,7   1,7   0,0   8,9  33,1   12:37   NNW
13  19,7  24,4   15:21  13,8   05:39   0,9   2,3   0,0   3,3  23,0   13:20   WSW
14  21,2  26,0   09:04  15,8   05:11   0,4   3,4   0,0   8,7  35,3   16:25   SSW
15  23,2  26,9   16:25  18,9   00:09   0,0   4,9   0,0  23,7  77,4   19:32   ESE
16  22,7  25,6   13:14  19,9   23:47   0,0   4,4   0,0  13,1  56,2   02:05   ESE
17  23,4  27,6   14:47  19,5   01:33   0,0   5,1   0,0  12,3  47,2   23:06   NNE
18  24,4  28,4   12:03  19,6   05:46   0,0   6,1   0,0   8,3  33,5   03:14     N
19  24,2  28,8   15:33  19,3   06:02   0,0   5,8   0,0   6,9  37,8   11:34   SSW
20  23,9  28,2   09:06  20,9   01:38   0,8   5,5   0,0  17,1  46,8   13:51   SSE
21  20,7  22,8   00:19  14,0   23:59   0,3   2,6   1,5  17,0  52,6   23:14   ESE
22  14,2  18,3   13:28  12,0   05:22   4,0   0,0  25,7  17,3  54,4   01:56    NE
23  16,5  20,5   18:45  11,8   00:32   2,0   0,2   3,6  18,6  49,7   06:34    SE
24  17,3  21,6   16:31  13,1   02:27   1,7   0,7   3,7   7,0  29,9   15:44   NNE
25  16,3  18,1   13:22  14,6   05:58   2,0   0,0   0,0  11,2  36,4   14:57    NE
26  18,7  23,8   09:17  14,1   21:46   1,3   1,7   3,1   8,5  34,9   15:32   NNW
27  17,6  20,8   15:37  12,7   19:49   2,9   0,3   0,0  22,1  63,2   12:45   NNE
28  16,8  20,4   17:57  13,7   04:40   1,8   0,4   0,0  20,3  46,8   07:59   NNE
29  18,9  23,5   19:17  13,2   02:07   1,3   1,9   0,0  10,5  33,5   16:35     N
30  20,3  26,4   09:25  13,3   04:34   0,8   2,8   0,0   4,3  26,3   14:28    SW
31  21,0  26,4   09:30  14,6   05:45   0,7   3,3   0,0   4,2  25,2   13:23    SW
----------------------------------------------------------------------------------
    20,3  29,3     5    11,8    23    26,9  83,8  42,3  11,6  77,4    15     ENE

Max >=  30,0:  0
Max <=   0,0:  0
Min <=   0,0:  0
Min <= -10,0:  0
Max Rain: 25,7 on day 22
Days of Rain: 6 (>= 0,0 mm)  5 (>= 2,2 mm)  0 (>= 70,0 mm)
Heat Base: 18,3  Cool Base: 18,3  Method: Integration