Odaberi godišnji ili mjesečni izvještaj
V/Λ2018 > Sij Velj Ožu Tra Svi Lip Srp Kol Ruj Lis Stu Pro
V/Λ2017 > Sij Velj Ožu Tra Svi Lip Srp Kol Ruj Lis Stu Pro
V/Λ2016 > Sij Velj Ožu Tra Svi Lip Srp Kol Ruj Lis Stu Pro
V/Λ2015 > Sij Velj Ožu Tra Svi Lip Srp Kol Ruj Lis Stu Pro
V/Λ2014 > Sij Velj Ožu Tra Svi Lip Srp Kol Ruj Lis Stu Pro

Izvještaj za 2015 Lip
                   Monthly Climatological Summary for lip 2015

Name: www.vrijemeusibeniku.com   City: Šibenik   State: Republika Hrvatska
Elevation: 80 m  Lat: N 43° 44' 13"   Lon: E 015° 54' 58"

                  Temperature (°C), Rain (mm), Wind Speed (km/h)

                                      Heat  Cool        Avg
    Mean                              Deg   Deg         Wind                 Dom
Day Temp  High   Time   Low    Time   Days  Days  Rain  Speed High   Time    Dir
----------------------------------------------------------------------------------
 1  22,5  27,9   09:05  15,9   05:08   0,3   4,5   0,0   3,8  27,7   15:49   WSW
 2  23,4  27,9   09:19  16,7   05:52   0,1   5,2   0,0   5,4  32,8   16:02   WNW
 3  25,2  31,0   09:32  18,1   05:12   0,0   7,0   0,0   4,2  32,0   15:27   WNW
 4  27,2  32,1   11:45  21,1   05:22   0,0   8,9   0,0   6,9  31,3   15:08     W
 5  28,8  34,1   16:33  24,5   05:21   0,0  10,5   0,0  20,1  45,4   07:16   NNE
 6  27,9  33,3   09:28  23,3   05:40   0,0   9,4   0,0   8,4  32,8   12:04     W
 7  27,3  32,2   09:02  23,4   05:25   0,0   9,2   0,0   6,7  35,6   14:39    SW
 8  25,8  31,5   09:03  22,5   03:20   0,0   7,5   0,0   7,3  32,0   12:45   SSW
 9  24,2  29,3   09:36  19,1   18:48   0,0   5,9   1,0   9,0  37,4   12:56     N
10  24,9  29,8   12:14  19,6   01:54   0,0   6,7   3,1   6,2  32,8   14:07   NNE
11  26,6  33,3   09:39  21,8   01:27   0,0   8,1   0,0   5,4  33,8   13:11    NW
12  26,4  31,1   08:48  20,8   05:35   0,0   8,1   0,0   5,5  33,8   13:16    SW
13  27,0  32,4   19:12  21,5   05:26   0,0   8,7   0,0   9,8  48,2   13:37     S
14  27,4  30,5   11:53  24,4   23:48   0,0   9,1   0,0  22,5  63,4   11:42    SE
15  25,4  29,8   07:59  22,3   06:01   0,0   7,1   0,0   5,7  34,9   13:26     W
16  24,9  28,1   08:29  20,8   05:16   0,0   6,6   0,0   6,3  41,8   13:43   WNW
17  20,1  22,9   00:00  17,2   08:46   0,1   1,9   2,6  24,5  64,8   12:04   NNE
18  21,2  25,9   18:46  16,7   05:41   0,2   3,1   0,0  20,3  52,2   07:33   NNE
19  22,9  26,8   09:04  18,1   04:47   0,0   4,6   0,0  10,5  45,4   23:03     N
20  20,9  25,7   11:06  16,3   22:47   0,2   2,8   2,1  13,9  54,0   00:40    NE
21  19,7  24,6   18:28  15,6   00:34   0,7   2,1   0,5  22,2  50,8   08:24   NNE
22  21,9  26,6   09:30  16,1   03:39   0,4   4,0   0,0  11,8  49,0   09:47   NNE
23  23,9  27,9   14:43  18,5   03:25   0,0   5,8   0,0  21,0  54,4   12:23   SSE
24  19,0  23,9   00:12  13,8   07:54   0,8   1,4  17,6  22,9  54,7   06:35    NE
25  21,6  27,4   18:18  15,1   04:29   0,6   3,8   0,0  12,2  51,8   15:42     N
26  22,1  26,2   17:57  17,5   05:57   0,0   3,8   0,0  18,7  51,8   12:49     N
27  24,2  28,9   14:22  18,9   03:53   0,0   5,9   0,0  14,2  37,4   15:25     N
28  24,1  28,3   15:01  20,2   06:30   0,0   5,8   0,0  19,3  47,9   18:35   NNE
29  25,0  29,6   14:46  20,3   04:41   0,0   6,7   0,0  15,8  36,7   08:02     N
----------------------------------------------------------------------------------
    24,2  34,1     5    13,8    24     3,4 174,2  26,9  12,5  64,8    17     NNE

Max >=  30,0: 10
Max <=   0,0:  0
Min <=   0,0:  0
Min <= -10,0:  0
Max Rain: 17,6 on day 24
Days of Rain: 6 (>= 0,0 mm)  3 (>= 2,2 mm)  0 (>= 70,0 mm)
Heat Base: 18,3  Cool Base: 18,3  Method: Integration