Odaberi godišnji ili mjesečni izvještaj
V/Λ2018 > Sij Velj Ožu Tra Svi Lip Srp Kol Ruj Lis Stu Pro
V/Λ2017 > Sij Velj Ožu Tra Svi Lip Srp Kol Ruj Lis Stu Pro
V/Λ2016 > Sij Velj Ožu Tra Svi Lip Srp Kol Ruj Lis Stu Pro
V/Λ2015 > Sij Velj Ožu Tra Svi Lip Srp Kol Ruj Lis Stu Pro
V/Λ2014 > Sij Velj Ožu Tra Svi Lip Srp Kol Ruj Lis Stu Pro

Izvještaj za 2015 Srp
                   Monthly Climatological Summary for srp 2015

Name: www.vrijemeusibeniku.com   City: Šibenik   State: Republika Hrvatska
Elevation: 80 m  Lat: N 43° 44' 13"   Lon: E 015° 54' 58"

                  Temperature (°C), Rain (mm), Wind Speed (km/h)

                                      Heat  Cool        Avg
    Mean                              Deg   Deg         Wind                 Dom
Day Temp  High   Time   Low    Time   Days  Days  Rain  Speed High   Time    Dir
----------------------------------------------------------------------------------
 1  25,6  30,2   12:43  21,8   02:36   0,0   7,2   0,0  12,9  36,0   12:49    NE
 2  26,7  32,2   09:42  21,0   03:31   0,0   8,4   0,0   5,6  31,0   14:43    SW
 3  28,6  33,3   09:02  22,1   04:04   0,0  10,2   0,0   7,7  36,0   12:36   WNW
 4  27,5  33,4   09:38  22,6   05:34   0,0   9,1   0,0   8,3  37,1   13:25   WNW
 5  28,3  32,9   09:39  23,1   02:49   0,0   9,9   0,0   5,1  29,9   11:26    SW
 6  28,4  34,3   09:40  22,2   05:20   0,0  10,1   0,0   4,1  32,4   15:29     W
 7  29,7  34,5   18:27  23,8   05:23   0,0  11,4   0,0   3,9  28,8   14:04    SW
 8  29,9  34,8   09:43  23,8   05:49   0,0  11,6   0,0   8,4  38,2   14:19   SSW
 9  27,9  31,4   17:13  24,6   23:51   0,0   9,6   0,0  27,5  53,6   06:17    NE
10  26,6  30,6   15:41  23,3   06:04   0,0   8,2   0,0  17,5  48,6   17:06     N
11  26,4  29,8   19:00  21,2   04:46   0,0   8,1   0,0   6,7  34,6   00:46   WNW
12  27,0  32,4   19:02  20,1   05:53   0,0   8,7   0,0   3,8  30,2   14:50     W
13  27,8  33,0   09:40  21,9   05:48   0,0   9,5   0,0   5,5  33,8   23:54   WSW
14  28,8  32,8   09:36  24,3   05:05   0,0  10,7   0,0  11,5  42,5   00:55   NNW
15  29,7  35,7   09:09  24,3   06:01   0,0  11,4   0,0   6,2  34,2   12:02    SW
16  30,0  34,9   09:43  23,8   05:58   0,0  11,7   0,0   4,0  26,3   13:30    SW
17  30,8  35,3   11:26  24,4   04:48   0,0  12,5   0,0   4,1  29,5   11:47   WNW
18  31,8  36,4   09:26  26,1   04:57   0,0  13,5   0,0   6,9  40,0   15:42   WNW
19  31,9  37,1   09:34  25,6   05:32   0,0  13,4   0,0   1,1  11,2   11:17     W
20  31,7  36,6   09:17  25,4   05:52   0,0  13,4   0,0   6,2  33,1   17:16   WNW
21  32,2  36,9   09:14  27,0   02:44   0,0  13,9   0,0   4,8  31,3   12:13     W
22  32,3  37,5   09:22  26,6   05:19   0,0  14,0   0,0   4,4  25,6   12:49   SSW
23  28,8  35,2   16:13  20,7   17:53   0,0  10,7  11,9   9,9  65,2   18:08   ESE
24  29,6  33,9   09:34  24,8   03:15   0,0  11,3   0,0   6,0  24,8   14:20   SSW
25  28,4  32,4   09:04  24,0   06:03   0,0  10,1   0,0   6,3  31,0   15:28   SSW
26  27,8  32,4   14:51  22,1   09:42   0,0   9,5   0,0   8,0  44,6   08:56     N
27  28,0  32,5   09:13  23,9   05:02   0,0   9,7   0,0   6,0  35,3   17:16   WSW
28  29,1  33,8   09:20  24,0   05:57   0,0  10,8   0,0   5,6  31,3   14:12   WNW
29  28,7  34,1   09:19  25,2   05:03   0,0  10,5   0,0   8,2  47,9   12:57   SSW
30  29,3  34,3   18:27  24,1   06:03   0,0  11,0   0,0   7,2  36,0   22:19    NW
31  23,7  26,9   17:06  18,5   08:48   0,0   5,3   2,1  26,8  65,9   09:42    NE
----------------------------------------------------------------------------------
    28,8  37,5    22    18,5    31     0,0 325,4  14,0   8,2  65,9    31      NW

Max >=  30,0: 29
Max <=   0,0:  0
Min <=   0,0:  0
Min <= -10,0:  0
Max Rain: 11,9 on day 23
Days of Rain: 2 (>= 0,0 mm)  1 (>= 2,2 mm)  0 (>= 70,0 mm)
Heat Base: 18,3  Cool Base: 18,3  Method: Integration