Odaberi godišnji ili mjesečni izvještaj
V/Λ2018 > Sij Velj Ožu Tra Svi Lip Srp Kol Ruj Lis Stu Pro
V/Λ2017 > Sij Velj Ožu Tra Svi Lip Srp Kol Ruj Lis Stu Pro
V/Λ2016 > Sij Velj Ožu Tra Svi Lip Srp Kol Ruj Lis Stu Pro
V/Λ2015 > Sij Velj Ožu Tra Svi Lip Srp Kol Ruj Lis Stu Pro
V/Λ2014 > Sij Velj Ožu Tra Svi Lip Srp Kol Ruj Lis Stu Pro

Izvještaj za 2015 Kol
                   Monthly Climatological Summary for kol 2015

Name: www.vrijemeusibeniku.com   City: Šibenik   State: Republika Hrvatska
Elevation: 80 m  Lat: N 43° 44' 13"   Lon: E 015° 54' 58"

                  Temperature (°C), Rain (mm), Wind Speed (km/h)

                                      Heat  Cool        Avg
    Mean                              Deg   Deg         Wind                 Dom
Day Temp  High   Time   Low    Time   Days  Days  Rain  Speed High   Time    Dir
----------------------------------------------------------------------------------
 1  25,6  30,1   16:17  20,3   03:16   0,0   7,3   0,0  14,5  45,0   00:14   NNE
 2  27,7  31,4   09:13  23,8   05:16   0,0   9,4   0,0   5,1  29,5   02:57    NW
 3  28,2  32,6   18:44  23,8   04:09   0,0   9,9   0,0   8,6  32,8   21:11   NNW
 4  28,8  31,9   11:25  25,8   06:10   0,0  10,5   0,0  14,2  42,8   14:32     N
 5  29,9  33,5   12:17  25,1   05:40   0,0  11,6   0,0   7,8  33,8   13:59    NW
 6  31,3  35,5   12:08  27,6   05:34   0,0  13,0   0,0  13,7  63,0   20:51     N
 7  31,5  35,9   09:09  26,9   06:06   0,0  13,1   0,0   7,5  34,2   21:05    SW
 8  30,7  34,7   14:45  26,4   04:56   0,0  12,6   0,0   7,6  34,6   20:01     N
 9  29,8  34,8   08:44  26,2   05:14   0,0  11,5   0,0   7,0  34,6   13:23   SSW
10  28,3  31,9   16:21  24,4   06:01   0,0  10,1   0,0   4,3  30,2   12:18   WSW
11  27,5  31,6   16:37  24,6   04:40   0,0   9,2   0,0   6,8  48,2   09:36   WSW
12  29,8  34,1   11:37  24,8   06:43   0,0  11,5   0,0   7,0  33,5   15:43   WNW
13  32,6  37,1   11:38  27,9   03:54   0,0  14,3   0,0   7,0  50,0   16:41    NW
14  31,1  35,4   09:05  26,8   04:34   0,0  12,8   0,0   5,6  31,7   12:44   SSW
15  28,4  31,5   10:06  25,0   06:19   0,0  10,1   0,0  10,0  42,8   15:06   SSW
16  23,1  28,4   09:17  18,6   18:03   0,0   4,9  19,2   8,0  33,1   01:25   ESE
17  22,6  26,6   18:47  18,8   05:31   0,0   4,3   4,2   6,8  35,3   15:44   SSW
18  23,8  27,8   16:04  18,2   04:01   0,0   5,5  34,2   9,5  51,1   02:59    SE
19  21,0  24,4   18:51  17,6   07:08   0,0   2,7   7,3   3,7  36,4   15:26   NNE
20  22,8  26,9   18:17  19,3   02:33   0,0   4,5   0,0  10,2  45,7   23:33     N
21  22,9  27,2   16:15  18,9   23:17   0,0   4,5   0,0  22,7  42,8   00:07   NNE
22  22,9  27,4   15:32  17,9   01:31   0,0   4,7   0,5  16,3  38,9   07:56   NNE
23  23,1  26,9   12:49  19,6   06:35   0,0   4,8   0,0  11,0  33,8   00:06     N
24  25,1  29,5   15:45  19,8   03:30   0,0   6,8   0,0  10,6  35,6   14:30    SE
25  27,1  30,3   11:52  23,6   23:58   0,0   8,7   0,0  14,5  43,2   14:34   SSE
26  25,9  30,3   13:51  22,2   05:29   0,0   7,6   0,0  12,8  49,3   03:12   NNE
27  26,3  30,2   14:06  21,9   05:22   0,0   8,0   0,0   3,7  32,8   01:07   WNW
28  26,2  30,6   12:54  21,3   06:17   0,0   7,9   0,0   3,3  24,8   15:09   WNW
29  26,4  31,0   15:44  20,4   06:17   0,0   8,1   0,0   3,0  23,8   13:44   WNW
30  28,1  32,3   15:40  23,4   04:32   0,0   9,8   0,0   3,2  27,4   14:07    SW
31  27,1  30,9   17:15  22,1   06:39   0,0   8,8   0,0   3,0  24,5   14:24    SW
----------------------------------------------------------------------------------
    27,0  37,1    13    17,6    19     0,0 268,5  65,4   8,7  63,0     6       N

Max >=  30,0: 22
Max <=   0,0:  0
Min <=   0,0:  0
Min <= -10,0:  0
Max Rain: 34,2 on day 18
Days of Rain: 5 (>= 0,0 mm)  4 (>= 2,2 mm)  0 (>= 70,0 mm)
Heat Base: 18,3  Cool Base: 18,3  Method: Integration