Odaberi godišnji ili mjesečni izvještaj
V/Λ2018 > Sij Velj Ožu Tra Svi Lip Srp Kol Ruj Lis Stu Pro
V/Λ2017 > Sij Velj Ožu Tra Svi Lip Srp Kol Ruj Lis Stu Pro
V/Λ2016 > Sij Velj Ožu Tra Svi Lip Srp Kol Ruj Lis Stu Pro
V/Λ2015 > Sij Velj Ožu Tra Svi Lip Srp Kol Ruj Lis Stu Pro
V/Λ2014 > Sij Velj Ožu Tra Svi Lip Srp Kol Ruj Lis Stu Pro

Izvještaj za 2015 Ruj
                   Monthly Climatological Summary for ruj 2015

Name: www.vrijemeusibeniku.com   City: Šibenik   State: Republika Hrvatska
Elevation: 80 m  Lat: N 43° 44' 13"   Lon: E 015° 54' 58"

                  Temperature (°C), Rain (mm), Wind Speed (km/h)

                                      Heat  Cool        Avg
    Mean                              Deg   Deg         Wind                 Dom
Day Temp  High   Time   Low    Time   Days  Days  Rain  Speed High   Time    Dir
----------------------------------------------------------------------------------
 1  27,2  31,1   10:42  21,8   06:39   0,0   8,9   0,0   4,4  30,2   12:24   SSW
 2  26,9  31,6   15:22  21,8   05:12   0,0   8,6   0,0   3,1  25,2   12:30   WSW
 3  26,3  30,2   16:13  21,9   05:54   0,0   7,9   0,0   3,1  25,2   12:41   WSW
 4  25,5  29,6   14:02  22,1   19:31   0,0   7,0   2,1   5,9  29,2   18:29     S
 5  23,2  26,4   13:21  20,7   16:34   0,0   4,8   5,7  10,0  54,0   08:42    SE
 6  21,5  25,4   14:07  18,3   06:36   0,0   3,2   0,0  14,1  39,6   23:38   NNE
 7  20,7  25,3   15:24  17,3   06:33   0,2   2,5   0,0  21,0  41,8   03:41   NNE
 8  20,1  25,3   17:17  16,1   06:17   0,6   2,4   0,0  18,7  35,6   00:52    NE
 9  19,8  23,8   13:17  15,7   06:17   0,5   2,1   0,0  25,7  42,5   22:00    NE
10  20,8  25,5   15:23  17,1   23:53   0,0   2,5   0,0  21,8  40,7   15:55   NNE
11  19,4  22,9   13:09  16,3   06:24   0,5   1,7   0,0  11,7  32,4   05:01     N
12  20,3  24,5   14:24  15,5   06:58   0,6   2,5   0,0   4,7  31,0   15:22   WNW
13  21,8  26,8   14:41  16,5   06:07   0,3   3,8   0,0   4,1  19,8   13:19   SSW
14  25,3  28,3   16:06  22,1   01:36   0,0   7,0   0,0  27,3  55,8   12:56    SE
15  25,9  28,5   14:38  24,2   06:38   0,0   7,6   0,0  26,0  53,3   11:59    SE
16  27,6  30,9   15:41  24,7   00:00   0,0   9,3   0,0  26,3  47,2   13:23    SE
17  30,2  33,9   13:47  26,4   06:51   0,0  11,9   0,0  23,9  48,2   14:06    SE
18  30,2  34,5   12:49  25,9   22:43   0,0  11,9   0,0  12,2  36,4   10:50    SE
19  27,1  31,3   16:43  22,9   06:57   0,0   8,7   0,0   6,3  32,4   14:53   NNW
20  22,0  25,3   13:45  19,2   07:18   0,0   3,9   2,1  24,5  66,6   19:19   NNE
21  21,1  24,8   15:39  17,9   23:49   0,0   2,8   0,0  25,0  55,4   04:49   NNE
22  19,3  23,1   15:34  15,3   06:51   0,6   1,6   0,0   8,5  42,1   00:26     N
23  20,8  25,3   17:11  15,4   06:38   0,6   3,1   0,0  11,2  58,3   17:46   SSE
24  17,3  22,6   00:39  15,0   09:54   1,5   0,4  36,3  18,1  52,6   10:11   ENE
25  17,6  22,9   13:51  15,3   05:11   1,3   0,6   2,1  13,2  43,6   22:56   ENE
26  18,0  20,8   13:00  15,3   06:27   0,9   0,6   0,0  24,4  67,3   18:23   NNE
27  17,7  20,0   13:50  16,2   07:02   0,9   0,3   0,0  27,5  58,3   01:02   NNE
28  16,9  19,9   12:47  15,2   06:40   1,7   0,3   0,0  29,1  66,2   02:06   NNE
29  16,2  18,7   15:15  14,4   06:07   2,1   0,0   0,0  28,4  64,1   20:32   NNE
30  17,2  21,5   14:38  14,8   04:16   1,8   0,6   0,0  22,9  50,0   13:45   NNE
----------------------------------------------------------------------------------
    22,1  34,5    18    14,4    29    14,1 128,5  48,3  16,4  67,3    26      NE

Max >=  30,0:  7
Max <=   0,0:  0
Min <=   0,0:  0
Min <= -10,0:  0
Max Rain: 36,3 on day 24
Days of Rain: 5 (>= 0,0 mm)  2 (>= 2,2 mm)  0 (>= 70,0 mm)
Heat Base: 18,3  Cool Base: 18,3  Method: Integration