Odaberi godišnji ili mjesečni izvještaj
V/Λ2018 > Sij Velj Ožu Tra Svi Lip Srp Kol Ruj Lis Stu Pro
V/Λ2017 > Sij Velj Ožu Tra Svi Lip Srp Kol Ruj Lis Stu Pro
V/Λ2016 > Sij Velj Ožu Tra Svi Lip Srp Kol Ruj Lis Stu Pro
V/Λ2015 > Sij Velj Ožu Tra Svi Lip Srp Kol Ruj Lis Stu Pro
V/Λ2014 > Sij Velj Ožu Tra Svi Lip Srp Kol Ruj Lis Stu Pro

Izvještaj za 2015 Lis
                   Monthly Climatological Summary for lis 2015

Name: www.vrijemeusibeniku.com   City: Šibenik   State: Republika Hrvatska
Elevation: 80 m  Lat: N 43° 44' 13"   Lon: E 015° 54' 58"

                  Temperature (°C), Rain (mm), Wind Speed (km/h)

                                      Heat  Cool        Avg
    Mean                              Deg   Deg         Wind                 Dom
Day Temp  High   Time   Low    Time   Days  Days  Rain  Speed High   Time    Dir
----------------------------------------------------------------------------------
 1  18,1  23,3   14:42  14,9   00:36   1,3   1,1   0,0  15,0  38,5   19:20    NE
 2  19,7  23,6   17:18  16,3   03:15   0,5   2,0   0,0  10,0  33,1   23:58   ESE
 3  21,0  23,2   14:44  19,6   23:43   0,0   2,7   0,5  21,8  43,6   19:28   ESE
 4  19,9  23,9   12:21  17,3   02:26   0,1   1,7  29,5   8,9  36,0   14:42   SSE
 5  18,3  19,4   17:28  17,1   07:40   0,3   0,3  17,1   6,3  23,0   07:53   ESE
 6  18,9  23,8   14:34  16,9   03:48   0,6   1,2   6,2   4,1  24,5   23:31    SE
 7  17,4  20,9   11:26  16,4   08:20   1,1   0,2  13,5   6,5  33,1   21:02    NE
 8  19,0  22,9   14:20  16,4   04:32   0,5   1,2   0,0   6,8  34,6   23:43    NE
 9  18,9  23,3   14:40  16,1   05:18   0,6   1,2   0,0  11,0  32,8   00:55    NE
10  16,2  18,5   09:07  13,9   16:57   2,1   0,0  70,5  18,0  49,0   17:43    NE
11  14,1  17,0   00:00  11,8   23:52   4,2   0,0  25,9  22,6  54,5   08:53   NNE
12  14,2  19,1   14:42   9,9   07:07   4,2   0,1   0,0  13,8  44,3   01:25   NNE
13  17,9  21,2   13:22  13,3   01:23   1,3   0,9   0,0  17,2  55,1   23:02    SE
14  19,2  22,9   12:30  16,1   20:51   0,5   1,4  67,9  27,3  69,8   07:48    SE
15  20,2  22,1   16:33  18,1   09:50   0,0   1,9   2,6  26,1  63,4   14:57   SSE
16  17,7  20,3   13:03  14,8   23:59   1,1   0,5   0,0   9,1  35,3   13:31    NE
17  16,2  19,9   14:12  13,8   01:51   2,3   0,2   0,0   4,6  29,9   05:50   NNW
18  16,7  20,3   12:01  13,3   02:56   2,0   0,4   0,0   5,9  33,1   13:38     S
19  14,9  16,6   00:26  12,8   23:59   3,4   0,0  34,7  12,6  47,2   08:34    NE
20  12,8  16,3   14:26  10,4   06:33   5,5   0,0   0,0  24,5  49,0   04:30   NNE
21  13,0  18,1   15:08   9,8   04:14   5,3   0,0   0,0  11,0  42,5   20:01    NE
22  13,1  15,8   12:02  11,1   07:08   5,1   0,0   0,0  27,9  74,9   19:28   NNE
23  14,8  18,4   14:07  12,2   07:35   3,5   0,0   0,0  33,0  77,8   07:18   NNE
24  15,9  20,6   14:04  12,1   23:56   2,7   0,3   0,0  14,8  69,8   00:08   NNE
25  13,6  18,6   13:29   9,8   04:36   5,3   0,0   0,0   2,1  20,2   19:32    NW
26  14,7  20,4   12:39  10,1   05:53   3,8   0,2   0,0   1,3  15,1   13:49     W
27  14,7  19,4   14:01  10,9   04:19   4,0   0,1   0,0   1,4  15,1   12:30   SSW
28  15,3  20,1   13:50  10,2   04:01   3,2   0,2   0,0   5,1  28,8   13:12   SSE
29  16,0  17,9   09:36  13,8   17:11   2,3   0,0  47,1  21,5  55,4   09:57     E
30  16,0  20,3   13:43  13,4   23:19   2,6   0,2   0,0  25,5  52,6   07:45    NE
31  15,4  19,7   12:11  12,8   05:54   3,1   0,2   0,0  16,4  48,2   19:11    NE
----------------------------------------------------------------------------------
    16,6  23,9     4     9,8    21    72,5  18,2 315,5  13,9  77,8    23     ENE

Max >=  30,0:  0
Max <=   0,0:  0
Min <=   0,0:  0
Min <= -10,0:  0
Max Rain: 70,5 on day 10
Days of Rain: 11 (>= 0,0 mm)  10 (>= 2,2 mm)  1 (>= 70,0 mm)
Heat Base: 18,3  Cool Base: 18,3  Method: Integration