Odaberi godišnji ili mjesečni izvještaj
V/Λ2018 > Sij Velj Ožu Tra Svi Lip Srp Kol Ruj Lis Stu Pro
V/Λ2017 > Sij Velj Ožu Tra Svi Lip Srp Kol Ruj Lis Stu Pro
V/Λ2016 > Sij Velj Ožu Tra Svi Lip Srp Kol Ruj Lis Stu Pro
V/Λ2015 > Sij Velj Ožu Tra Svi Lip Srp Kol Ruj Lis Stu Pro
V/Λ2014 > Sij Velj Ožu Tra Svi Lip Srp Kol Ruj Lis Stu Pro

Izvještaj za 2015 Stu
                   Monthly Climatological Summary for stu 2015

Name: www.vrijemeusibeniku.com   City: Šibenik   State: Republika Hrvatska
Elevation: 80 m  Lat: N 43° 44' 13"   Lon: E 015° 54' 58"

                  Temperature (°C), Rain (mm), Wind Speed (km/h)

                                      Heat  Cool        Avg
    Mean                              Deg   Deg         Wind                 Dom
Day Temp  High   Time   Low    Time   Days  Days  Rain  Speed High   Time    Dir
----------------------------------------------------------------------------------
 1  13,3  18,3   14:56  10,5   07:43   5,0   0,0   0,0  25,6  54,7   19:49    NE
 2  13,1  18,6   13:15   9,1   23:48   5,2   0,0   0,0   7,5  47,2   00:02   NNE
 3  11,6  17,6   15:01   6,2   06:26   6,7   0,0   0,0   3,1  24,5   13:56    NW
 4  12,3  18,3   14:10   7,3   07:01   5,9   0,0   0,0   3,6  23,4   16:49    NW
 5  13,7  19,9   15:13   9,1   06:17   4,6   0,1   0,0   3,1  24,8   14:34    NW
 6  14,9  18,4   14:28  10,2   05:57   3,4   0,0   0,0   6,9  41,0   23:44   NNE
 7  17,2  21,2   14:17  12,2   06:57   1,7   0,6   0,0   8,1  38,5   00:04    NE
 8  17,0  21,1   15:13  12,6   06:50   1,9   0,6   0,0   2,3  27,7   00:25    NW
 9  15,5  19,8   13:42  12,2   07:27   3,0   0,2   0,0   1,6  13,0   18:07    NW
10  13,9  17,8   13:59  10,9   02:23   4,4   0,0   0,0   1,7  15,5   10:37   NNW
11  14,4  18,9   13:25  10,9   07:18   3,9   0,1   0,0   1,3  10,8   07:23   WNW
12  12,9  17,5   15:24   9,0   06:54   5,4   0,0   0,0   1,1  14,8   12:33   WSW
13  14,1  18,2   12:40   9,6   05:12   4,2   0,0   0,0   1,1  11,9   12:31    NW
14  15,2  17,6   13:27  11,4   23:53   3,1   0,0   0,0   3,8  24,5   19:42   NNW
15  12,9  16,1   12:28  10,4   04:10   5,4   0,0   0,0   5,1  26,6   05:28     N
16  13,2  16,3   14:06  10,1   23:50   5,2   0,0   0,0   6,3  20,9   04:25     N
17  12,1  16,2   13:55   8,2   07:11   6,1   0,0   0,0   2,2  16,2   14:56    NW
18  14,0  17,3   11:48  11,6   00:00   4,3   0,0   0,0   4,4  20,9   06:34   NNE
19  13,6  17,2   14:21  10,4   03:24   4,7   0,0   0,0   2,2  20,5   07:27   ENE
20  15,2  17,8   12:43  12,8   05:06   3,3   0,0   0,0  11,3  34,6   15:22   SSE
21  13,9  17,8   09:15   6,6   20:59   4,4   0,0  17,6  24,2  63,7   22:35   ESE
22   8,6  12,5   13:48   5,3   18:57  10,8   0,0   7,7  23,8  50,0   18:01    NE
23   7,4  11,3   11:20   4,2   06:12  11,1   0,0   6,7  14,3  46,8   21:28   ENE
24   7,2   9,2   14:32   5,5   23:12  11,1   0,0   1,0  27,3  43,9   02:59    NE
25   5,6  10,9   14:00   3,1   22:52  12,6   0,0   0,0  18,9  53,6   19:34    NE
26   6,3   7,9   11:26   3,4   00:00  12,0   0,0   2,1  33,1  72,4   20:47    NE
27   7,3   8,5   15:08   5,5   23:55  11,0   0,0   0,0  36,8  83,2   05:31   NNE
28   7,2  10,9   14:32   5,0   07:52  11,1   0,0   0,0  20,5  42,5   04:53    NE
29   8,9  12,7   14:04   5,2   01:48   9,4   0,0   0,0   6,5  37,4   02:22   NNE
30  10,3  14,8   14:41   5,6   04:38   8,0   0,0   0,0   3,0  15,8   21:34   ESE
----------------------------------------------------------------------------------
    12,1  21,2     7     3,1    25   188,9   1,6  35,1  10,4  83,2    27      NE

Max >=  30,0:  0
Max <=   0,0:  0
Min <=   0,0:  0
Min <= -10,0:  0
Max Rain: 17,6 on day 21
Days of Rain: 5 (>= 0,0 mm)  3 (>= 2,2 mm)  0 (>= 70,0 mm)
Heat Base: 18,3  Cool Base: 18,3  Method: Integration