Odaberi godišnji ili mjesečni izvještaj
V/Λ2018 > Sij Velj Ožu Tra Svi Lip Srp Kol Ruj Lis Stu Pro
V/Λ2017 > Sij Velj Ožu Tra Svi Lip Srp Kol Ruj Lis Stu Pro
V/Λ2016 > Sij Velj Ožu Tra Svi Lip Srp Kol Ruj Lis Stu Pro
V/Λ2015 > Sij Velj Ožu Tra Svi Lip Srp Kol Ruj Lis Stu Pro
V/Λ2014 > Sij Velj Ožu Tra Svi Lip Srp Kol Ruj Lis Stu Pro

Izvještaj za 2015 Pro
                   Monthly Climatological Summary for pro 2015

Name: www.vrijemeusibeniku.com   City: Šibenik   State: Republika Hrvatska
Elevation: 80 m  Lat: N 43° 44' 13"   Lon: E 015° 54' 58"

                  Temperature (°C), Rain (mm), Wind Speed (km/h)

                                      Heat  Cool        Avg
    Mean                              Deg   Deg         Wind                 Dom
Day Temp  High   Time   Low    Time   Days  Days  Rain  Speed High   Time    Dir
----------------------------------------------------------------------------------
 1  11,9  15,0   14:27   8,9   23:53   6,4   0,0   0,0   4,5  22,7   01:18   ESE
 2  10,9  15,3   13:35   7,8   04:56   7,4   0,0   0,0   1,9  23,0   04:03    NW
 3  10,2  14,8   13:56   6,9   06:44   8,3   0,0   0,0   2,0  16,2   18:47   NNW
 4  11,1  13,6   14:49   8,1   00:00   7,2   0,0   0,0   4,1  23,0   23:39    NE
 5  11,2  14,4   15:13   8,5   06:26   7,1   0,0   0,0   5,8  30,6   03:41   NNE
 6  11,6  14,6   14:47   7,3   01:33   6,7   0,0   0,0   3,0  20,5   08:23   ESE
 7  10,1  13,9   12:48   6,9   07:14   8,3   0,0   0,0   3,5  23,4   14:27    NW
 8   9,3  12,8   14:22   5,8   05:37   9,3   0,0   0,0   8,8  29,0   07:55   NNE
 9   9,1  11,8   11:43   6,0   19:24   9,2   0,0   0,0  14,0  32,4   18:05    NE
10  10,1  11,6   11:38   7,3   00:00   9,4   0,0   0,0  22,5  59,8   07:06   NNE
11   8,9  12,9   14:04   6,1   23:48   9,2   0,0   0,0  13,5  45,7   00:57   NNE
12   7,7  12,8   14:35   3,5   06:03  10,5   0,0   0,0   3,3  22,7   18:36   NNW
13   8,7  12,1   13:34   4,6   04:59   9,6   0,0   0,0   1,3  15,8   06:03   ENE
14  10,2  14,4   14:06   7,3   23:53   8,1   0,0   0,0   2,2  15,8   13:43   NNW
15   9,0  13,6   14:03   4,9   07:37   9,3   0,0   0,0   5,2  32,0   22:12     N
16  10,0  15,2   14:39   4,8   06:51   8,3   0,0   0,0  10,0  33,8   15:09   NNE
17   8,9  12,5   14:02   5,8   23:45   9,4   0,0   0,0   3,8  31,7   00:42   NNE
18   8,1  13,2   15:10   3,8   05:32  10,2   0,0   0,0   2,8  18,7   14:44   NNW
19   9,2  14,2   14:35   5,3   04:16   9,1   0,0   0,0   2,2  22,0   21:03    NW
20  10,8  14,8   13:54   7,1   07:42   7,5   0,0   0,0   1,4  18,0   01:04   WSW
21  10,7  14,9   14:36   7,0   06:52   7,6   0,0   0,0   2,2  19,1   13:54     S
22  10,5  14,4   14:14   7,6   04:14   7,8   0,0   0,0   3,4  25,2   13:38   NNW
23  11,1  14,1   13:51   8,0   23:35   7,1   0,0   0,0   5,0  23,0   11:21   NNE
24  10,2  14,8   14:12   6,6   06:35   8,1   0,0   0,0   4,1  24,5   12:26     N
25   9,7  13,9   14:39   6,6   02:33   8,6   0,0   0,0   4,8  24,5   12:00   NNW
26   8,7  13,3   14:13   5,1   07:02   9,6   0,0   0,0   1,8  15,8   05:32    NW
27   7,3  11,8   14:23   4,8   07:44  11,0   0,0   0,0   3,9  25,6   05:08     N
28   6,2  10,4   15:01   3,9   22:36  12,1   0,0   0,0   7,0  26,3   01:57     N
29   6,5  11,4   14:59   2,9   03:31  11,8   0,0   0,0   6,0  24,8   07:13     N
30   7,3   9,5   12:47   3,6   23:44  11,2   0,0   0,0  29,9  59,8   13:37    NE
31   3,8   8,2   15:05   1,3   07:38  12,7   0,0   0,0   9,7  35,3   22:21    NE
----------------------------------------------------------------------------------
     9,3  15,3     2     1,3    31   278,1   0,0   0,0   6,1  59,8    10     NNE

Max >=  30,0:  0
Max <=   0,0:  0
Min <=   0,0:  0
Min <= -10,0:  0
Max Rain: 0,0 on day 0
Days of Rain: 0 (>= 0,0 mm)  0 (>= 2,2 mm)  0 (>= 70,0 mm)
Heat Base: 18,3  Cool Base: 18,3  Method: Integration