Odaberi godišnji ili mjesečni izvještaj
V/Λ2018 > Sij Velj Ožu Tra Svi Lip Srp Kol Ruj Lis Stu Pro
V/Λ2017 > Sij Velj Ožu Tra Svi Lip Srp Kol Ruj Lis Stu Pro
V/Λ2016 > Sij Velj Ožu Tra Svi Lip Srp Kol Ruj Lis Stu Pro
V/Λ2015 > Sij Velj Ožu Tra Svi Lip Srp Kol Ruj Lis Stu Pro
V/Λ2014 > Sij Velj Ožu Tra Svi Lip Srp Kol Ruj Lis Stu Pro

Izvještaj za 2016
                   Annual Climatological Summary for 2016

Name: www.vrijemeusibeniku.com   City: Šibenik   State: Republika Hrvatska
Elevation: 80 m  Lat: N 43° 44' 13"   Lon: E 015° 54' 58"

                  Temperature (°C), Heat Base: 18,3  Cool Base: 18,3
                          Dep.  Heat  Cool                       Max  Max  Min  Min
        Mean  Mean        From  Deg   Deg                        >=   <=   <=   <=
 YR MO  Max   Min   Mean  Norm  Days  Days  Hi  Date  Low  Date 30,0  0,0  0,0 -10,0
------------------------------------------------------------------------------------
 16  1  11,7   5,4   8,5   1,6   302     0  17,6  10  -2,1   19    0    0    2    0
 16  2  14,6   8,7  11,7   4,3   194     0  18,6  17   3,6    6    0    0    0    0
 16  3  14,9   8,5  11,5   1,5   216     0  21,0  31   4,4    3    0    0    0    0
 16  4  20,2  12,1  16,3   2,6    80    19  25,3  17   3,8   25    0    0    0    0
 16  5  22,4  14,7  18,8   0,4    38    55  28,7  29  10,7   18    0    0    0    0
 16  6  27,2  19,7  23,5   1,2     1   157  35,3  23  16,2    2    6    0    0    0
 16  7  30,8  22,4  26,9   1,8     0   267  33,8  12  16,8   15   25    0    0    0
 16  8  28,6  20,8  24,8   0,1     0   203  32,2   1  16,4   22   11    0    0    0
 16  9  25,7  18,6  22,0   1,4     8   119  31,9   2  14,1   29    2    0    0    0
 16 10  19,5  12,9  15,9  -0,4    88    15  23,1  25   8,8   10    0    0    0    0
 16 11  15,4  10,0  12,6   0,8   174     2  21,2   6   2,4   15    0    0    0    0
 16 12  12,6   5,7   8,9   0,6   292     0  16,9  23   1,8   29    0    0    0    0
------------------------------------------------------------------------------------
        20,3  13,3  16,8   1,3  1396   840  35,3 lip  -2,1  sij   44    0    2    0

                                Precipitation (mm)

              Dep.   Max        Days of Rain
              From   Obs.           >=
 YR MO Total  Norm   Day Date  0,0  2,2 70,0
---------------------------------------------
 16  1  63,5  -9,9  16,6   6    10    6    0
 16  2 111,1  52,4  23,8  18    14    9    0
 16  3  36,3 -26,0  11,9   3    10    5    0
 16  4  33,1 -29,7  12,4  24     7    4    0
 16  5  46,4  -2,0  19,2  12     8    5    0
 16  6  46,6  -5,3  21,8  13     7    3    0
 16  7   3,1 -26,4   2,6  25     2    1    0
 16  8  21,1 -22,2   9,8  22     6    3    0
 16  9  66,5  -9,4  28,0  18     7    5    0
 16 10 131,5  47,8  64,7  15    10    6    0
 16 11 147,5  36,4  54,9   8    10    6    0
 16 12   1,0 -93,9   1,0  12     1    0    0
---------------------------------------------
       707,7 -88,2  64,7  lis   92   53    0

                                Wind Speed (km/h)
                          Dom
 YR MO   Avg.  Hi   Date  Dir
------------------------------
 16  1  13,5  71,3    6   ENE
 16  2  16,3  90,0   29   ESE
 16  3  14,9  82,4    5   ENE
 16  4  13,0  75,6   19     E
 16  5  12,3  63,7   12     E
 16  6  10,5  88,2   16   ESE
 16  7  10,1  81,0   16   NNW
 16  8  11,7  79,9   22   NNE
 16  9  10,0  64,1   17    NE
 16 10  15,5  81,4   14    NE
 16 11  18,6  78,8   28     E
 16 12   9,7  65,5   28    NE
------------------------------
        13,0  90,0  vlj   ENE