Odaberi godišnji ili mjesečni izvještaj
V/Λ2018 > Sij Velj Ožu Tra Svi Lip Srp Kol Ruj Lis Stu Pro
V/Λ2017 > Sij Velj Ožu Tra Svi Lip Srp Kol Ruj Lis Stu Pro
V/Λ2016 > Sij Velj Ožu Tra Svi Lip Srp Kol Ruj Lis Stu Pro
V/Λ2015 > Sij Velj Ožu Tra Svi Lip Srp Kol Ruj Lis Stu Pro
V/Λ2014 > Sij Velj Ožu Tra Svi Lip Srp Kol Ruj Lis Stu Pro

Izvještaj za 2016 Sij
                   Monthly Climatological Summary for sij 2016

Name: www.vrijemeusibeniku.com   City: Šibenik   State: Republika Hrvatska
Elevation: 80 m  Lat: N 43° 44' 13"   Lon: E 015° 54' 58"

                  Temperature (°C), Rain (mm), Wind Speed (km/h)

                                      Heat  Cool        Avg
    Mean                              Deg   Deg         Wind                 Dom
Day Temp  High   Time   Low    Time   Days  Days  Rain  Speed High   Time    Dir
----------------------------------------------------------------------------------
 1   5,1   9,4   15:59   0,6   07:33  13,2   0,0   0,0   3,2  19,1   18:54   NNW
 2   8,1  10,6   23:27   4,6   04:34  10,0   0,0   1,0  14,9  39,2   23:42   ESE
 3   4,8  10,9   04:41   0,2   23:30  13,6   0,0  12,4  34,3  68,8   07:10    NE
 4   6,2   9,8   20:10   0,2   00:02  11,9   0,0  11,4  15,9  41,8   12:27     E
 5   9,5  13,1   13:52   6,6   04:44   8,7   0,0   6,2  10,7  33,5   16:59   ESE
 6   8,8  11,9   12:11   3,9   23:48   9,8   0,0  16,6  11,2  71,3   15:29    NE
 7   7,7  11,4   14:25   2,7   02:06  10,6   0,0   0,0  12,1  48,2   01:46     N
 8  10,7  13,2   23:32   7,8   00:00   7,6   0,0   0,0  21,9  46,8   16:44   ESE
 9  15,0  16,9   11:58  13,1   00:12   3,3   0,0   0,0  25,8  45,0   20:06    SE
10  15,3  17,6   14:08  13,6   07:04   3,0   0,0   4,1  14,8  40,3   04:14    SE
11  15,5  17,5   11:08  14,1   02:38   2,8   0,0   0,0  26,2  58,7   16:24   SSE
12  13,5  14,9   11:22  11,6   22:41   4,7   0,0   1,0  11,6  42,8   13:13   WNW
13  10,1  12,1   00:00   7,1   23:08   8,4   0,0   0,5   5,1  18,7   16:15     N
14   9,0  12,3   12:27   5,3   03:47   9,3   0,0   1,0  12,4  38,9   23:42    SE
15   9,1  11,8   07:10   5,9   22:57   9,2   0,0   9,3  22,2  49,7   06:49   ENE
16   5,8   8,2   12:09   3,5   23:58  12,5   0,0   0,0  24,8  60,5   21:56   NNE
17   3,1   5,3   12:29   1,4   23:53  15,1   0,0   0,0  27,8  61,2   00:24     N
18   0,3   2,6   14:49  -1,6   23:35  17,7   0,0   0,0  27,5  51,8   00:00     N
19   1,8   6,1   15:50  -2,1   08:59  16,5   0,0   0,0   4,1  20,9   20:54     E
20   5,3   9,1   14:14   2,1   00:11  13,0   0,0   0,0   3,6  26,6   02:51     E
21   6,3   9,2   15:02   3,8   23:54  12,0   0,0   0,0  12,2  35,3   16:59    NE
22   3,9   8,1   14:52   1,0   06:14  14,4   0,0   0,0  15,5  37,4   02:41    NE
23   4,8   8,1   13:02   0,4   07:28  13,4   0,0   0,0   6,1  26,6   20:01   NNE
24   8,2  12,4   13:23   4,4   04:13  10,0   0,0   0,0  12,2  29,5   00:27     N
25   7,9  11,6   13:50   4,5   06:46  10,4   0,0   0,0   2,8  22,0   12:27    NW
26   9,1  13,2   15:07   5,9   07:07   9,2   0,0   0,0   3,4  18,4   11:37   NNW
27  10,0  14,0   13:58   6,1   07:04   8,3   0,0   0,0   2,0  11,9   15:02   SSE
28  12,8  14,4   13:10  11,3   01:08   5,5   0,0   0,0   7,7  20,9   12:14   SSE
29  13,1  16,7   14:05   9,5   23:41   5,2   0,0   0,0   4,1  20,2   14:13   SSE
30  11,0  14,9   12:06   7,2   07:51   7,3   0,0   0,0   6,9  27,0   23:23   SSE
31  12,9  14,4   11:57  11,4   00:04   5,4   0,0   0,0  15,6  34,2   00:14   SSE
----------------------------------------------------------------------------------
     8,5  17,6    10    -2,1    19   302,0   0,0  63,5  13,5  71,3     6     ENE

Max >=  30,0:  0
Max <=   0,0:  0
Min <=   0,0:  2
Min <= -10,0:  0
Max Rain: 16,6 on day 6
Days of Rain: 10 (>= 0,0 mm)  6 (>= 2,2 mm)  0 (>= 70,0 mm)
Heat Base: 18,3  Cool Base: 18,3  Method: Integration