Odaberi godišnji ili mjesečni izvještaj
V/Λ2018 > Sij Velj Ožu Tra Svi Lip Srp Kol Ruj Lis Stu Pro
V/Λ2017 > Sij Velj Ožu Tra Svi Lip Srp Kol Ruj Lis Stu Pro
V/Λ2016 > Sij Velj Ožu Tra Svi Lip Srp Kol Ruj Lis Stu Pro
V/Λ2015 > Sij Velj Ožu Tra Svi Lip Srp Kol Ruj Lis Stu Pro
V/Λ2014 > Sij Velj Ožu Tra Svi Lip Srp Kol Ruj Lis Stu Pro

Izvještaj za 2016 Velj
                   Monthly Climatological Summary for vlj 2016

Name: www.vrijemeusibeniku.com   City: Šibenik   State: Republika Hrvatska
Elevation: 80 m  Lat: N 43° 44' 13"   Lon: E 015° 54' 58"

                  Temperature (°C), Rain (mm), Wind Speed (km/h)

                                      Heat  Cool        Avg
    Mean                              Deg   Deg         Wind                 Dom
Day Temp  High   Time   Low    Time   Days  Days  Rain  Speed High   Time    Dir
----------------------------------------------------------------------------------
 1  13,7  16,7   12:10  11,3   23:55   4,6   0,0   0,0   5,6  32,8   14:00   SSE
 2  12,5  17,3   14:38   9,1   03:46   5,8   0,0   0,0   1,7  14,8   23:53    NE
 3  13,5  15,3   10:52  11,6   01:18   4,8   0,0   1,0  10,1  29,2   12:46   SSE
 4   7,6  12,9   00:00   4,9   23:50  10,6   0,0   1,0  26,1  74,5   03:25   NNE
 5   7,3  10,3   12:54   4,9   00:00  11,0   0,0   0,0  13,9  38,5   13:18   NNE
 6   7,8  12,1   15:42   3,6   06:23  10,5   0,0   0,0   3,3  18,0   13:53     S
 7  10,2  12,6   13:28   7,0   02:35   8,1   0,0   0,0  22,8  60,8   15:30    SE
 8  13,4  15,5   13:46  11,9   03:37   4,9   0,0   0,0  24,0  51,1   10:59    SE
 9  14,0  16,2   12:09  12,3   06:37   4,3   0,0   0,0  23,4  73,8   20:04    SE
10  10,8  14,1   00:03   7,3   23:32   7,4   0,0  15,0  21,2  79,2   02:18     S
11   6,1   8,3   09:43   3,6   17:23  13,2   0,0  13,0  17,3  38,5   07:06     E
12   9,2  12,8   12:37   4,5   00:00  10,0   0,0   1,0  23,6  60,1   12:20    SE
13  11,1  12,6   15:30   8,9   08:21   7,2   0,0   6,7  17,2  59,4   04:23     S
14  14,4  16,9   16:04  11,4   00:25   3,9   0,0   5,2  24,1  64,4   16:04    SE
15  15,3  17,2   14:42  13,3   09:01   3,0   0,0   9,3  23,5  43,2   11:28   SSE
16  15,0  17,9   19:44  10,8   09:39   3,3   0,0   1,5  23,1  50,8   19:52   ENE
17  17,0  18,6   12:34  15,8   06:59   1,3   0,0   0,0  19,7  64,1   09:41    SE
18  13,5  16,3   00:00  10,2   23:47   4,8   0,0  23,8   9,8  49,7   10:31   SSE
19  11,3  13,6   12:30   9,6   05:36   7,0   0,0   0,0   6,9  34,6   13:47    NW
20   8,6  11,9   14:59   3,9   06:47   9,6   0,0  21,2  11,9  42,1   05:46     N
21   9,8  13,8   16:04   5,3   06:24   8,5   0,0   0,0   3,1  20,5   22:11   SSE
22  11,3  15,1   14:42   7,1   04:10   7,0   0,0   0,0   5,2  20,9   18:06   ESE
23  13,3  16,9   15:49  10,6   02:34   5,0   0,0   3,6  12,2  43,6   02:57   ESE
24  10,4  12,1   11:26   7,9   21:52   7,9   0,0   0,0  18,5  60,5   12:28    NE
25  12,0  14,4   15:50   8,1   00:15   6,3   0,0   0,0  16,8  39,2   11:01    SE
26   9,1  13,4   00:00   6,9   21:06   9,1   0,0   0,0  23,2  51,5   06:47    NE
27  11,1  14,7   15:29   6,3   00:46   7,2   0,0   0,0  19,2  45,7   13:38    SE
28  14,8  17,4   23:40  11,6   17:39   3,5   0,0   1,0  28,9  67,7   11:08    SE
29  14,2  17,4   00:00  11,8   05:19   4,8   0,0   7,8  19,2  90,0   02:12    SE
----------------------------------------------------------------------------------
    11,7  18,6    17     3,6     6   194,6   0,0 111,1  16,3  79,2    10     ESE

Max >=  30,0:  0
Max <=   0,0:  0
Min <=   0,0:  0
Min <= -10,0:  0
Max Rain: 23,8 on day 18
Days of Rain: 14 (>= 0,0 mm)  9 (>= 2,2 mm)  0 (>= 70,0 mm)
Heat Base: 18,3  Cool Base: 18,3  Method: Integration