Odaberi godišnji ili mjesečni izvještaj
V/Λ2018 > Sij Velj Ožu Tra Svi Lip Srp Kol Ruj Lis Stu Pro
V/Λ2017 > Sij Velj Ožu Tra Svi Lip Srp Kol Ruj Lis Stu Pro
V/Λ2016 > Sij Velj Ožu Tra Svi Lip Srp Kol Ruj Lis Stu Pro
V/Λ2015 > Sij Velj Ožu Tra Svi Lip Srp Kol Ruj Lis Stu Pro
V/Λ2014 > Sij Velj Ožu Tra Svi Lip Srp Kol Ruj Lis Stu Pro

Izvještaj za 2016 Ožu
                   Monthly Climatological Summary for ožu 2016

Name: www.vrijemeusibeniku.com   City: Šibenik   State: Republika Hrvatska
Elevation: 80 m  Lat: N 43° 44' 13"   Lon: E 015° 54' 58"

                  Temperature (°C), Rain (mm), Wind Speed (km/h)

                                      Heat  Cool        Avg
    Mean                              Deg   Deg         Wind                 Dom
Day Temp  High   Time   Low    Time   Days  Days  Rain  Speed High   Time    Dir
----------------------------------------------------------------------------------
 1  11,7  15,3   15:26   9,3   23:49   6,5   0,0   4,7  13,7  31,0   07:17   ESE
 2  10,8  14,3   12:34   7,9   07:25   7,4   0,0   0,0   8,8  31,0   02:43    NE
 3   8,9  11,9   07:59   4,4   11:40   9,4   0,0  11,9  15,9  57,2   10:08   ESE
 4   7,6  10,1   15:00   5,6   01:01  10,7   0,0   0,0  22,3  48,6   10:13   NNE
 5  10,6  13,9   14:01   5,7   02:00   7,7   0,0   0,0  24,6  82,4   23:19    SE
 6  12,8  16,2   14:24   9,9   06:27   5,5   0,0   5,2  13,5  61,9   00:50    SE
 7   9,8  13,6   09:54   6,8   23:49   8,5   0,0   2,1   8,3  34,6   11:45    NE
 8  10,5  14,4   13:40   6,8   00:00   7,8   0,0   0,0  15,5  36,7   23:04    SE
 9  11,6  15,6   11:03   8,8   04:08   6,7   0,0   0,0  14,7  43,2   20:12   ENE
10  10,9  15,0   12:37   8,5   19:02   7,4   0,0   1,0  15,0  43,9   03:18    NE
11  11,0  14,6   14:34   9,1   00:00   7,3   0,0   0,0  11,2  39,6   18:23    NE
12  12,1  16,1   14:35   9,1   05:30   6,2   0,0   0,0  22,2  47,9   11:52   NNE
13  12,4  14,5   12:11  11,1   18:40   5,9   0,0   0,0  19,4  51,5   17:40    NE
14  11,4  13,9   14:35   9,1   22:54   6,9   0,0   0,0  18,9  52,2   00:57   NNE
15   9,3  12,6   12:58   6,4   05:54   9,0   0,0   0,0  15,3  34,9   06:22   NNE
16   9,1  11,6   14:04   7,1   02:09   9,2   0,0   1,6  18,6  40,3   00:04   ENE
17  11,4  15,4   13:12   8,2   06:11   6,9   0,0   0,0   8,6  31,3   07:26     N
18  11,2  14,6   11:59   7,9   05:36   7,1   0,0   0,0   4,7  27,4   16:56   WNW
19  11,4  15,9   15:13   6,1   06:13   7,6   0,0   0,0   4,4  30,2   14:08   WNW
20  11,9  15,6   14:42   6,9   05:44   6,4   0,0   0,0   4,4  23,8   11:38   SSW
21  13,1  15,6   16:30  10,9   11:50   5,2   0,0   3,6  17,2  33,1   04:11   ESE
22  13,0  15,1   08:24   9,9   11:37   5,3   0,0   0,5  21,7  44,3   11:18   ENE
23  10,0  13,7   14:20   7,7   09:54   8,3   0,0   5,2  32,4  78,8   19:09    NE
24  10,3  13,1   13:11   8,3   23:58   8,0   0,0   0,0  25,0  61,2   06:15   NNE
25  10,2  14,1   13:01   6,7   06:02   8,1   0,0   0,0  13,7  34,6   14:03   NNW
26  11,2  14,1   13:24   9,1   23:13  11,4   0,0   0,0   8,4  27,4   13:45   NNW
27  11,9  15,6   13:40   7,8   05:47   6,1   0,0   0,0   6,9  31,0   15:03   WSW
28  12,9  16,1   14:54  10,3   04:46   5,4   0,0   0,5  11,4  32,8   18:36    SE
29  14,3  17,3   14:42  11,2   07:57   4,0   0,0   0,0   9,5  28,4   03:45   SSE
30  15,9  20,3   15:11  12,5   00:18   2,7   0,2   0,0  13,5  38,5   16:18   SSE
31  17,5  21,0   17:05  14,6   05:01   1,4   0,6   0,0  17,8  58,0   23:10    SE
----------------------------------------------------------------------------------
    11,5  21,0    31     4,4     3   216,0   0,8  36,3  14,9  82,4     5     ENE

Max >=  30,0:  0
Max <=   0,0:  0
Min <=   0,0:  0
Min <= -10,0:  0
Max Rain: 11,9 on day 3
Days of Rain: 10 (>= 0,0 mm)  5 (>= 2,2 mm)  0 (>= 70,0 mm)
Heat Base: 18,3  Cool Base: 18,3  Method: Integration