Odaberi godišnji ili mjesečni izvještaj
V/Λ2018 > Sij Velj Ožu Tra Svi Lip Srp Kol Ruj Lis Stu Pro
V/Λ2017 > Sij Velj Ožu Tra Svi Lip Srp Kol Ruj Lis Stu Pro
V/Λ2016 > Sij Velj Ožu Tra Svi Lip Srp Kol Ruj Lis Stu Pro
V/Λ2015 > Sij Velj Ožu Tra Svi Lip Srp Kol Ruj Lis Stu Pro
V/Λ2014 > Sij Velj Ožu Tra Svi Lip Srp Kol Ruj Lis Stu Pro

Izvještaj za 2016 Tra
                   Monthly Climatological Summary for tra 2016

Name: www.vrijemeusibeniku.com   City: Šibenik   State: Republika Hrvatska
Elevation: 80 m  Lat: N 43° 44' 13"   Lon: E 015° 54' 58"

                  Temperature (°C), Rain (mm), Wind Speed (km/h)

                                      Heat  Cool        Avg
    Mean                              Deg   Deg         Wind                 Dom
Day Temp  High   Time   Low    Time   Days  Days  Rain  Speed High   Time    Dir
----------------------------------------------------------------------------------
 1  18,9  21,8   14:16  16,4   23:58   0,4   1,1   0,0  23,3  60,8   01:11    SE
 2  17,0  21,0   16:45  13,6   23:23   1,7   0,4   0,0   3,6  18,0   11:43    SW
 3  15,1  20,4   11:55  12,5   06:01   3,2   0,1   0,0   3,8  22,7   12:18   SSW
 4  16,1  20,9   14:37  10,6   05:57   2,8   0,6   0,0   3,6  21,6   15:05    SW
 5  17,6  21,6   13:12  13,1   04:34   1,6   0,9   0,0   4,9  32,0   14:15   SSW
 6  17,5  22,0   16:15  12,8   07:09   1,8   1,0   0,0   2,4  17,6   15:33   WSW
 7  17,8  22,3   15:29  12,4   04:21   1,4   0,9   0,0   3,0  16,2   15:29    SW
 8  19,4  22,5   13:55  16,6   00:56   0,3   1,4   0,0  13,4  33,5   07:58   ENE
 9  15,8  18,5   17:16  13,5   23:58   2,5   0,0   7,3   7,4  25,6   23:52   ENE
10  15,4  19,1   12:43  11,3   05:26   3,0   0,0   0,0  14,9  36,4   23:19     N
11  15,9  19,3   19:07  12,1   03:51   2,5   0,0   0,0  11,0  36,7   01:24   NNE
12  16,8  20,6   10:51  11,9   05:17   2,0   0,6   0,0   4,7  31,3   15:17   SSW
13  19,9  24,6   16:42  15,1   03:38   0,6   2,1   0,0  15,9  49,7   14:26    SE
14  16,8  19,6   14:45  12,7   23:27   1,6   0,1   0,0  10,6  38,9   15:13   NNW
15  16,6  21,2   19:04  10,8   06:44   2,2   0,5   0,0  10,0  31,7   12:31   SSE
16  19,7  23,4   15:35  14,3   05:55   1,3   1,9   0,0  19,9  50,0   22:06    SE
17  22,0  25,3   14:27  19,4   05:14   0,0   3,7   0,0  27,9  54,0   10:59    SE
18  20,7  22,9   17:09  19,3   06:14   0,0   2,4   0,0  13,8  54,7   05:16   ESE
19  16,4  24,1   11:28   9,5   17:14   2,7   0,8   3,6  21,5  75,6   17:44    NE
20  15,8  19,6   15:49  12,5   00:00   2,7   0,2   0,0  23,8  62,3   01:45   NNE
21  15,4  19,8   17:33  10,4   05:10   3,1   0,2   0,0   4,8  24,5   14:05     W
22  15,3  18,9   17:21   9,9   05:51   3,0   0,0   0,0   8,0  31,7   12:53   SSW
23  15,2  19,5   13:32  11,0   06:56   3,1   0,1   0,5   9,0  36,0   15:24   SSE
24  11,9  14,1   01:45   7,6   21:24   6,3   0,0  12,4  18,9  60,1   23:47    NE
25   8,1  10,9   11:54   3,8   05:52  10,2   0,0   7,8  21,5  54,4   00:11   NNE
26  11,5  15,9   17:08   5,5   04:29   6,8   0,0   0,0  15,3  43,2   23:59   SSE
27  16,0  19,4   15:22  12,7   05:08   2,5   0,1   0,0  26,0  55,1   10:16    SE
28  15,3  20,4   13:05  10,0   02:31   3,4   0,3   1,0  16,6  45,7   02:26   ESE
29  14,1  19,1   15:30  10,5   07:17   4,3   0,0   0,5  20,4  46,1   05:12    NE
30  14,8  18,4   13:10  10,4   05:42   3,5   0,0   0,0  10,5  33,5   00:06   NNE
----------------------------------------------------------------------------------
    16,3  25,3    17     3,8    25    80,5  19,4  33,1  13,0  75,6    19       E

Max >=  30,0:  0
Max <=   0,0:  0
Min <=   0,0:  0
Min <= -10,0:  0
Max Rain: 12,4 on day 24
Days of Rain: 7 (>= 0,0 mm)  4 (>= 2,2 mm)  0 (>= 70,0 mm)
Heat Base: 18,3  Cool Base: 18,3  Method: Integration