Odaberi godišnji ili mjesečni izvještaj
V/Λ2018 > Sij Velj Ožu Tra Svi Lip Srp Kol Ruj Lis Stu Pro
V/Λ2017 > Sij Velj Ožu Tra Svi Lip Srp Kol Ruj Lis Stu Pro
V/Λ2016 > Sij Velj Ožu Tra Svi Lip Srp Kol Ruj Lis Stu Pro
V/Λ2015 > Sij Velj Ožu Tra Svi Lip Srp Kol Ruj Lis Stu Pro
V/Λ2014 > Sij Velj Ožu Tra Svi Lip Srp Kol Ruj Lis Stu Pro

Izvještaj za 2016 Svi
                   Monthly Climatological Summary for svi 2016

Name: www.vrijemeusibeniku.com   City: Šibenik   State: Republika Hrvatska
Elevation: 80 m  Lat: N 43° 44' 13"   Lon: E 015° 54' 58"

                  Temperature (°C), Rain (mm), Wind Speed (km/h)

                                      Heat  Cool        Avg
    Mean                              Deg   Deg         Wind                 Dom
Day Temp  High   Time   Low    Time   Days  Days  Rain  Speed High   Time    Dir
----------------------------------------------------------------------------------
 1  13,3  14,6   16:51  10,9   06:26   5,0   0,0   4,1  18,0  63,0   10:28   ESE
 2  16,2  19,8   11:06  12,7   05:32   2,2   0,2   0,5  13,5  53,3   20:48    NE
 3  17,3  20,1   15:23  14,9   01:04   1,3   0,3   0,0  21,5  56,2   02:05   NNE
 4  15,5  18,1   13:07  13,8   05:54   2,8   0,0   0,0  22,5  47,9   14:46     N
 5  16,6  21,3   15:47  13,6   05:19   2,2   0,5   0,0  21,4  44,3   11:04   NNE
 6  18,7  22,3   15:30  14,2   04:01   1,0   1,4   0,0   7,2  29,5   01:50   NNW
 7  18,5  22,3   10:59  13,9   06:10   1,2   1,4   0,0   7,2  40,0   13:40     S
 8  18,4  22,5   08:52  13,8   05:52   1,0   1,1   0,0   8,6  36,0   13:32   SSE
 9  18,7  22,9   15:27  13,5   05:23   1,1   1,6   0,0   4,2  24,1   15:05   SSW
10  19,9  24,9   15:30  14,2   07:09   0,9   2,6   0,0   7,7  29,5   16:36   SSE
11  19,2  21,2   12:01  17,6   23:47   0,0   0,9   0,0  24,9  57,6   14:30   ESE
12  18,0  20,9   18:13  15,4   12:04   0,7   0,4  19,2  17,0  63,7   01:22    SE
13  18,2  22,8   15:43  13,9   04:19   1,3   1,2   3,6  17,9  41,4   10:49   SSE
14  18,6  21,2   10:57  15,9   05:42   0,7   1,0   0,0  12,7  34,2   23:08   SSE
15  16,1  19,9   11:59  11,4   13:58   2,4   0,2   2,1  23,3  58,3   14:31   ENE
16  16,4  20,1   15:49  13,5   01:09   2,1   0,2   0,0  11,4  34,6   16:41     N
17  16,6  19,8   17:52  12,4   04:40   2,1   0,4   0,0   5,0  29,5   15:05     W
18  17,1  20,9   18:57  10,7   04:54   2,1   0,9   0,0   4,8  28,1   12:15   WSW
19  18,0  21,6   11:20  13,6   01:57   1,4   1,1   0,0  16,1  49,0   14:48    SE
20  17,4  22,3   10:34  13,9   02:07   1,3   0,4   2,1  13,8  44,3   05:17   ENE
21  22,1  26,9   16:07  17,0   05:54   0,2   3,9   0,0  17,3  40,0   11:20     N
22  22,2  25,8   14:41  17,6   04:51   0,0   3,9   0,0   4,6  22,0   15:30     W
23  21,3  25,8   09:16  12,4   23:19   0,5   3,5   7,5  19,8  63,0   13:19    SE
24  15,5  18,8   16:24  12,8   07:43   2,7   0,0   7,3   7,5  32,8   00:49    SE
25  18,3  21,2   13:45  13,1   05:39   1,1   1,2   0,0   6,0  30,2   17:45   WNW
26  20,2  24,1   18:04  14,4   05:43   0,8   2,7   0,0   3,2  32,8   15:32   WNW
27  21,8  26,9   16:34  16,2   05:35   0,3   3,8   0,0   3,7  26,3   16:51    SW
28  23,3  27,1   18:04  17,6   05:39   0,0   5,0   0,0   5,3  33,8   16:09   SSW
29  24,8  28,7   14:29  21,9   01:39   0,0   6,5   0,0  18,6  51,1   21:50    SE
30  22,9  24,9   13:05  20,1   05:26   0,0   5,0   0,0   8,4  32,4   14:59    SW
31  22,1  25,3   18:24  17,9   05:59   0,0   3,8   0,0   5,8  28,8   11:43     W
----------------------------------------------------------------------------------
    18,8  28,7    29    10,7    18    38,4  55,1  46,4  12,3  63,7    12       E

Max >=  30,0:  0
Max <=   0,0:  0
Min <=   0,0:  0
Min <= -10,0:  0
Max Rain: 19,2 on day 12
Days of Rain: 8 (>= 0,0 mm)  5 (>= 2,2 mm)  0 (>= 70,0 mm)
Heat Base: 18,3  Cool Base: 18,3  Method: Integration