Odaberi godišnji ili mjesečni izvještaj
V/Λ2018 > Sij Velj Ožu Tra Svi Lip Srp Kol Ruj Lis Stu Pro
V/Λ2017 > Sij Velj Ožu Tra Svi Lip Srp Kol Ruj Lis Stu Pro
V/Λ2016 > Sij Velj Ožu Tra Svi Lip Srp Kol Ruj Lis Stu Pro
V/Λ2015 > Sij Velj Ožu Tra Svi Lip Srp Kol Ruj Lis Stu Pro
V/Λ2014 > Sij Velj Ožu Tra Svi Lip Srp Kol Ruj Lis Stu Pro

Izvještaj za 2016 Lip
                   Monthly Climatological Summary for lip 2016

Name: www.vrijemeusibeniku.com   City: Šibenik   State: Republika Hrvatska
Elevation: 80 m  Lat: N 43° 44' 13"   Lon: E 015° 54' 58"

                  Temperature (°C), Rain (mm), Wind Speed (km/h)

                                      Heat  Cool        Avg
    Mean                              Deg   Deg         Wind                 Dom
Day Temp  High   Time   Low    Time   Days  Days  Rain  Speed High   Time    Dir
----------------------------------------------------------------------------------
 1  20,5  24,1   11:07  17,5   22:35   0,1   2,3   0,0  10,3  42,8   00:34   ESE
 2  20,0  23,4   09:51  16,2   05:09   0,4   2,1   0,0  11,6  41,4   13:31     S
 3  19,9  22,9   15:35  17,1   06:25   0,2   1,8   1,5   5,5  31,3   10:53   SSW
 4  20,7  23,6   12:52  17,0   05:35   0,2   2,5   0,0   5,6  34,2   15:19   WNW
 5  21,2  24,1   13:56  17,8   04:13   0,0   3,0   0,0   4,7  30,6   15:23   WSW
 6  21,0  25,1   15:33  17,8   05:42   0,0   2,7   1,6   7,0  56,5   14:20   NNW
 7  24,0  28,9   13:59  18,1   02:50   0,0   5,7   0,0  11,1  40,0   22:34   NNE
 8  23,3  27,0   12:22  19,3   05:46   0,0   5,0   0,0  10,8  42,8   00:15     N
 9  21,5  25,1   15:31  17,3   04:53   0,0   3,3   9,3  10,3  42,1   20:39     S
10  20,5  24,4   15:05  18,6   10:15   0,0   2,2   2,1  13,1  34,9   09:30   ESE
11  21,9  25,8   17:42  18,3   04:15   0,0   3,6   0,0  13,8  45,7   13:51     S
12  22,0  25,3   09:29  20,1   05:10   0,0   3,7   0,0   6,9  32,8   12:01     S
13  20,2  23,9   18:44  17,9   07:30   0,0   1,9  21,8   7,1  36,0   13:28    NE
14  21,5  24,4   15:47  17,3   05:06   0,1   3,3   0,0   7,7  50,8   12:31   SSW
15  23,3  26,8   17:30  20,5   02:11   0,0   5,0   0,0  15,1  39,6   14:16   SSE
16  25,4  28,1   17:46  21,8   00:03   0,0   7,1   0,0  33,8  88,2   11:43    SE
17  25,9  28,3   15:42  22,9   21:51   0,0   7,6   0,0  20,1  79,6   00:32   SSE
18  24,3  26,9   13:59  20,9   06:00   0,0   6,0   0,0  10,9  35,3   14:28   NNW
19  21,7  25,5   11:54  17,5   22:51   0,0   3,4   9,3   7,4  33,8   22:03   SSW
20  20,3  23,3   15:59  17,5   06:25   0,2   2,1   1,0  12,9  40,3   11:20     S
21  21,9  25,0   17:33  16,9   05:58   0,1   3,7   0,0   6,6  32,8   15:25   WNW
22  25,8  32,2   17:45  18,5   05:41   0,0   7,5   0,0  10,4  50,8   23:33     N
23  29,8  35,3   12:34  25,7   03:44   0,0  11,5   0,0  11,5  38,9   00:13   NNE
24  30,5  34,1   10:30  27,1   04:16   0,0  12,1   0,0   6,4  36,1   15:38    NW
25  29,3  32,7   10:51  25,4   05:58   0,0  11,0   0,0   4,7  42,1   17:04   SSW
26  28,2  32,9   17:02  23,9   04:39   0,0   9,9   0,0   6,8  52,9   17:17    NE
27  26,5  30,4   09:27  21,3   23:41   0,0   8,2   0,0  13,1  51,8   18:56   NNE
28  24,3  28,1   16:04  20,4   03:35   0,0   6,0   0,0  20,4  57,2   08:46   NNE
29  24,8  28,2   11:54  20,5   05:10   0,0   6,6   0,0   7,4  51,5   02:06    NW
30  25,4  29,6   18:34  21,0   05:17   0,0   7,1   0,0   2,7  25,2   14:32   WSW
----------------------------------------------------------------------------------
    23,5  35,3    23    16,2     2     1,3 157,9  46,6  10,5  88,2    16     ESE

Max >=  30,0:  6
Max <=   0,0:  0
Min <=   0,0:  0
Min <= -10,0:  0
Max Rain: 21,8 on day 13
Days of Rain: 7 (>= 0,0 mm)  3 (>= 2,2 mm)  0 (>= 70,0 mm)
Heat Base: 18,3  Cool Base: 18,3  Method: Integration