Odaberi godišnji ili mjesečni izvještaj
V/Λ2018 > Sij Velj Ožu Tra Svi Lip Srp Kol Ruj Lis Stu Pro
V/Λ2017 > Sij Velj Ožu Tra Svi Lip Srp Kol Ruj Lis Stu Pro
V/Λ2016 > Sij Velj Ožu Tra Svi Lip Srp Kol Ruj Lis Stu Pro
V/Λ2015 > Sij Velj Ožu Tra Svi Lip Srp Kol Ruj Lis Stu Pro
V/Λ2014 > Sij Velj Ožu Tra Svi Lip Srp Kol Ruj Lis Stu Pro

Izvještaj za 2016 Srp
                   Monthly Climatological Summary for srp 2016

Name: www.vrijemeusibeniku.com   City: Šibenik   State: Republika Hrvatska
Elevation: 80 m  Lat: N 43° 44' 13"   Lon: E 015° 54' 58"

                  Temperature (°C), Rain (mm), Wind Speed (km/h)

                                      Heat  Cool        Avg
    Mean                              Deg   Deg         Wind                 Dom
Day Temp  High   Time   Low    Time   Days  Days  Rain  Speed High   Time    Dir
----------------------------------------------------------------------------------
 1  26,3  29,9   15:16  20,9   05:05   0,0   8,0   0,0   3,8  30,2   15:50     W
 2  27,7  31,3   15:14  22,1   05:29   0,0   9,4   0,0   3,8  25,2   16:46   WNW
 3  27,2  31,8   14:17  21,5   23:25   0,0   8,9   0,0  11,6  64,1   21:06     N
 4  27,0  32,4   15:29  21,4   03:19   0,0   8,7   0,0  19,7  54,4   00:13   NNE
 5  27,4  30,8   10:56  23,5   04:32   0,0   9,1   0,0   5,1  28,1   11:43   WNW
 6  26,6  30,4   19:14  22,9   02:08   0,0   8,3   0,0  11,0  45,0   03:15   NNW
 7  26,6  30,0   11:07  23,2   05:07   0,0   8,3   0,0  12,6  37,1   13:46   NNW
 8  26,9  30,6   16:52  22,4   06:05   0,0   8,6   0,0   5,1  49,3   13:35    SW
 9  27,7  32,1   12:12  22,5   05:21   0,0   9,4   0,0   4,8  32,8   13:29   WNW
10  29,4  33,4   10:25  24,4   04:03   0,0  11,1   0,0   5,0  31,7   12:28    SW
11  29,7  33,3   15:32  24,4   05:42   0,0  11,4   0,0   4,1  26,3   15:05     W
12  29,3  33,8   09:50  24,1   05:50   0,0  11,0   0,0   5,9  31,7   13:04    SW
13  29,4  33,8   09:28  24,7   04:35   0,0  11,1   0,0  11,4  49,0   12:41   SSW
14  25,6  28,6   00:02  21,9   23:58   0,0   7,3   0,0  13,2  49,3   14:42    NW
15  21,0  24,3   11:36  16,8   19:04   0,2   2,8   0,5  27,5  72,4   23:42    NE
16  18,9  20,1   01:29  17,9   14:26   0,0   0,6   0,0  29,9  81,0   00:34   NNE
17  22,2  26,2   18:00  18,1   00:36   0,0   3,9   0,0  18,5  52,9   03:41     N
18  25,3  30,9   18:40  19,3   06:21   0,0   7,0   0,0  11,4  50,8   15:30    NW
19  27,7  31,3   15:40  23,5   06:02   0,0   9,4   0,0  18,7  50,8   11:42   NNE
20  26,8  31,1   11:45  22,5   05:41   0,0   8,5   0,0  12,9  39,6   17:17     N
21  27,3  31,3   09:45  22,5   05:59   0,0   9,0   0,0   5,6  39,2   12:39   SSW
22  27,6  31,1   16:05  22,5   05:53   0,0   9,3   0,0   5,5  35,3   13:04    SW
23  28,1  31,9   10:05  22,8   05:16   0,0   9,8   0,0   4,7  46,1   21:19     W
24  28,4  32,9   12:43  23,4   05:04   0,0  10,1   0,0   7,6  46,4   14:15   WNW
25  27,5  32,8   13:46  23,0   06:05   0,0   9,1   2,6   7,9  39,2   11:07   NNE
26  28,4  32,1   11:36  25,1   06:20   0,0  10,1   0,0  13,4  35,3   23:55   NNE
27  27,9  31,2   11:12  24,3   05:07   0,0   9,6   0,0   9,9  34,2   12:53    NW
28  27,5  31,2   19:14  23,2   05:56   0,0   9,1   0,0   5,6  34,2   12:57   WNW
29  26,2  28,9   10:43  23,0   06:03   0,0   7,9   0,0   7,9  55,4   14:28   WNW
30  27,8  31,6   14:02  23,3   05:47   0,0   9,5   0,0   5,4  33,5   15:39   WNW
31  29,2  33,3   13:21  23,2   05:55   0,0  10,9   0,0   3,8  28,8   14:21   WSW
----------------------------------------------------------------------------------
    26,9  33,8    12    16,8    15     0,2 267,2   3,1  10,1  81,0    16     NNW

Max >=  30,0: 25
Max <=   0,0:  0
Min <=   0,0:  0
Min <= -10,0:  0
Max Rain: 2,6 on day 25
Days of Rain: 2 (>= 0,0 mm)  1 (>= 2,2 mm)  0 (>= 70,0 mm)
Heat Base: 18,3  Cool Base: 18,3  Method: Integration