Odaberi godišnji ili mjesečni izvještaj
V/Λ2018 > Sij Velj Ožu Tra Svi Lip Srp Kol Ruj Lis Stu Pro
V/Λ2017 > Sij Velj Ožu Tra Svi Lip Srp Kol Ruj Lis Stu Pro
V/Λ2016 > Sij Velj Ožu Tra Svi Lip Srp Kol Ruj Lis Stu Pro
V/Λ2015 > Sij Velj Ožu Tra Svi Lip Srp Kol Ruj Lis Stu Pro
V/Λ2014 > Sij Velj Ožu Tra Svi Lip Srp Kol Ruj Lis Stu Pro

Izvještaj za 2016 Kol
                   Monthly Climatological Summary for kol 2016

Name: www.vrijemeusibeniku.com   City: Šibenik   State: Republika Hrvatska
Elevation: 80 m  Lat: N 43° 44' 13"   Lon: E 015° 54' 58"

                  Temperature (°C), Rain (mm), Wind Speed (km/h)

                                      Heat  Cool        Avg
    Mean                              Deg   Deg         Wind                 Dom
Day Temp  High   Time   Low    Time   Days  Days  Rain  Speed High   Time    Dir
----------------------------------------------------------------------------------
 1  26,8  32,2   10:00  23,2   15:19   0,0   8,6   0,0   9,9  45,4   16:36   NNE
 2  26,1  30,3   13:50  22,3   04:32   0,0   7,8   0,0  19,6  55,4   15:40     N
 3  26,4  30,5   11:36  21,5   04:33   0,0   8,1   0,0  11,2  41,0   03:52     N
 4  27,5  30,8   09:27  23,3   06:22   0,0   9,2   0,0   5,9  31,7   13:09    SW
 5  26,9  30,8   17:01  21,8   04:52   0,0   8,6   0,0   7,1  43,2   14:02    SW
 6  23,0  24,5   00:00  21,0   06:19   0,0   4,8   5,2  19,5  50,8   03:04    NE
 7  24,1  25,3   11:19  23,2   23:50   0,0   5,9   0,0  25,5  51,1   06:19   NNE
 8  25,4  29,1   12:18  21,8   05:01   0,0   7,1   0,0  14,8  37,8   07:38   NNE
 9  25,4  28,5   10:58  21,8   06:18   0,0   7,1   0,0  10,9  36,4   00:53     N
10  24,7  28,4   15:50  17,9   23:34   0,0   6,4   1,5  10,9  55,8   22:12    NW
11  19,8  22,8   13:06  17,4   01:45   0,1   1,7   1,0  29,7  65,5   10:31   NNE
12  21,0  25,4   15:41  16,9   04:46   0,3   3,0   0,0  23,5  50,0   03:12   NNE
13  23,3  28,4   18:23  17,9   06:14   0,0   5,0   0,0  12,9  38,5   00:10   NNE
14  23,6  26,5   12:06  19,2   07:09   0,0   5,3   0,0   5,3  31,3   00:01     W
15  24,2  27,8   16:32  19,1   05:51   0,0   5,9   0,0   3,3  24,5   15:38     W
16  25,2  28,6   11:41  19,9   05:53   0,0   6,9   0,0   4,6  29,5   12:05   WSW
17  24,8  28,2   11:23  21,1   07:04   0,0   6,5   0,0   6,8  39,6   11:58   SSW
18  24,3  27,9   15:29  20,6   04:15   0,0   6,0   1,0   6,8  32,4   04:56     W
19  23,1  27,1   14:46  19,3   09:26   0,0   4,8   2,6   3,9  37,1   09:01   NNW
20  25,1  28,9   11:35  20,4   03:53   0,0   6,8   0,0   4,9  32,8   13:08   WNW
21  25,9  30,3   12:33  21,0   06:10   0,0   7,5   0,0   3,7  31,7   23:58     W
22  21,5  25,8   00:00  16,4   03:39   0,1   3,4   9,8  30,0  79,9   04:23   NNE
23  22,7  26,3   15:00  19,6   00:49   0,0   4,4   0,0  30,1  79,9   04:59   NNE
24  26,0  30,5   15:45  22,9   03:43   0,0   7,7   0,0  22,7  53,6   01:06   NNE
25  26,5  31,0   14:23  22,4   05:06   0,0   8,2   0,0  11,2  34,9   18:59    NE
26  26,6  30,0   18:04  22,6   04:44   0,0   8,3   0,0   9,6  32,4   06:20     N
27  26,7  29,9   11:00  23,2   06:45   0,0   8,4   0,0   5,2  35,6   16:24   WNW
28  24,8  28,1   12:06  21,3   05:47   0,0   6,5   0,0   4,7  31,0   15:20   WNW
29  24,5  28,3   14:36  20,2   06:36   0,0   6,2   0,0   4,6  29,5   14:57   WSW
30  27,0  32,1   13:08  22,2   02:22   0,0   8,7   0,0  14,0  46,1   20:33   NNE
31  26,9  31,3   13:19  23,3   06:52   0,0   8,6   0,0   8,9  35,3   00:40   NNE
----------------------------------------------------------------------------------
    24,8  32,2     1    16,4    22     0,5 203,4  21,1  11,7  79,9    22       N

Max >=  30,0: 11
Max <=   0,0:  0
Min <=   0,0:  0
Min <= -10,0:  0
Max Rain: 9,8 on day 22
Days of Rain: 6 (>= 0,0 mm)  3 (>= 2,2 mm)  0 (>= 70,0 mm)
Heat Base: 18,3  Cool Base: 18,3  Method: Integration