Odaberi godišnji ili mjesečni izvještaj
V/Λ2018 > Sij Velj Ožu Tra Svi Lip Srp Kol Ruj Lis Stu Pro
V/Λ2017 > Sij Velj Ožu Tra Svi Lip Srp Kol Ruj Lis Stu Pro
V/Λ2016 > Sij Velj Ožu Tra Svi Lip Srp Kol Ruj Lis Stu Pro
V/Λ2015 > Sij Velj Ožu Tra Svi Lip Srp Kol Ruj Lis Stu Pro
V/Λ2014 > Sij Velj Ožu Tra Svi Lip Srp Kol Ruj Lis Stu Pro

Izvještaj za 2016 Ruj
                   Monthly Climatological Summary for ruj 2016

Name: www.vrijemeusibeniku.com   City: Šibenik   State: Republika Hrvatska
Elevation: 80 m  Lat: N 43° 44' 13"   Lon: E 015° 54' 58"

                  Temperature (°C), Rain (mm), Wind Speed (km/h)

                                      Heat  Cool        Avg
    Mean                              Deg   Deg         Wind                 Dom
Day Temp  High   Time   Low    Time   Days  Days  Rain  Speed High   Time    Dir
----------------------------------------------------------------------------------
 1  26,8  31,1   17:49  23,3   06:08   0,0   8,5   0,0  12,6  38,5   04:18   NNE
 2  27,0  31,9   17:16  22,5   06:49   0,0   8,7   0,0  17,7  37,1   02:52    NE
 3  26,2  29,9   13:30  22,9   06:11   0,0   7,9   0,0   9,2  34,9   16:35   NNW
 4  25,7  28,8   11:40  22,4   06:30   0,0   7,4   0,0   4,7  27,4   13:19   SSW
 5  21,2  24,8   09:14  17,3   16:28   0,1   2,9  16,6  11,2  43,9   14:56    NE
 6  20,9  23,9   14:17  18,3   04:16   0,0   2,6   0,0  22,3  58,0   14:28   NNE
 7  23,6  28,4   12:49  20,2   21:52   0,0   5,3   2,1  17,0  62,6   02:23   ENE
 8  23,6  28,1   13:07  19,8   02:49   0,0   5,3   0,0  13,3  44,3   09:06   NNE
 9  25,5  29,8   14:21  23,3   05:07   0,0   7,2   0,0  13,6  43,2   14:21    NE
10  24,3  29,2   12:06  21,4   18:00   0,0   6,0   2,1   8,9  41,4   17:29     E
11  22,9  26,3   14:12  20,2   06:28   0,0   4,5   4,7   6,0  31,0   18:13   NNE
12  24,4  28,6   16:33  19,9   06:25   0,0   6,1   0,0   4,7  25,6   12:50     W
13  24,5  27,9   13:58  21,6   05:05   0,0   6,2   0,0   3,1  21,6   12:49    SW
14  23,7  27,2   17:41  20,2   06:43   0,0   5,5   0,0   4,2  32,4   16:54   SSE
15  23,3  26,7   13:47  19,9   02:37   0,0   5,0   0,0   5,9  37,4   15:09   SSW
16  24,4  28,3   12:17  20,5   04:02   0,0   6,1   0,0  13,1  63,0   23:38   SSE
17  23,3  25,4   14:15  20,3   07:20   0,0   5,0   5,2  12,6  64,1   06:00   SSE
18  20,9  24,6   14:05  16,3   07:19   0,2   2,8  28,0  14,2  47,5   06:34     E
19  18,2  19,9   12:37  16,5   02:32   0,4   0,4   7,8  11,0  33,5   13:42     N
20  20,4  23,8   15:33  17,9   04:28   0,0   2,1   0,0  20,4  55,8   08:39     N
21  18,9  22,9   15:57  15,5   23:55   0,6   1,2   0,0  19,0  46,1   23:49    NE
22  18,4  23,0   16:36  14,5   04:34   1,3   1,4   0,0  17,1  43,2   21:35   NNE
23  18,4  21,9   13:58  15,1   06:12   1,0   1,1   0,0   3,6  27,0   14:48   WNW
24  19,0  23,0   14:18  14,9   01:28   0,9   1,6   0,0   5,0  23,4   15:23     W
25  19,1  22,7   14:22  16,1   04:36   0,5   1,4   0,0   4,1  31,7   17:42   WNW
26  19,7  24,2   12:49  16,3   06:48   0,4   1,8   0,0   7,2  32,4   20:57    NE
27  19,2  22,8   12:59  15,7   06:49   0,5   1,5   0,0   7,1  33,5   20:25     N
28  19,4  22,9   14:53  16,4   05:28   0,5   1,5   0,0   4,3  24,1   15:15   NNW
29  18,5  22,4   13:41  14,1   04:20   1,1   1,2   0,0   3,5  25,6   14:31   WNW
30  18,3  22,0   15:31  14,2   04:49   1,2   1,1   0,0   4,5  28,1   12:51    SW
----------------------------------------------------------------------------------
    22,0  31,9     2    14,1    29     8,7 119,3  66,5  10,0  64,1    17      NE

Max >=  30,0:  2
Max <=   0,0:  0
Min <=   0,0:  0
Min <= -10,0:  0
Max Rain: 28,0 on day 18
Days of Rain: 7 (>= 0,0 mm)  5 (>= 2,2 mm)  0 (>= 70,0 mm)
Heat Base: 18,3  Cool Base: 18,3  Method: Integration