Odaberi godišnji ili mjesečni izvještaj
V/Λ2018 > Sij Velj Ožu Tra Svi Lip Srp Kol Ruj Lis Stu Pro
V/Λ2017 > Sij Velj Ožu Tra Svi Lip Srp Kol Ruj Lis Stu Pro
V/Λ2016 > Sij Velj Ožu Tra Svi Lip Srp Kol Ruj Lis Stu Pro
V/Λ2015 > Sij Velj Ožu Tra Svi Lip Srp Kol Ruj Lis Stu Pro
V/Λ2014 > Sij Velj Ožu Tra Svi Lip Srp Kol Ruj Lis Stu Pro

Izvještaj za 2016 Lis
                   Monthly Climatological Summary for lis 2016

Name: www.vrijemeusibeniku.com   City: Šibenik   State: Republika Hrvatska
Elevation: 80 m  Lat: N 43° 44' 13"   Lon: E 015° 54' 58"

                  Temperature (°C), Rain (mm), Wind Speed (km/h)

                                      Heat  Cool        Avg
    Mean                              Deg   Deg         Wind                 Dom
Day Temp  High   Time   Low    Time   Days  Days  Rain  Speed High   Time    Dir
----------------------------------------------------------------------------------
 1  19,4  22,7   13:45  14,8   07:29   0,6   1,7   0,0   7,5  32,4   17:02     S
 2  19,5  21,6   10:47  18,3   00:21   0,0   1,2   3,1  17,1  48,6   13:19   ESE
 3  17,3  21,6   10:38  13,9   22:46   1,4   0,4  19,2  15,9  63,4   11:45    NE
 4  16,7  21,3   15:25  13,2   06:48   2,3   0,7   0,0  17,5  61,6   23:40   NNE
 5  13,2  15,5   14:22  10,4   23:59   5,1   0,0   0,0  25,1  76,3   02:38   NNE
 6  12,1  14,8   15:03  10,3   05:33   6,2   0,0   0,0   7,5  33,1   03:38   ESE
 7  13,2  16,5   15:18  10,8   00:00   5,0   0,0   0,0  12,6  38,9   12:37   NNE
 8  14,5  18,9   14:38  10,8   07:19   3,8   0,0   0,0  13,4  40,0   05:16   NNE
 9  15,2  20,1   14:53  11,6   07:00   3,3   0,2   0,5  13,3  35,6   00:15    NE
10  13,1  17,1   13:10   8,8   17:09   5,2   0,0   3,1  23,6  70,9   18:11    NE
11  11,5  15,4   14:27   8,8   05:14   6,8   0,0   1,6  22,0  46,4   05:28    NE
12  11,3  14,5   14:48   9,3   00:00   7,0   0,0   0,0  18,9  47,9   02:04   NNE
13  13,2  17,7   14:05   8,9   04:25   5,1   0,0   0,0  12,2  34,2   23:54   ESE
14  19,3  23,0   15:40  14,8   00:14   1,0   2,0   0,0  25,1  81,4   23:25   ESE
15  20,3  22,4   00:00  16,4   19:12   0,3   2,4  64,7  27,1  80,3   13:52   ESE
16  17,9  22,1   15:07  14,6   07:01   1,2   0,8   0,0   9,6  36,0   20:47     N
17  17,7  21,3   13:24  14,6   07:24   1,3   0,7   0,0   3,1  23,0   13:50    SW
18  16,3  18,5   11:05  14,9   17:51   2,0   0,0  28,0   7,4  29,5   15:54   ESE
19  15,9  19,4   15:02  12,8   07:44   2,5   0,2   0,0  12,6  45,7   04:53    NE
20  18,4  21,0   15:30  15,4   00:37   0,7   0,7   1,0  20,5  49,0   12:36   SSE
21  15,9  18,4   10:47  12,1   23:21   2,4   0,0   9,8  10,5  42,5   23:54   ENE
22  13,9  18,1   15:19  10,9   07:37   4,3   0,0   0,5  17,5  41,8   05:23    NE
23  15,4  19,4   14:24  10,8   01:42   3,0   0,1   0,0   8,2  30,6   18:13   ESE
24  19,0  22,3   15:14  16,6   00:00   0,5   1,2   0,0  14,4  33,8   06:23    SE
25  19,4  23,1   13:11  17,3   05:50   0,2   1,3   0,0   6,6  31,3   12:58   SSE
26  18,8  22,3   15:28  16,8   09:20   0,3   0,8   0,0  10,4  49,0   17:54   NNE
27  16,2  18,6   13:31  13,2   23:56   2,1   0,0   0,0  28,6  68,4   20:26   NNE
28  14,3  17,3   13:33  12,3   22:13   4,0   0,0   0,0  25,5  64,1   22:24   NNE
29  16,4  22,1   14:53  11,5   03:18   2,6   0,8   0,0  12,0  48,6   01:52   NNE
30  15,6  19,6   15:03  12,9   04:38   2,9   0,1   0,0  14,3  36,0   22:32   NNE
31  13,3  16,6   14:02  11,0   06:35   5,0   0,0   0,0  21,6  59,4   00:35   NNE
----------------------------------------------------------------------------------
    15,9  23,1    25     8,8    10    88,1  15,3 131,5  15,5  81,4    14      NE

Max >=  30,0:  0
Max <=   0,0:  0
Min <=   0,0:  0
Min <= -10,0:  0
Max Rain: 64,7 on day 15
Days of Rain: 10 (>= 0,0 mm)  6 (>= 2,2 mm)  0 (>= 70,0 mm)
Heat Base: 18,3  Cool Base: 18,3  Method: Integration