Odaberi godišnji ili mjesečni izvještaj
V/Λ2018 > Sij Velj Ožu Tra Svi Lip Srp Kol Ruj Lis Stu Pro
V/Λ2017 > Sij Velj Ožu Tra Svi Lip Srp Kol Ruj Lis Stu Pro
V/Λ2016 > Sij Velj Ožu Tra Svi Lip Srp Kol Ruj Lis Stu Pro
V/Λ2015 > Sij Velj Ožu Tra Svi Lip Srp Kol Ruj Lis Stu Pro
V/Λ2014 > Sij Velj Ožu Tra Svi Lip Srp Kol Ruj Lis Stu Pro

Izvještaj za 2016 Stu
                   Monthly Climatological Summary for stu 2016

Name: www.vrijemeusibeniku.com   City: Šibenik   State: Republika Hrvatska
Elevation: 80 m  Lat: N 43° 44' 13"   Lon: E 015° 54' 58"

                  Temperature (°C), Rain (mm), Wind Speed (km/h)

                                      Heat  Cool        Avg
    Mean                              Deg   Deg         Wind                 Dom
Day Temp  High   Time   Low    Time   Days  Days  Rain  Speed High   Time    Dir
----------------------------------------------------------------------------------
 1  13,1  17,4   14:36   8,9   04:38   5,2   0,0   0,0   2,7  20,2   06:09   WNW
 2  14,8  17,9   13:28   9,9   03:29   3,5   0,0   0,5  14,9  44,6   14:53   SSE
 3  12,4  16,4   01:13   9,2   23:58   5,9   0,0  20,7  18,7  57,6   09:49   ENE
 4  12,0  15,6   15:35   8,1   05:57   6,3   0,0   0,0   6,3  37,4   03:29     E
 5  16,3  19,1   23:55  13,1   00:43   2,1   0,1   1,0  27,7  69,1   21:25    SE
 6  19,6  21,2   15:10  18,6   21:41   0,0   1,3   1,6  35,5  72,4   01:28   SSE
 7  15,9  19,0   00:00  14,3   07:36   2,4   0,0   0,0  13,3  48,6   00:55   ENE
 8  12,5  16,2   01:41   8,1   23:36   5,8   0,0  54,9  15,0  50,0   23:52    NE
 9   9,5  12,2   15:49   7,4   06:03   8,8   0,0   0,0  20,3  56,9   03:34   NNE
10  10,1  12,2   13:35   8,3   03:34   8,2   0,0   0,5   8,3  33,1   04:15     E
11  11,7  15,0   19:29   8,7   06:33   6,6   0,0  32,6  22,0  51,8   19:54     E
12   8,6  11,7   00:43   6,9   17:08   9,7   0,0   9,3  24,3  56,9   13:29   NNE
13   8,5  12,1   14:15   5,9   04:34   9,8   0,0   0,0  16,5  50,0   22:43    NE
14   6,6  10,2   13:00   4,0   23:56  11,7   0,0   0,0  35,0  55,1   20:37    NE
15   5,5   9,8   14:08   2,4   07:00  12,8   0,0   0,0  22,9  57,2   03:39    NE
16   7,8  12,4   14:44   3,3   05:07  10,5   0,0   0,0   2,5  16,2   12:23    NW
17  11,9  15,6   12:43   7,9   00:23   6,4   0,0   0,0  12,4  34,2   08:45   ESE
18  15,0  16,7   23:51  12,3   00:02   3,3   0,0   0,0  23,0  54,7   11:04    SE
19  17,2  18,4   13:23  16,5   00:09   1,1   0,0   0,0  30,3  75,6   14:41    SE
20  17,4  19,6   14:39  16,4   20:38   1,1   0,2   0,0  20,0  47,2   13:05    SE
21  17,0  19,0   12:56  15,4   23:35   1,3   0,1   0,0  15,5  44,6   13:13    SE
22  16,8  19,3   13:14  14,9   00:54   1,6   0,1   0,0  18,3  41,4   10:04   ESE
23  17,1  19,6   11:36  15,4   21:28   1,4   0,2   0,0  14,7  36,4   06:48    SE
24  16,5  18,2   12:47  15,7   06:19   1,8   0,0   0,0  19,9  46,1   23:58   ESE
25  15,8  16,9   02:54  14,5   11:03   2,5   0,0  14,0  27,2  50,4   10:05   ESE
26  14,7  16,1   03:33  13,3   21:19   3,6   0,0  12,4  13,6  56,9   02:54   ESE
27  13,8  16,7   13:52  11,4   05:39   4,5   0,0   0,0   3,1  23,8   19:04    NE
28   8,8  12,8   00:00   3,6   23:46   9,5   0,0   0,0  29,1  78,8   20:36   NNE
29   3,4   4,9   11:46   2,4   06:02  14,9   0,0   0,0  25,5  71,3   00:46   NNE
30   6,2  10,4   15:14   2,9   05:13  12,1   0,0   0,0  18,1  56,9   02:20     N
----------------------------------------------------------------------------------
    12,6  21,2     6     2,4    15   174,4   2,0 147,5  18,6  78,8    28       E

Max >=  30,0:  0
Max <=   0,0:  0
Min <=   0,0:  0
Min <= -10,0:  0
Max Rain: 54,9 on day 8
Days of Rain: 10 (>= 0,0 mm)  6 (>= 2,2 mm)  0 (>= 70,0 mm)
Heat Base: 18,3  Cool Base: 18,3  Method: Integration