Odaberi godišnji ili mjesečni izvještaj
V/Λ2018 > Sij Velj Ožu Tra Svi Lip Srp Kol Ruj Lis Stu Pro
V/Λ2017 > Sij Velj Ožu Tra Svi Lip Srp Kol Ruj Lis Stu Pro
V/Λ2016 > Sij Velj Ožu Tra Svi Lip Srp Kol Ruj Lis Stu Pro
V/Λ2015 > Sij Velj Ožu Tra Svi Lip Srp Kol Ruj Lis Stu Pro
V/Λ2014 > Sij Velj Ožu Tra Svi Lip Srp Kol Ruj Lis Stu Pro

Izvještaj za 2016 Pro
                   Monthly Climatological Summary for pro 2016

Name: www.vrijemeusibeniku.com   City: Šibenik   State: Republika Hrvatska
Elevation: 80 m  Lat: N 43° 44' 13"   Lon: E 015° 54' 58"

                  Temperature (°C), Rain (mm), Wind Speed (km/h)

                                      Heat  Cool        Avg
    Mean                              Deg   Deg         Wind                 Dom
Day Temp  High   Time   Low    Time   Days  Days  Rain  Speed High   Time    Dir
----------------------------------------------------------------------------------
 1   8,3  11,2   13:17   5,8   02:13  10,0   0,0   0,0   6,0  25,6   09:58     N
 2  10,1  14,2   13:45   6,3   02:37   8,2   0,0   0,0   3,4  28,8   21:53   ESE
 3  10,5  12,9   13:39   8,1   00:10   7,8   0,0   0,0   4,3  20,2   05:16   ENE
 4  11,5  13,9   15:01   9,5   06:58   6,8   0,0   0,0   3,1  22,7   22:39   ENE
 5  12,0  14,4   13:04   9,3   07:31   6,3   0,0   0,0   2,4  16,6   22:37   ESE
 6  12,1  14,5   12:19   8,8   23:38   6,0   0,0   0,0   3,9  26,3   22:20   ENE
 7   9,3  12,8   14:02   7,1   07:15   9,0   0,0   0,0  24,1  56,5   06:09    NE
 8   8,3  12,4   15:08   4,3   05:50  10,0   0,0   0,0   3,2  23,4   12:57   NNW
 9   8,4  12,4   14:38   4,6   05:33   9,9   0,0   0,0   6,2  25,2   19:30     N
10   7,7  12,5   13:56   3,6   04:57  10,6   0,0   0,0   3,5  19,4   15:49   NNW
11   9,3  12,9   14:12   4,6   04:32   9,0   0,0   0,0   2,1  18,7   05:20     N
12  10,6  13,0   15:15   8,8   23:30   7,7   0,0   1,0   8,5  32,4   12:22   NNE
13   8,7  11,8   13:58   6,4   23:02   9,6   0,0   0,0  14,3  46,4   11:06   NNE
14   7,9  12,4   14:10   2,9   04:40  10,4   0,0   0,0   2,8  16,6   19:20     E
15   8,4  12,4   13:51   5,7   23:16   9,9   0,0   0,0  17,8  45,4   16:39   NNE
16   6,5  10,4   13:36   3,9   23:47  11,8   0,0   0,0  18,8  43,9   22:09    NE
17   6,5  10,7   14:07   3,3   04:57  11,8   0,0   0,0   5,2  38,9   06:22   NNE
18   6,7  11,2   14:04   3,1   04:53  11,6   0,0   0,0   3,0  19,4   14:57   NNW
19   9,8  12,9   13:30   4,9   01:22   8,5   0,0   0,0  17,4  45,7   08:40     E
20  11,6  15,1   12:05   9,5   23:24   6,7   0,0   0,0  19,3  39,6   06:05     E
21   9,3  13,8   13:07   6,3   23:35   9,0   0,0   0,0  10,5  47,9   05:46    NE
22   8,4  12,4   14:10   5,6   07:23   9,8   0,0   0,0   5,6  26,6   12:57     N
23  11,0  16,9   13:59   6,5   03:56   7,1   0,0   0,0  11,2  46,4   17:27    NE
24  10,5  14,3   14:32   7,9   22:37   7,8   0,0   0,0   5,1  37,1   03:09     N
25   9,5  13,3   13:52   5,9   06:26   9,0   0,0   0,0   1,6  12,2   00:02   WSW
26  10,7  14,9   13:16   7,0   06:16   7,6   0,0   0,0   2,7  19,1   13:22    NW
27  10,2  15,9   14:18   6,4   06:50   8,1   0,0   0,0   9,0  41,4   17:04   NNE
28   7,8  11,9   11:57   3,8   23:56  10,8   0,0   0,0  22,6  65,5   15:46     N
29   3,8   6,3   13:36   1,8   03:24  14,5   0,0   0,0  20,2  60,8   11:36   NNE
30   3,6   6,3   14:12   1,9   07:30  14,7   0,0   0,0  25,6  61,6   23:39   NNE
31   6,1   9,1   15:01   2,4   00:01  12,2   0,0   0,0  15,5  59,0   00:02    NE
----------------------------------------------------------------------------------
     8,9  16,9    23     1,8    29   292,2   0,0   1,0   9,7  65,5    28      NE

Max >=  30,0:  0
Max <=   0,0:  0
Min <=   0,0:  0
Min <= -10,0:  0
Max Rain: 1,0 on day 12
Days of Rain: 1 (>= 0,0 mm)  0 (>= 2,2 mm)  0 (>= 70,0 mm)
Heat Base: 18,3  Cool Base: 18,3  Method: Integration