Odaberi godišnji ili mjesečni izvještaj
V/Λ2018 > Sij Velj Ožu Tra Svi Lip Srp Kol Ruj Lis Stu Pro
V/Λ2017 > Sij Velj Ožu Tra Svi Lip Srp Kol Ruj Lis Stu Pro
V/Λ2016 > Sij Velj Ožu Tra Svi Lip Srp Kol Ruj Lis Stu Pro
V/Λ2015 > Sij Velj Ožu Tra Svi Lip Srp Kol Ruj Lis Stu Pro
V/Λ2014 > Sij Velj Ožu Tra Svi Lip Srp Kol Ruj Lis Stu Pro

Izvještaj za 2017
                   Annual Climatological Summary for 2017

Name: www.vrijemeusibeniku.com   City: Šibenik   State: Republika Hrvatska
Elevation: 80 m  Lat: N 43° 44' 13"   Lon: E 015° 54' 58"

                  Temperature (°C), Heat Base: 18,3  Cool Base: 18,3
                          Dep.  Heat  Cool                       Max  Max  Min  Min
        Mean  Mean        From  Deg   Deg                        >=   <=   <=   <=
 YR MO  Max   Min   Mean  Norm  Days  Days  Hi  Date  Low  Date 30,0  0,0  0,0 -10,0
------------------------------------------------------------------------------------
 17  1   6,4  -0,1   3,1  -3,8   104     0  11,3   2  -6,1    7    0    2    3    0
 17  2
 17  3
 17  4  17,6  10,8  14,2   0,5   127     4  21,5   1   4,6   21    0    0    0    0
 17  5  23,1  15,4  19,3   0,9    29    60  27,1  27  10,1    1    0    0    0    0
 17  6  29,1  20,6  25,1   2,8     0   204  34,5  25  16,9    8   10    0    0    0
 17  7  28,4  19,6  23,6  -1,5     0    21  30,4   4  18,3    2    1    0    0    0
 17  8
 17  9
 17 10  20,1  12,0  16,5   0,2    50    16  29,6  10   0,0   24    0    0    1    0
 17 11  14,7   9,0  11,7  -0,1   197     0  17,5   5   2,4   28    0    0    0    0
 17 12  11,6   5,6   8,5   0,2   304     0  16,6  12   1,2   19    0    0    0    0
------------------------------------------------------------------------------------
        18,9  11,6  15,3  -0,1   814   307  34,5 lip  -6,1  sij   11    2    4    0

                                Precipitation (mm)

              Dep.   Max        Days of Rain
              From   Obs.           >=
 YR MO Total  Norm   Day Date  0,0  2,2 70,0
---------------------------------------------
 17  1  39,3 -34,1  31,6   3     3    2    0
 17  2
 17  3
 17  4  50,8 -12,0  16,6  28     8    6    0
 17  5  31,6 -16,8   5,7   7    10    6    0
 17  6   6,2 -45,7   3,6  25     3    1    0
 17  7   3,1 -26,4   2,6   2     2    1    0
 17  8
 17  9
 17 10  16,5 -67,2  15,0  22     2    1    0
 17 11 107,1  -4,0  40,9   6    11    9    0
 17 12  41,8 -53,1  11,9  15     8    5    0
---------------------------------------------
       296,4-259,3  40,9  stu   47   31    0

                                Wind Speed (km/h)
                          Dom
 YR MO   Avg.  Hi   Date  Dir
------------------------------
 17  1  16,5  95,8    5    NE
 17  2
 17  3
 17  4  12,6  83,5   26   ESE
 17  5  11,1  80,6   11   NNE
 17  6   9,9  65,5   29   NNW
 17  7  13,4  51,8    2     N
 17  8
 17  9
 17 10   8,6  53,3   27   NNE
 17 11  15,2  61,2    6   ENE
 17 12  14,2  70,9   11     E
------------------------------
        12,7  95,8  sij    NE