Odaberi godišnji ili mjesečni izvještaj
V/Λ2018 > Sij Velj Ožu Tra Svi Lip Srp Kol Ruj Lis Stu Pro
V/Λ2017 > Sij Velj Ožu Tra Svi Lip Srp Kol Ruj Lis Stu Pro
V/Λ2016 > Sij Velj Ožu Tra Svi Lip Srp Kol Ruj Lis Stu Pro
V/Λ2015 > Sij Velj Ožu Tra Svi Lip Srp Kol Ruj Lis Stu Pro
V/Λ2014 > Sij Velj Ožu Tra Svi Lip Srp Kol Ruj Lis Stu Pro

Izvještaj za 2017 Tra
                   Monthly Climatological Summary for tra 2017

Name: www.vrijemeusibeniku.com   City: Šibenik   State: Republika Hrvatska
Elevation: 80 m  Lat: N 43° 44' 13"   Lon: E 015° 54' 58"

                  Temperature (°C), Rain (mm), Wind Speed (km/h)

                                      Heat  Cool        Avg
    Mean                              Deg   Deg         Wind                 Dom
Day Temp  High   Time   Low    Time   Days  Days  Rain  Speed High   Time    Dir
----------------------------------------------------------------------------------
 1  17,7  21,5   14:44  12,9   02:15   1,6   1,0   0,0  14,0  48,2   21:35    SE
 2  18,2  21,2   14:58  15,8   23:55   0,8   0,6   0,0  26,1  60,8   07:06   ESE
 3  15,8  19,9   12:37  13,6   07:15   2,6   0,1   0,0   5,7  38,2   14:14    SW
 4  14,3  16,6   14:27  12,1   08:17   4,0   0,0   1,5   8,3  44,1   13:38     S
 5  13,5  16,3   12:35  11,6   02:23   4,9   0,0  10,4   3,0  26,3   13:18     N
 6  13,1  15,3   11:55  10,7   04:15   5,2   0,0   1,6   6,7  45,0   23:26   NNE
 7  12,2  15,5   13:46   9,6   06:14   6,1   0,0   0,0  14,2  43,6   15:52     N
 8  14,0  18,2   18:03   9,0   06:05   4,1   0,0   0,0   7,8  48,6   01:09   WNW
 9  16,3  18,9   11:42  12,9   06:19   2,1   0,1   0,0   7,5  31,3   13:01     S
10  15,7  18,9   15:33  11,1   04:34   2,7   0,1   0,0   4,2  27,0   13:26   SSW
11  16,1  19,9   11:31  11,3   07:26   2,5   0,3   0,0   5,9  45,7   23:00   WSW
12  16,8  20,3   12:39  13,9   06:22   1,8   0,3   0,0  13,6  39,6   00:01     N
13  16,1  19,8   13:14  10,8   05:01   2,5   0,3   0,0   3,4  25,9   14:04   SSW
14  16,4  19,9   10:42  12,7   06:46   2,0   0,2   0,0   3,4  24,5   12:18   SSW
15  17,2  20,5   11:21  12,4   06:34   1,6   0,6   0,0   7,1  38,2   15:52   SSW
16  15,4  18,9   17:40  13,5   10:57   3,0   0,0   3,6   7,8  42,8   11:31    NE
17  13,1  17,4   16:54   8,6   07:04   5,0   0,0   3,1  13,6  56,2   04:18     N
18  10,4  15,9   10:09   5,1   22:20   7,9   0,0   6,2  17,8  70,9   22:11    NE
19   7,9  10,4   15:25   5,8   23:06  10,4   0,0   0,0  24,3  57,2   08:35   NNE
20   6,7   8,8   16:21   5,1   23:46  11,8   0,0   0,0   6,6  15,8   00:00   NNE
21   7,7  11,5   16:20   4,6   04:26  10,6   0,0   0,0   0,0   0,0   00:00   ---
22  10,9  16,4   16:06   6,1   03:38   7,2   0,0   0,0   2,0  34,6   16:43   WNW
23  12,8  15,3   15:57  10,8   07:39   5,4   0,0   0,0   6,7  32,4   11:13   ENE
24  14,6  17,8   18:40  11,6   06:23   3,7   0,0   0,0  12,3  44,6   13:10   SSE
25  16,1  18,9   12:44  13,6   01:03   2,2   0,0   0,0  27,3  64,1   13:40    SE
26  16,3  19,2   14:33  14,1   04:47   2,0   0,0   0,0  33,7  83,5   16:53    SE
27  17,9  20,5   12:03  16,2   00:00   0,9   0,5   0,0  30,4  64,4   10:03    SE
28  16,3  19,3   09:56  10,4   22:37   2,1   0,1  16,6  30,0  79,9   13:07    SE
29  12,1  15,9   16:24   8,3   06:17   6,2   0,0   7,8  19,9  44,3   20:20    NE
30  14,0  18,4   12:39   8,4   05:22   4,3   0,0   0,0  11,0  42,1   15:48    NW
----------------------------------------------------------------------------------
    14,2  21,5     1     4,6    21   127,2   4,2  50,8  12,6  83,5    26     ESE

Max >=  30,0:  0
Max <=   0,0:  0
Min <=   0,0:  0
Min <= -10,0:  0
Max Rain: 16,6 on day 28
Days of Rain: 8 (>= 0,0 mm)  6 (>= 2,2 mm)  0 (>= 70,0 mm)
Heat Base: 18,3  Cool Base: 18,3  Method: Integration