Odaberi godišnji ili mjesečni izvještaj
V/Λ2018 > Sij Velj Ožu Tra Svi Lip Srp Kol Ruj Lis Stu Pro
V/Λ2017 > Sij Velj Ožu Tra Svi Lip Srp Kol Ruj Lis Stu Pro
V/Λ2016 > Sij Velj Ožu Tra Svi Lip Srp Kol Ruj Lis Stu Pro
V/Λ2015 > Sij Velj Ožu Tra Svi Lip Srp Kol Ruj Lis Stu Pro
V/Λ2014 > Sij Velj Ožu Tra Svi Lip Srp Kol Ruj Lis Stu Pro

Izvještaj za 2017 Svi
                   Monthly Climatological Summary for svi 2017

Name: www.vrijemeusibeniku.com   City: Šibenik   State: Republika Hrvatska
Elevation: 80 m  Lat: N 43° 44' 13"   Lon: E 015° 54' 58"

                  Temperature (°C), Rain (mm), Wind Speed (km/h)

                                      Heat  Cool        Avg
    Mean                              Deg   Deg         Wind                 Dom
Day Temp  High   Time   Low    Time   Days  Days  Rain  Speed High   Time    Dir
----------------------------------------------------------------------------------
 1  15,3  18,5   14:41  10,1   05:14   3,0   0,0   0,0   5,5  32,4   15:06    SW
 2  16,2  19,6   14:36  12,6   02:23   2,4   0,3   0,0   8,1  33,5   14:50    NW
 3  15,7  19,2   12:34  10,6   05:06   2,7   0,1   0,0   3,6  31,7   13:00   WNW
 4  17,3  21,4   15:00  12,2   06:27   1,9   0,8   0,0   2,8  22,7   14:51   WNW
 5  15,2  18,1   12:00  12,1   06:23   3,1   0,0   3,1  10,9  37,1   12:24   NNW
 6  16,1  20,1   12:51  11,5   03:50   2,4   0,2   1,0   7,4  34,9   18:07   SSE
 7  15,7  18,0   12:22  13,9   03:07   2,6   0,0   5,7  11,2  41,0   01:54    NE
 8  17,9  22,3   13:59  14,1   02:01   1,4   1,0   0,5  11,8  38,5   22:01     N
 9  16,9  20,0   12:43  14,6   22:55   1,7   0,2   0,0  18,1  42,5   17:26   NNE
10  16,1  19,2   17:26  12,3   06:51   2,4   0,1   0,0  11,7  33,8   13:30     E
11  18,3  22,2   14:40  14,1   01:31   1,2   1,2   0,0  30,0  80,6   15:10    SE
12  20,9  24,9   14:59  18,0   00:35   0,0   2,6   0,0  20,8  78,5   02:40    SE
13  19,8  22,1   13:53  16,4   03:52   0,3   1,8   4,1   7,3  34,9   14:08   WNW
14  20,4  24,2   18:04  15,5   03:51   0,5   2,6   0,0   3,5  29,9   13:57     W
15  19,9  24,4   11:30  16,4   05:14   0,2   1,9   4,7   8,8  36,0   22:56   NNE
16  22,2  26,5   16:36  18,3   00:26   0,0   3,8   0,0  21,8  48,2   09:09   NNE
17  22,9  26,9   18:22  19,4   05:16   0,0   4,7   0,0  15,1  41,0   06:05    NE
18  21,7  25,6   08:52  18,1   05:19   0,0   3,4   0,0   6,8  30,2   14:59    SW
19  20,9  25,3   09:25  15,4   05:32   0,4   3,0   0,0   4,7  29,2   15:36   SSW
20  18,0  20,4   12:34  15,4   14:30   0,7   0,4   1,6   8,7  32,4   13:40   NNW
21  18,8  23,8   17:28  15,2   00:26   0,9   1,3   1,0  19,3  59,4   10:19   NNE
22  20,6  24,1   11:16  18,1   04:27   0,0   2,0   0,0  15,8  50,8   05:36   NNE
23  21,3  24,9   14:02  16,3   06:06   0,2   3,2   0,0   3,8  23,0   13:35   SSW
24  21,8  26,7   09:34  18,8   01:41   0,0   3,5   4,7   6,1  31,3   02:52     N
25  18,0  21,2   16:32  15,1   05:13   1,0   0,8   5,2  19,6  51,1   08:21   NNE
26  20,2  24,3   17:34  16,4   05:31   0,5   2,4   0,0  15,6  45,7   11:55     N
27  22,2  27,1   16:07  16,6   05:37   0,2   4,1   0,0  17,3  38,5   10:23   NNE
28  22,1  26,9   12:22  18,4   05:53   0,0   3,5   0,0  13,2  34,2   03:22   NNE
29  22,3  26,3   09:11  18,3   04:39   0,0   4,0   0,0   6,2  34,2   12:30   SSW
30  22,1  25,3   09:42  16,7   05:48   0,1   3,8   0,0   4,5  28,1   13:08   SSW
31  22,3  26,2   09:51  16,6   05:41   0,1   4,1   0,0   5,9  33,8   12:12    SW
----------------------------------------------------------------------------------
    19,3  27,1    27    10,1     1    29,9  60,8  31,6  11,1  80,6    11     NNE

Max >=  30,0:  0
Max <=   0,0:  0
Min <=   0,0:  0
Min <= -10,0:  0
Max Rain: 5,7 on day 7
Days of Rain: 10 (>= 0,0 mm)  6 (>= 2,2 mm)  0 (>= 70,0 mm)
Heat Base: 18,3  Cool Base: 18,3  Method: Integration