Odaberi godišnji ili mjesečni izvještaj
V/Λ2018 > Sij Velj Ožu Tra Svi Lip Srp Kol Ruj Lis Stu Pro
V/Λ2017 > Sij Velj Ožu Tra Svi Lip Srp Kol Ruj Lis Stu Pro
V/Λ2016 > Sij Velj Ožu Tra Svi Lip Srp Kol Ruj Lis Stu Pro
V/Λ2015 > Sij Velj Ožu Tra Svi Lip Srp Kol Ruj Lis Stu Pro
V/Λ2014 > Sij Velj Ožu Tra Svi Lip Srp Kol Ruj Lis Stu Pro

Izvještaj za 2017 Lis
                   Monthly Climatological Summary for lis 2017

Name: www.vrijemeusibeniku.com   City: Šibenik   State: Republika Hrvatska
Elevation: 80 m  Lat: N 43° 44' 13"   Lon: E 015° 54' 58"

                  Temperature (°C), Rain (mm), Wind Speed (km/h)

                                      Heat  Cool        Avg
    Mean                              Deg   Deg         Wind                 Dom
Day Temp  High   Time   Low    Time   Days  Days  Rain  Speed High   Time    Dir
----------------------------------------------------------------------------------
10  23,9  29,6   11:50  15,3   22:36   0,7   7,5   0,0   5,2  31,7   16:17    SW
11  16,5  20,2   14:36  12,7   07:36   2,2   0,4   0,0   0,6  10,4   14:36   WSW
12  16,8  20,6   14:36  12,9   07:36   2,0   0,5   0,0   0,5   8,3   15:36     W
13  16,9  21,4   16:36  12,9   06:36   2,0   0,7   0,0   2,0  14,4   17:36    NW
14  17,7  22,8   16:36  13,3   05:36   1,7   1,2   0,0   1,6  16,9   17:36   WNW
15  18,1  22,9   16:36  14,1   08:36   1,3   1,2   0,0   0,4   5,8   19:36     S
16  18,1  21,9   13:36  13,9   07:36   1,2   1,0   0,0   0,5   7,6   12:36   SSW
17  17,8  21,5   14:36  14,1   06:36   1,3   0,8   0,0   0,0   0,0   00:36   ---
18  17,7  21,6   15:41  13,3   07:10   1,4   0,8   0,0   0,2  12,6   13:06   WSW
19  17,1  21,0   14:57  13,3   05:58   1,8   0,6   0,0   1,5  20,2   14:29    SW
20  17,3  21,0   13:35  14,1   05:09   1,6   0,6   0,0   1,6  19,8   15:16   WSW
21  16,9  20,1   13:57  12,3   07:50   1,7   0,3   0,0   1,4  19,4   16:53   WNW
22  17,4  20,3   13:39  12,8   23:45   1,2   0,4  15,0   7,8  44,6   22:53     E
23  11,9  14,1   13:47   9,6   04:58   4,1   0,0   1,5  34,4  50,4   06:31    NE
24  15,2  15,9   16:42   0,0   16:42   0,9   0,0   0,0  22,2  52,9   18:38   NNW
25  16,5  21,4   15:18  13,1   06:37   2,3   0,5   0,0  17,9  45,0   02:21   NNE
26  16,2  20,1   14:11  12,6   07:22   2,4   0,3   0,0   1,3  25,6   01:48   ENE
27  15,3  18,6   15:07  11,4   06:49   3,0   0,0   0,0   5,7  53,3   19:39    NE
28  14,5  17,4   15:53  12,5   08:30   3,8   0,0   0,0  12,4  40,0   12:01     N
29  14,4  18,1   14:33  10,2   05:18   4,1   0,0   0,0   9,7  34,6   11:22    SE
30  14,7  17,0   14:34  11,1   23:59   3,6   0,0   0,0  16,1  42,5   02:26    NE
31  12,2  15,5   15:00   9,4   05:28   6,1   0,0   0,0   8,8  31,3   01:26    NE
----------------------------------------------------------------------------------
    16,5  29,6    10     0,0    24    50,4  16,8  16,5   8,6  53,3    27     NNE

Max >=  30,0:  0
Max <=   0,0:  0
Min <=   0,0:  1
Min <= -10,0:  0
Max Rain: 15,0 on day 22
Days of Rain: 2 (>= 0,0 mm)  1 (>= 2,2 mm)  0 (>= 70,0 mm)
Heat Base: 18,3  Cool Base: 18,3  Method: Integration