Odaberi godišnji ili mjesečni izvještaj
V/Λ2018 > Sij Velj Ožu Tra Svi Lip Srp Kol Ruj Lis Stu Pro
V/Λ2017 > Sij Velj Ožu Tra Svi Lip Srp Kol Ruj Lis Stu Pro
V/Λ2016 > Sij Velj Ožu Tra Svi Lip Srp Kol Ruj Lis Stu Pro
V/Λ2015 > Sij Velj Ožu Tra Svi Lip Srp Kol Ruj Lis Stu Pro
V/Λ2014 > Sij Velj Ožu Tra Svi Lip Srp Kol Ruj Lis Stu Pro

Izvještaj za 2017 Stu
                   Monthly Climatological Summary for stu 2017

Name: www.vrijemeusibeniku.com   City: Šibenik   State: Republika Hrvatska
Elevation: 80 m  Lat: N 43° 44' 13"   Lon: E 015° 54' 58"

                  Temperature (°C), Rain (mm), Wind Speed (km/h)

                                      Heat  Cool        Avg
    Mean                              Deg   Deg         Wind                 Dom
Day Temp  High   Time   Low    Time   Days  Days  Rain  Speed High   Time    Dir
----------------------------------------------------------------------------------
 1  12,2  16,1   15:06   7,7   06:26   6,1   0,0   0,0   2,6  25,9   14:23    NW
 2  13,5  17,0   13:13   8,8   05:26   4,8   0,0   0,0   2,3  15,1   22:52    SE
 3  13,3  14,1   01:31  11,4   23:55   5,0   0,0   3,1   7,5  27,4   08:58     E
 4  13,3  16,9   14:26  10,8   06:32   5,0   0,0   0,0   3,5  31,0   01:11     E
 5  14,5  17,5   14:56   9,9   01:46   3,8   0,0   0,0  17,2  47,5   20:59    SE
 6  14,7  16,7   09:49  13,2   19:41   3,6   0,0  40,9  25,4  61,2   12:40   ESE
 7  13,7  16,6   14:45  11,9   22:18   4,6   0,0  16,6  17,5  46,1   03:43   ESE
 8  13,0  15,8   15:38  11,4   00:38   5,3   0,0   5,7   8,8  31,7   19:41   ESE
 9  13,3  16,1   14:39  11,3   06:12   5,0   0,0   6,7   7,0  28,1   02:41     E
10  13,5  16,7   13:16  10,9   06:01   4,8   0,0   0,0   2,7  20,9   10:30   ESE
11  13,6  16,5   13:37  11,3   00:56   4,7   0,0   1,0   3,0  17,6   14:14   ESE
12  14,7  17,0   13:39  12,5   03:41   3,6   0,0   0,0  17,4  42,5   21:13    SE
13  11,5  16,9   10:40   5,5   17:48   7,1   0,0   7,8  29,8  60,1   18:01   ENE
14   8,9  10,1   15:05   7,8   09:33   9,4   0,0   0,0  28,9  51,1   10:05    NE
15   9,7  11,2   09:58   7,9   23:55   8,6   0,0   1,0  33,4  51,5   09:02    NE
16   9,8  13,4   12:51   7,9   00:00   8,5   0,0   0,0  33,8  50,0   00:40    NE
17  11,1  15,7   13:47   8,4   04:10   7,2   0,0   0,0  29,3  50,8   07:08    NE
18  10,3  13,6   13:07   8,6   23:46   8,0   0,0   0,0  25,9  43,2   06:33   NNE
19   9,3  12,4   13:45   6,9   05:24   9,0   0,0   0,0   9,4  41,0   22:49   NNE
20   9,8  13,0   13:43   6,9   05:40   8,5   0,0   0,0  10,8  43,2   03:41   NNE
21  11,1  14,3   13:25   7,8   03:37   7,2   0,0   0,0   7,0  24,1   20:04    SE
22  13,0  15,6   12:39  11,0   05:45   5,3   0,0   0,0   9,3  27,7   13:32    SE
23  13,5  15,8   14:56  10,5   01:33   4,8   0,0   0,0   5,9  26,3   12:00    SE
24  13,8  16,4   13:36  10,8   03:01   4,5   0,0   0,0   3,7  23,4   12:32   SSE
25  14,4  16,4   12:36  12,9   06:47   3,9   0,0   0,0  15,7  43,2   20:57    SE
26   9,9  15,6   02:08   6,0   11:27   8,4   0,0   6,7  28,3  53,3   13:19    NE
27   6,4   8,2   13:45   4,5   23:18  11,9   0,0   0,0  24,9  58,0   00:08   NNE
28   6,3   9,9   15:59   2,4   04:53  12,0   0,0   0,0   6,1  33,5   00:43   ENE
29  10,2  12,6   16:10   6,4   03:22   8,1   0,0   6,7  26,7  50,8   16:14    SE
30   9,5  13,4   03:46   6,3   18:10   8,8   0,0  10,9  11,5  49,3   00:55   ENE
----------------------------------------------------------------------------------
    11,7  17,5     5     2,4    28   197,5   0,0 107,1  15,2  61,2     6     ENE

Max >=  30,0:  0
Max <=   0,0:  0
Min <=   0,0:  0
Min <= -10,0:  0
Max Rain: 40,9 on day 6
Days of Rain: 11 (>= 0,0 mm)  9 (>= 2,2 mm)  0 (>= 70,0 mm)
Heat Base: 18,3  Cool Base: 18,3  Method: Integration