Odaberi godišnji ili mjesečni izvještaj
V/Λ2018 > Sij Velj Ožu Tra Svi Lip Srp Kol Ruj Lis Stu Pro
V/Λ2017 > Sij Velj Ožu Tra Svi Lip Srp Kol Ruj Lis Stu Pro
V/Λ2016 > Sij Velj Ožu Tra Svi Lip Srp Kol Ruj Lis Stu Pro
V/Λ2015 > Sij Velj Ožu Tra Svi Lip Srp Kol Ruj Lis Stu Pro
V/Λ2014 > Sij Velj Ožu Tra Svi Lip Srp Kol Ruj Lis Stu Pro

Izvještaj za 2017 Pro
                   Monthly Climatological Summary for pro 2017

Name: www.vrijemeusibeniku.com   City: Šibenik   State: Republika Hrvatska
Elevation: 80 m  Lat: N 43° 44' 13"   Lon: E 015° 54' 58"

                  Temperature (°C), Rain (mm), Wind Speed (km/h)

                                      Heat  Cool        Avg
    Mean                              Deg   Deg         Wind                 Dom
Day Temp  High   Time   Low    Time   Days  Days  Rain  Speed High   Time    Dir
----------------------------------------------------------------------------------
 1   7,7  11,8   13:59   5,1   06:19  10,6   0,0   0,0  11,2  45,0   20:31    NE
 2   7,3   9,9   13:32   6,1   04:50  11,0   0,0   0,0  20,8  44,6   00:24    NE
 3   5,3   7,8   13:06   3,6   22:08  13,0   0,0   0,0  23,7  46,1   02:06   NNE
 4   5,4   9,3   14:07   2,4   05:47  12,9   0,0   0,0  15,6  40,7   02:08   NNE
 5   7,7  11,4   14:28   3,8   03:38  10,6   0,0   0,0   5,3  27,0   10:48     N
 6   7,8  11,6   14:14   3,8   07:12  10,5   0,0   0,0   1,3  23,4   13:25   NNW
 7   9,1  12,6   13:27   5,2   04:11   9,2   0,0   0,0   1,6  20,9   23:55    SE
 8  12,1  13,8   11:19  10,8   00:52   6,2   0,0   1,0  18,4  46,1   22:16   SSE
 9   6,6  13,8   05:02   2,3   23:55  11,7   0,0   2,6  24,3  48,6   14:12    NE
10   6,1  11,4   23:38   1,8   01:02  12,2   0,0   0,0  19,7  51,8   23:02    SE
11  13,6  15,2   23:59  11,3   00:00   4,7   0,0   0,0  39,1  70,9   17:51   SSE
12  15,6  16,6   11:48  14,9   03:41   2,7   0,0   0,0  30,2  59,8   00:05   SSE
13  10,5  16,1   00:00   8,9   23:07   7,8   0,0   8,3   4,6  43,9   21:43    NE
14  11,5  12,9   23:18   9,6   00:00   6,8   0,0   0,0  15,5  40,7   10:30    SE
15  13,9  15,3   13:39  10,2   22:08   4,6   0,0  11,9  23,6  49,7   15:48   SSE
16   9,2  12,6   14:27   5,6   23:20   9,1   0,0  11,9  11,8  42,5   01:25    NE
17   6,7   8,8   12:07   4,4   22:03  11,6   0,0   0,0  17,7  44,3   12:21   NNE
18   4,3   6,9   12:52   2,3   23:43  14,0   0,0   0,0  15,6  38,9   14:27     N
19   3,3   6,0   13:16   1,2   22:31  15,0   0,0   0,0  15,7  36,7   22:34   NNE
20   3,4   6,4   13:31   1,5   01:21  14,9   0,0   0,0  10,9  38,2   16:14    NE
21   5,3   8,5   13:00   3,1   00:26  13,0   0,0   0,0  12,1  43,6   11:28   NNE
22   8,6  11,8   13:03   4,6   00:06   9,7   0,0   0,0  15,4  45,7   10:47     N
23   9,6  12,9   15:08   6,9   23:56   8,7   0,0   0,0  14,0  37,4   02:46   NNW
24   8,8  13,4   14:37   5,1   05:40   9,5   0,0   0,0   0,6  18,4   11:35     N
25   8,5  12,4   13:58   4,2   06:02   9,8   0,0   0,0   0,0  23,0   20:11   ENE
26  10,0  13,1   13:48   5,2   03:19   8,3   0,0   0,0   4,5  26,3   22:29   SSE
27  12,3  13,9   11:01  10,4   00:07   6,0   0,0   4,1  29,5  68,4   19:31   SSE
28  10,7  12,3   03:02   6,9   23:02   7,6   0,0   1,0  19,8  69,5   01:15     S
29   6,6   9,4   13:56   4,1   23:32  11,7   0,0   1,0  16,5  42,1   10:19   NNE
30   6,6  10,2   16:03   3,6   02:38  11,7   0,0   0,0   2,0  25,9   07:37   ENE
31   8,5  10,9   23:14   4,5   04:51   9,8   0,0   0,0   3,0  25,2   21:34    SE
----------------------------------------------------------------------------------
     8,5  16,6    12     1,2    19   304,9   0,0  41,8  14,2  70,9    11       E

Max >=  30,0:  0
Max <=   0,0:  0
Min <=   0,0:  0
Min <= -10,0:  0
Max Rain: 11,9 on day 15
Days of Rain: 8 (>= 0,0 mm)  5 (>= 2,2 mm)  0 (>= 70,0 mm)
Heat Base: 18,3  Cool Base: 18,3  Method: Integration