Odaberi godišnji ili mjesečni izvještaj
V/Λ2018 > Sij Velj Ožu Tra Svi Lip Srp Kol Ruj Lis Stu Pro
V/Λ2017 > Sij Velj Ožu Tra Svi Lip Srp Kol Ruj Lis Stu Pro
V/Λ2016 > Sij Velj Ožu Tra Svi Lip Srp Kol Ruj Lis Stu Pro
V/Λ2015 > Sij Velj Ožu Tra Svi Lip Srp Kol Ruj Lis Stu Pro
V/Λ2014 > Sij Velj Ožu Tra Svi Lip Srp Kol Ruj Lis Stu Pro

Izvještaj za 2018 Sij
                   Monthly Climatological Summary for sij 2018

Name: www.vrijemeusibeniku.com   City: Šibenik   State: Republika Hrvatska
Elevation: 80 m  Lat: N 43° 44' 13"   Lon: E 015° 54' 58"

                  Temperature (°C), Rain (mm), Wind Speed (km/h)

                                      Heat  Cool        Avg
    Mean                              Deg   Deg         Wind                 Dom
Day Temp  High   Time   Low    Time   Days  Days  Rain  Speed High   Time    Dir
----------------------------------------------------------------------------------
 1  10,6  11,9   17:45   8,4   23:14   7,7   0,0   7,3  19,8  47,9   15:18   ESE
 2   9,4  11,4   13:16   7,8   21:36   8,9   0,0   0,5  10,9  32,4   15:47     N
 3   8,8  12,2   12:50   5,4   09:30   9,5   0,0   4,7  14,3  36,7   22:46     E
 4   9,1  12,2   14:06   4,8   04:42   9,1   0,0   0,0   6,5  34,9   22:19   ESE
 5  12,4  13,6   13:41  11,2   00:00   5,9   0,0   0,0  15,1  41,0   07:28   ESE
 6  14,0  15,4   11:52  13,1   07:17   4,2   0,0   0,0  18,4  45,7   12:30    SE
 7  14,7  16,1   12:15  13,2   06:05   3,6   0,0   0,0  19,3  46,4   12:25    SE
 8  15,2  16,4   11:28  14,5   04:51   3,1   0,0   0,0  25,5  50,8   22:56    SE
 9  15,2  15,9   13:02  14,3   23:57   3,1   0,0   0,0  25,6  49,7   12:10    SE
10  10,7  14,7   00:46   7,3   23:43   7,6   0,0  30,0   9,1  49,3   03:14     E
11  10,0  13,8   15:17   6,0   07:27   8,2   0,0   0,0  11,4  38,9   22:26    NE
12   9,8  12,8   13:21   8,2   08:04   8,5   0,0   0,0  19,0  39,6   01:31   NNE
13   9,2  12,9   13:21   7,2   21:46   8,9   0,0   0,0  13,4  37,4   23:40   NNE
14   7,8  10,7   14:42   6,2   21:56  10,5   0,0   0,0  21,0  36,4   00:40    NE
15   7,4   8,9   15:15   6,1   10:55  10,9   0,0   0,0   3,9  27,4   00:05    NE
16  10,3  12,1   22:05   7,4   00:00   8,0   0,0   1,6  14,2  36,4   07:12    SE
17  10,0  14,7   10:51   5,4   23:53   8,3   0,0   4,2  17,9  49,0   20:17   ENE
18   7,7  11,2   14:25   3,5   06:25  10,5   0,0   0,0   5,1  31,7   23:47   ESE
19  11,0  12,9   12:31   5,1   23:58   7,3   0,0   3,1  18,9  53,3   23:32   ESE
20   7,9  11,6   15:11   4,7   00:25  10,4   0,0   1,0  10,6  50,4   00:15    NE
21   9,1  10,9   15:11   6,7   23:50   9,2   0,0   4,1  13,9  42,5   06:12   ENE
22   6,4   9,5   14:59   3,6   07:16  11,9   0,0   0,0  10,5  43,9   00:47   NNE
23   8,3  12,5   14:44   4,9   04:30  10,0   0,0   0,0   8,5  37,4   14:43   NNE
24   8,8  13,0   14:06   5,9   06:06   9,5   0,0   0,0   8,3  27,0   02:56   NNE
25   7,4  11,9   15:39   5,3   08:36  10,6   0,0   0,0   0,2  40,3   15:52   ENE
26   8,9  11,8   15:31   5,8   08:31   9,6   0,0   0,0   0,7  14,4   22:31   ESE
27  10,3  13,4   13:25   8,3   03:31   8,1   0,0   0,0   1,0  19,8   02:31     E
28   8,9  12,9   14:56   5,1   08:09   9,4   0,0   0,0   3,2  46,1   12:03   NNW
29   8,7  10,5   15:03   7,3   08:39   9,6   0,0   0,0   3,6  20,2   13:12     N
30   9,1  12,0   13:41   6,7   05:03   9,2   0,0   0,0   7,0  27,7   04:36   NNE
31   9,9  12,3   13:16   7,6   00:19   8,4   0,0   0,0   6,5  30,2   21:59    SE
----------------------------------------------------------------------------------
     9,9  16,4     8     3,5    18   259,7   0,0  56,5  12,2  53,3    19       E

Max >=  30,0:  0
Max <=   0,0:  0
Min <=   0,0:  0
Min <= -10,0:  0
Max Rain: 30,0 on day 10
Days of Rain: 9 (>= 0,0 mm)  6 (>= 2,2 mm)  0 (>= 70,0 mm)
Heat Base: 18,3  Cool Base: 18,3  Method: Integration