Odaberi godišnji ili mjesečni izvještaj
V/Λ2018 > Sij Velj Ožu Tra Svi Lip Srp Kol Ruj Lis Stu Pro
V/Λ2017 > Sij Velj Ožu Tra Svi Lip Srp Kol Ruj Lis Stu Pro
V/Λ2016 > Sij Velj Ožu Tra Svi Lip Srp Kol Ruj Lis Stu Pro
V/Λ2015 > Sij Velj Ožu Tra Svi Lip Srp Kol Ruj Lis Stu Pro
V/Λ2014 > Sij Velj Ožu Tra Svi Lip Srp Kol Ruj Lis Stu Pro

Izvještaj za 2018 Velj
                   Monthly Climatological Summary for vlj 2018

Name: www.vrijemeusibeniku.com   City: Šibenik   State: Republika Hrvatska
Elevation: 80 m  Lat: N 43° 44' 13"   Lon: E 015° 54' 58"

                  Temperature (°C), Rain (mm), Wind Speed (km/h)

                                      Heat  Cool        Avg
    Mean                              Deg   Deg         Wind                 Dom
Day Temp  High   Time   Low    Time   Days  Days  Rain  Speed High   Time    Dir
----------------------------------------------------------------------------------
 1  11,8  13,5   11:59   9,9   00:25   6,4   0,0   0,0  25,0  50,8   16:31   SSE
 2  14,1  15,1   19:38  12,7   07:06   4,2   0,0   0,0  27,3  49,7   13:29   SSE
 3  10,9  14,9   00:00   3,8   07:51   7,4   0,0  10,4  18,2  69,5   01:33   SSE
 4   7,2  10,3   14:26   4,5   07:35  11,1   0,0   1,6   9,3  31,7   07:47   NNE
 5   7,7  11,3   12:47   4,0   07:46  10,6   0,0   0,0   1,5  20,5   15:32    SW
 6   8,0  10,2   23:50   5,3   08:02  10,3   0,0   0,5  19,5  52,2   23:57   ESE
 7  10,1  13,9   10:06   7,5   17:46   8,2   0,0  15,5  20,7  63,0   10:46   ESE
 8   8,2  10,5   14:09   6,9   23:56  10,1   0,0   1,0   5,1  24,8   21:16    NE
 9   8,2  11,3   13:16   5,3   06:45  10,1   0,0   0,0   2,3  28,4   00:44   NNE
10   7,6  11,5   12:31   4,6   07:57  10,7   0,0   0,0  19,0  51,8   22:08   NNE
11   6,4   9,6   14:11   4,6   23:57  12,2   0,0   0,0  18,3  52,9   01:20   NNE
12   7,2  11,0   13:28   2,1   07:10  11,1   0,0   5,7   8,5  39,2   22:01    SE
13   5,2   8,2   14:11   3,1   23:08  13,1   0,0   2,6  21,6  44,3   04:21   NNE
14   4,5   7,8   15:11   2,1   04:11  13,8   0,0   0,0  15,3  37,8   22:25   NNE
15   4,1   7,6   14:21   1,8   06:00  14,2   0,0   0,0  17,6  41,8   10:00     N
16   6,4  10,9   15:43   1,2   06:50  11,9   0,0   0,0   2,2  46,1   16:38     N
17   8,6  12,1   14:04   4,1   07:00   9,7   0,0   0,0   2,6  31,7   01:19   ESE
18   7,3   9,3   00:55   5,6   18:15  11,0   0,0  13,0  20,5  40,0   20:06   ENE
19   4,9   6,8   13:29   2,2   19:15  13,4   0,0  10,4  21,0  45,4   17:45    NE
20   3,8   5,6   15:29   1,9   06:02  14,5   0,0   0,0  25,5  46,4   21:59    NE
21   5,6   8,2   13:19   2,9   06:19  12,7   0,0   1,0  27,8  48,2   02:40    NE
22   7,2   9,8   22:06   4,1   01:25  11,1   0,0   6,2  23,5  47,2   06:05   ENE
23   9,9  12,0   18:54   7,1   22:44   8,4   0,0   6,2  28,8  45,4   03:44     E
24   7,6  12,2   13:16   2,8   23:47  10,7   0,0   0,0  31,5  54,0   23:37    NE
25  -0,3   2,8   00:00  -2,4   18:05  18,6   0,0   0,0  25,3  57,6   00:33   NNE
26  -3,4  -1,7   00:04  -4,8   12:26  21,7   0,0   0,0  23,0  45,4   09:07   NNE
27  -3,4  -0,1   14:39  -5,5   23:56  21,7   0,0   0,0  19,1  39,6   03:03   NNE
28  -3,5  -0,1   16:32  -7,1   04:18  21,8   0,0   0,0  15,7  42,8   09:30   NNE
----------------------------------------------------------------------------------
     6,1  15,1     2    -7,1    28   340,7   0,0  74,1  17,7  69,5     3      NE

Max >=  30,0:  0
Max <=   0,0:  3
Min <=   0,0:  4
Min <= -10,0:  0
Max Rain: 15,5 on day 7
Days of Rain: 12 (>= 0,0 mm)  8 (>= 2,2 mm)  0 (>= 70,0 mm)
Heat Base: 18,3  Cool Base: 18,3  Method: Integration