Odaberi godišnji ili mjesečni izvještaj
V/Λ2018 > Sij Velj Ožu Tra Svi Lip Srp Kol Ruj Lis Stu Pro
V/Λ2017 > Sij Velj Ožu Tra Svi Lip Srp Kol Ruj Lis Stu Pro
V/Λ2016 > Sij Velj Ožu Tra Svi Lip Srp Kol Ruj Lis Stu Pro
V/Λ2015 > Sij Velj Ožu Tra Svi Lip Srp Kol Ruj Lis Stu Pro
V/Λ2014 > Sij Velj Ožu Tra Svi Lip Srp Kol Ruj Lis Stu Pro

Izvještaj za 2018 Ožu
                   Monthly Climatological Summary for ožu 2018

Name: www.vrijemeusibeniku.com   City: Šibenik   State: Republika Hrvatska
Elevation: 80 m  Lat: N 43° 44' 13"   Lon: E 015° 54' 58"

                  Temperature (°C), Rain (mm), Wind Speed (km/h)

                                      Heat  Cool        Avg
    Mean                              Deg   Deg         Wind                 Dom
Day Temp  High   Time   Low    Time   Days  Days  Rain  Speed High   Time    Dir
----------------------------------------------------------------------------------
 1   2,7  10,3   23:05  -2,2   00:31  15,5   0,0   3,1  25,7  46,4   19:10     E
 2   9,4  10,9   18:30   7,5   06:15   8,9   0,0   3,1   3,4  30,2   18:57   SSE
 3   9,5  12,9   12:01   6,9   04:40   8,8   0,0   5,2  10,4  42,8   17:09    SE
 4   9,2  12,7   13:43   5,9   07:34   9,1   0,0   2,1   7,6  37,4   04:26   NNE
 5  11,3  15,0   16:02   8,8   00:58   7,0   0,0  14,5  12,6  38,5   12:00     E
 6  10,5  12,2   11:39   9,5   06:37   7,8   0,0   9,3   9,2  51,1   11:42   SSE
 7  12,1  16,4   14:43   7,6   23:37   6,2   0,0   4,7  12,8  43,9   21:52   SSE
 8   9,9  12,9   12:51   7,1   00:44   8,4   0,0   3,1   8,2  33,1   02:00   NNW
 9  11,4  14,6   14:19   7,4   02:49   6,9   0,0   0,0   6,7  34,9   13:48     S
10  12,7  16,0   14:42   9,8   06:47   5,6   0,0   0,0  11,7  36,4   14:06    SE
11  14,1  15,8   11:25  12,2   06:09   4,1   0,0   1,0  25,4  53,6   17:20    SE
12  14,6  17,5   14:36  11,6   22:00   3,7   0,0   0,0  12,5  49,7   17:22   SSE
13  12,6  15,9   16:20  10,3   10:07   5,7   0,0   5,2   2,2  27,4   09:02   NNE
14  11,4  13,8   16:37   9,2   02:58   6,9   0,0   2,1   4,2  31,7   02:02   ENE
15  12,0  15,6   14:50   8,0   03:28   6,3   0,0   0,0  17,2  46,8   22:42    SE
16  14,2  17,1   14:47  11,3   02:32   4,1   0,0   1,5  13,4  46,8   05:48    SE
17  12,6  15,8   11:01   8,6   23:09   5,7   0,0   9,8  13,7  53,6   09:25    SE
18  11,2  14,3   12:04   8,9   00:40   7,1   0,0   1,6  12,2  43,9   18:23    SE
19   8,3  11,9   00:00   4,8   21:50  10,0   0,0   2,6  24,1  42,1   21:11    NE
20   6,0  10,8   15:58   2,2   05:17  12,2   0,0   3,1   3,1  74,2   22:45    NE
21   3,2   5,9   14:28   0,7   04:56  15,9   0,0   0,5  34,6 180,0   07:13    NE
22   4,8   8,2   12:31   2,5   23:05  13,2   0,0   0,0   7,4  84,6   20:37   NNE
23   5,5   9,0   15:03   2,6   00:00  12,8   0,0   0,0   0,0  43,2   15:00   NNE
24   8,2  11,4   13:44   4,9   04:06  10,1   0,0   0,0   0,0   0,0   00:00   ---
25   9,7  13,3   13:47   7,0   05:44   8,2   0,0   0,0   0,0   0,0   00:00   ---
26  10,1  14,4   14:26   7,1   06:51   8,2   0,0   0,0   0,0  30,6   23:54    NE
27  11,0  15,2   15:35   6,9   07:27   7,3   0,0   0,0   0,0   0,0   00:00    NE
28  11,1  14,4   12:31   5,8   07:39   7,2   0,0   0,0   0,0   0,0   00:00   ---
29  13,8  17,9   15:24   9,9   00:38   4,5   0,0   0,0   0,0  34,9   11:15   SSE
30  15,1  16,8   13:00  13,6   06:39   3,2   0,0   0,0   1,3 100,0   19:52   ESE
31  15,1  17,0   11:36  10,4   23:27   3,2   0,0   1,0   3,0  94,7   12:38    SE
----------------------------------------------------------------------------------
    10,4  17,9    29    -2,2     1   243,8   0,0  73,5   8,9 180,0    21     ESE

Max >=  30,0:  0
Max <=   0,0:  0
Min <=   0,0:  1
Min <= -10,0:  0
Max Rain: 14,5 on day 5
Days of Rain: 18 (>= 0,0 mm)  11 (>= 2,2 mm)  0 (>= 70,0 mm)
Heat Base: 18,3  Cool Base: 18,3  Method: Integration