Odaberi godišnji ili mjesečni izvještaj
V/Λ2018 > Sij Velj Ožu Tra Svi Lip Srp Kol Ruj Lis Stu Pro
V/Λ2017 > Sij Velj Ožu Tra Svi Lip Srp Kol Ruj Lis Stu Pro
V/Λ2016 > Sij Velj Ožu Tra Svi Lip Srp Kol Ruj Lis Stu Pro
V/Λ2015 > Sij Velj Ožu Tra Svi Lip Srp Kol Ruj Lis Stu Pro
V/Λ2014 > Sij Velj Ožu Tra Svi Lip Srp Kol Ruj Lis Stu Pro

Izvještaj za 2018 Tra
                   Monthly Climatological Summary for tra 2018

Name: www.vrijemeusibeniku.com   City: Šibenik   State: Republika Hrvatska
Elevation: 80 m  Lat: N 43° 44' 13"   Lon: E 015° 54' 58"

                  Temperature (°C), Rain (mm), Wind Speed (km/h)

                                      Heat  Cool        Avg
    Mean                              Deg   Deg         Wind                 Dom
Day Temp  High   Time   Low    Time   Days  Days  Rain  Speed High   Time    Dir
----------------------------------------------------------------------------------
 1  10,2  12,6   16:24   7,9   11:17   8,1   0,0  19,7   0,0   0,0   00:00   ---
 2  12,0  15,3   15:11   7,9   05:11   6,3   0,0   0,0   0,0   0,0   00:00   ---
 3  15,1  19,1   15:05  11,2   03:55   3,3   0,1   0,0   0,1  51,5   07:37    SE
 4  15,3  17,2   16:24  14,2   05:51   3,0   0,0   0,0   0,1  59,8   11:11   SSE
 5  12,7  14,7   00:41  11,1   08:20   5,6   0,0   3,6   0,1  52,9   11:54     E
 6  14,7  19,4   16:45   9,9   03:35   3,7   0,1   0,5   0,0  51,8   11:36   NNE
 7  14,9  18,5   12:03  10,9   05:11   3,4   0,0   0,0   0,0   0,0   00:00   ---
 8  16,2  21,3   17:22   8,4   06:48   2,7   0,6   0,0   0,0   0,0   00:00   ---
 9  17,9  20,2   10:58  15,8   23:57   0,7   0,3   0,0   1,4  99,7   11:34   SSE
10  16,1  18,4   10:52  13,8   06:26   2,2   0,0   0,0   0,0   0,0   00:00   ---
11  16,4  20,8   11:46  12,6   01:21   2,2   0,3   0,0   0,0   4,0   22:54   ESE
12  19,9  22,7   15:31  16,1   06:24   0,5   2,0   0,0   0,5  63,4   06:22   ESE
13  22,5  22,5   00:00  22,5   00:00   0,0   4,2   0,0   0,0   0,0   00:00   ---
14  21,4  22,5   00:00  16,4   23:17   0,2   3,2   0,0   0,0   0,0   00:00   ---
15  19,1  21,8   09:18  15,9   02:01   0,4   1,2   0,0   0,0   0,0   00:00   ---
16  20,5  22,0   15:45  17,3   10:29   0,0   2,3   0,0   0,0  46,1   05:00    NE
17  20,8  22,5   14:28  17,4   21:39   0,1   2,6   0,0   0,0   0,0   00:00   ---
18  18,7  21,6   17:42  15,9   02:32   0,5   0,9   0,0   0,5  52,6   12:05   NNE
19  20,8  24,4   13:05  16,9   05:40   0,1   2,6   0,0   0,0   0,0   00:00   ---
20  23,1  27,9   15:04  19,0   06:24   0,0   4,8   0,0   0,0   0,0   00:00   ---
21  20,4  23,1   18:10  16,4   06:04   0,1   2,2   0,0   0,0   0,0   00:00   ---
22  18,6  21,9   15:06  12,9   05:41   1,0   1,3   0,0   0,0   0,0   00:00   ---
23  18,8  22,6   15:15  13,8   06:16   0,9   1,5   0,0   0,0   0,0   00:00   ---
24  19,3  23,0   14:59  14,3   06:02   0,6   1,7   0,0   0,0   0,0   00:00   ---
25  19,8  23,4   16:34  15,3   05:57   0,5   2,0   0,0   0,0   0,0   00:00   ---
26  20,5  24,5   16:27  15,0   06:04   0,5   2,7   0,0   0,0   0,0   00:00   ---
27  21,4  26,6   16:36  16,4   05:15   0,3   3,4   0,0   0,0  48,2   04:56    NE
28  21,5  26,1   11:18  16,4   05:55   0,1   3,4   0,0   0,0   0,0   00:00   ---
29  22,9  26,3   14:45  18,7   06:16   0,0   4,6   0,0   0,0   0,0   00:00   ---
30  21,9  25,6   10:50  17,8   05:18   0,0   3,6   0,0   0,0  42,5   13:53    SW
----------------------------------------------------------------------------------
    18,4  27,9    20     7,9     1    47,0  51,6  23,8   0,1  99,7     9      SE

Max >=  30,0:  0
Max <=   0,0:  0
Min <=   0,0:  0
Min <= -10,0:  0
Max Rain: 19,7 on day 1
Days of Rain: 3 (>= 0,0 mm)  2 (>= 2,2 mm)  0 (>= 70,0 mm)
Heat Base: 18,3  Cool Base: 18,3  Method: Integration