Odaberi godišnji ili mjesečni izvještaj
V/Λ2018 > Sij Velj Ožu Tra Svi Lip Srp Kol Ruj Lis Stu Pro
V/Λ2017 > Sij Velj Ožu Tra Svi Lip Srp Kol Ruj Lis Stu Pro
V/Λ2016 > Sij Velj Ožu Tra Svi Lip Srp Kol Ruj Lis Stu Pro
V/Λ2015 > Sij Velj Ožu Tra Svi Lip Srp Kol Ruj Lis Stu Pro
V/Λ2014 > Sij Velj Ožu Tra Svi Lip Srp Kol Ruj Lis Stu Pro

Izvještaj za 2018 Svi
                   Monthly Climatological Summary for svi 2018

Name: www.vrijemeusibeniku.com   City: Šibenik   State: Republika Hrvatska
Elevation: 80 m  Lat: N 43° 44' 13"   Lon: E 015° 54' 58"

                  Temperature (°C), Rain (mm), Wind Speed (km/h)

                                      Heat  Cool        Avg
    Mean                              Deg   Deg         Wind                 Dom
Day Temp  High   Time   Low    Time   Days  Days  Rain  Speed High   Time    Dir
----------------------------------------------------------------------------------
 1  20,2  24,0   11:33  15,9   06:21   0,2   2,1   0,0   0,0   0,0   00:00   ---
 2  22,9  27,2   17:55  18,4   05:46   0,0   4,6   0,0   0,0   0,0   00:00   ---
 3  20,6  23,6   13:31  16,5   19:31   0,2   2,6   0,0   0,0  27,0   10:46    NE
 4  20,4  24,6   17:31  17,1   04:31   0,3   2,4   0,0   0,0   0,0   00:31   ---
 5  20,6  24,5   11:31  16,9   05:31   0,2   2,5   0,0   0,0   0,0   00:31   ---
 6  22,3  28,0   15:31  17,2   01:31   0,1   4,1   0,0   0,0   0,0   00:31   ---
 7  23,7  28,6   14:31  20,2   06:31   0,0   5,3   0,0   0,7  46,1   18:16    NE
 8  22,5  25,9   13:22  19,4   06:43   0,0   4,2   0,0   0,0   0,0   00:00   ---
 9  19,0  23,1   17:28  14,8   10:22   0,6   1,3   0,0   0,0   0,0   00:00   ---
10  20,2  23,1   14:14  16,5   02:45   0,3   2,1   0,0   0,0   0,0   00:00   ---
11  21,6  26,9   14:36  16,9   06:11   0,2   3,5   0,0   0,0   0,0   00:00   ---
12  21,9  25,6   09:47  18,9   05:51   0,0   3,6   0,0   0,0   0,0   00:00   ---
13  21,1  24,4   09:13  16,9   04:53   0,0   2,9   0,0   0,0   0,0   00:00   ---
14  20,3  23,3   09:37  18,1   20:37   0,0   2,0   0,0   0,1  53,6   12:02     S
15  17,9  20,4   16:28  13,3   23:45   0,8   0,4   0,0   0,0  50,8   15:12   SSW
16  16,0  19,9   14:15  12,6   09:53   2,6   0,3   0,0   0,0   0,0   00:00   ---
17  18,4  22,4   17:26  13,5   04:12   1,2   1,4   0,0   0,0   0,0   00:00   ---
18  19,1  22,9   15:04  14,5   05:06   0,8   1,6   0,0   0,0   0,0   00:00   ---
19  22,0  25,7   13:26  17,9   06:48   0,0   3,7   0,0   0,0   0,0   00:00   ---
20  22,9  26,9   12:16  18,4   05:36   0,0   4,6   0,0   0,0   0,0   00:00   ---
21  23,2  27,8   11:16  18,9   05:28   0,0   4,9   0,0   0,0   0,0   00:00   ---
22  24,3  26,9   15:37  18,9   05:56   0,0   6,0   0,0   0,0   0,0   00:00   ---
23  24,4  26,9   00:00  17,8   20:03   0,0   6,0   0,0   0,0   0,0   00:00   ---
24  21,8  26,2   19:40  17,1   04:17   0,2   3,6   0,0   0,0   0,0   00:00   ---
25  24,0  27,3   16:48  19,0   05:04   0,0   5,7   0,0   0,0   0,0   00:00   ---
26  24,8  28,9   12:12  20,3   04:55   0,0   6,5   0,0   0,0  21,2   07:45    NE
27  26,0  29,1   11:52  21,3   05:41   0,0   7,7   0,0   0,0   0,0   00:00   ---
28  26,8  28,8   11:16  22,1   23:57   0,0   8,5   0,0   0,0   0,0   00:00   ---
29  24,9  29,1   13:29  20,0   04:09   0,0   6,6   0,0   0,0   0,0   00:00   ---
30  25,4  29,6   17:06  21,4   06:16   0,0   7,1   0,0   0,0   0,0   00:00   ---
31  25,3  29,2   11:54  20,4   05:32   0,0   7,0   0,0   0,0   0,4   21:34    NE
----------------------------------------------------------------------------------
    22,1  29,6    30    12,6    16     7,7 124,8   0,0   0,0  53,6    14      NE

Max >=  30,0:  0
Max <=   0,0:  0
Min <=   0,0:  0
Min <= -10,0:  0
Max Rain: 0,0 on day 0
Days of Rain: 0 (>= 0,0 mm)  0 (>= 2,2 mm)  0 (>= 70,0 mm)
Heat Base: 18,3  Cool Base: 18,3  Method: Integration